{"id":18524,"date":"2026-03-13T15:18:44","date_gmt":"2026-03-13T19:18:44","guid":{"rendered":"https:\/\/triplex.com.bo\/?post_type=product&#038;p=18524"},"modified":"2026-03-13T15:18:44","modified_gmt":"2026-03-13T19:18:44","slug":"celular-honor-x8d-256gb-8gb-ram","status":"publish","type":"product","link":"https:\/\/triplex.com.bo\/index.php\/product\/celular-honor-x8d-256gb-8gb-ram\/","title":{"rendered":"CELULAR HONOR X8D (256GB) 8GB RAM"},"content":{"rendered":"<p>El\u00a0<strong>Honor X8d<\/strong>\u00a0cuenta con una pantalla AMOLED de 6.77 pulgadas con 120Hz de refresco y est\u00e1 potenciado por un procesador Snapdragon 6s Gen 2 con 8GB de RAM y hasta 256GB de almacenamiento. Su c\u00e1mara dual es de 108MP con OIS, y se alimenta de una bater\u00eda de 7000 mAh con soporte para carga r\u00e1pida, completando sus caracter\u00edsticas con lector de huellas bajo pantalla, certificaci\u00f3n IP65 y Android 15.<\/p>\n<h2>Ficha t\u00e9cnica<\/h2>\n<table class=\"table table-striped\">\n<tbody>\n<tr>\n<td class=\"text-nowrap\">\u00a0<strong>Pantalla<\/strong><\/td>\n<td>6.77&#8243;, 1080 x 2392 pixels<\/td>\n<\/tr>\n<tr>\n<td class=\"text-nowrap\">\u00a0<strong>Procesador<\/strong><\/td>\n<td>Snapdragon 6s Gen 2 2.9GHz<\/td>\n<\/tr>\n<tr>\n<td class=\"text-nowrap\">\u00a0<strong>Memoria RAM<\/strong><\/td>\n<td>8GB<\/td>\n<\/tr>\n<tr>\n<td class=\"text-nowrap\">\u00a0<strong>Almacenamiento<\/strong><\/td>\n<td>128\/256GB<\/td>\n<\/tr>\n<tr>\n<td class=\"text-nowrap\">\u00a0<strong>Expansi\u00f3n<\/strong><\/td>\n<td>microSD<\/td>\n<\/tr>\n<tr>\n<td class=\"text-nowrap\">\u00a0<strong>C\u00e1mara<\/strong><\/td>\n<td>Dual, 108MP+5MP<\/td>\n<\/tr>\n<tr>\n<td class=\"text-nowrap\">\u00a0<strong>Bater\u00eda<\/strong><\/td>\n<td>7000 mAh<\/td>\n<\/tr>\n<tr>\n<td class=\"text-nowrap\">\u00a0<strong>OS<\/strong><\/td>\n<td>Android 15<\/td>\n<\/tr>\n<tr>\n<td class=\"text-nowrap\">\u00a0<strong>Perfil<\/strong><\/td>\n<td>7.5 mm<\/td>\n<\/tr>\n<tr>\n<td class=\"text-nowrap\">\u00a0<strong>Peso<\/strong><\/td>\n<td>188 g<\/td>\n<\/tr>\n<\/tbody>\n<\/table>\n<p>&nbsp;<\/p>\n<p>&nbsp;<\/p>\n<p><strong>*Nota: <\/strong>Las im\u00e1genes son meramente ilustrativas, las especificaciones del producto pueden diferir seg\u00fan la regi\u00f3n de compra.<\/p>\n","protected":false},"excerpt":{"rendered":"<p>El\u00a0Honor X8d\u00a0cuenta con una pantalla AMOLED de 6.77 pulgadas con 120Hz de refresco y est\u00e1 potenciado por un procesador Snapdragon 6s Gen 2 con 8GB de RAM y hasta 256GB de almacenamiento. Su c\u00e1mara dual es de 108MP con OIS, y se alimenta de una bater\u00eda de 7000 mAh con soporte para carga r\u00e1pida, completando [&hellip;]<\/p>\n","protected":false},"featured_media":18525,"comment_status":"open","ping_status":"closed","template":"","meta":{"_acf_changed":false},"pwb-brand":[356],"product_brand":[],"product_cat":[339,209,195],"product_tag":[],"class_list":{"0":"post-18524","1":"product","2":"type-product","3":"status-publish","4":"has-post-thumbnail","6":"pwb-brand-honor","7":"product_cat-tecnologia-celulares","8":"product_cat-ofertas-especiales","9":"product_cat-tecnologia","11":"first","12":"instock","13":"sale","14":"shipping-taxable","15":"purchasable","16":"product-type-simple"},"acf":[],"brands":[{"id":356,"name":"HONOR","slug":"honor"}],"_links":{"self":[{"href":"https:\/\/triplex.com.bo\/index.php\/wp-json\/wp\/v2\/product\/18524","targetHints":{"allow":["GET"]}}],"collection":[{"href":"https:\/\/triplex.com.bo\/index.php\/wp-json\/wp\/v2\/product"}],"about":[{"href":"https:\/\/triplex.com.bo\/index.php\/wp-json\/wp\/v2\/types\/product"}],"replies":[{"embeddable":true,"href":"https:\/\/triplex.com.bo\/index.php\/wp-json\/wp\/v2\/comments?post=18524"}],"wp:featuredmedia":[{"embeddable":true,"href":"https:\/\/triplex.com.bo\/index.php\/wp-json\/wp\/v2\/media\/18525"}],"wp:attachment":[{"href":"https:\/\/triplex.com.bo\/index.php\/wp-json\/wp\/v2\/media?parent=18524"}],"wp:term":[{"taxonomy":"pwb-brand","embeddable":true,"href":"https:\/\/triplex.com.bo\/index.php\/wp-json\/wp\/v2\/pwb-brand?post=18524"},{"taxonomy":"product_brand","embeddable":true,"href":"https:\/\/triplex.com.bo\/index.php\/wp-json\/wp\/v2\/product_brand?post=18524"},{"taxonomy":"product_cat","embeddable":true,"href":"https:\/\/triplex.com.bo\/index.php\/wp-json\/wp\/v2\/product_cat?post=18524"},{"taxonomy":"product_tag","embeddable":true,"href":"https:\/\/triplex.com.bo\/index.php\/wp-json\/wp\/v2\/product_tag?post=18524"}],"curies":[{"name":"wp","href":"https:\/\/api.w.org\/{rel}","templated":true}]}}