{"id":18276,"date":"2025-12-24T09:37:30","date_gmt":"2025-12-24T13:37:30","guid":{"rendered":"https:\/\/triplex.com.bo\/?post_type=product&#038;p=18276"},"modified":"2026-04-14T16:22:08","modified_gmt":"2026-04-14T20:22:08","slug":"tv-iffalcon-fhd-smart-40-google-tv","status":"publish","type":"product","link":"https:\/\/triplex.com.bo\/index.php\/product\/tv-iffalcon-fhd-smart-40-google-tv\/","title":{"rendered":"TV IFFALCON FHD SMART 40&#8243; GOOGLE TV (2025)"},"content":{"rendered":"<p>Siente la diferencia con la resoluci\u00f3n Full HD y la tecnolog\u00eda HDR 10 que realza cada detalle. Con su Smart Control, tendr\u00e1s el poder de controlar tu TV por voz y acceder f\u00e1cilmente a todas tus apps de entretenimiento. Ideal para quienes buscan comodidad y calidad en un solo equipo.<\/p>\n<p data-start=\"156\" data-end=\"206\"><strong data-start=\"162\" data-end=\"206\">Caracter\u00edsticas<\/strong><\/p>\n<ul class=\"ui-tabs-nav ui-helper-reset ui-helper-clearfix ui-widget-header ui-corner-all\" role=\"tablist\" data-start=\"208\" data-end=\"1172\">\n<li data-start=\"208\" data-end=\"253\">\n<p data-start=\"210\" data-end=\"253\">Tama\u00f1o de pantalla:\u00a0<strong data-start=\"230\" data-end=\"253\">40 pulgadas<\/strong><\/p>\n<\/li>\n<li data-start=\"254\" data-end=\"293\">\n<p data-start=\"256\" data-end=\"293\">Resoluci\u00f3n:\u00a0<strong id=\"DYLEOJ9\" data-start=\"268\" data-end=\"293\">FHD (1920 \u00d7 1080)<\/strong><\/p>\n<\/li>\n<li data-start=\"294\" data-end=\"342\">\n<p data-start=\"296\" data-end=\"342\">Panel:\u00a0<strong data-start=\"303\" data-end=\"342\">LED con retroiluminaci\u00f3n Direct\u2011LED<\/strong><\/p>\n<\/li>\n<li data-start=\"343\" data-end=\"383\">\n<p data-start=\"345\" data-end=\"383\">Frecuencia de actualizaci\u00f3n:\u00a0<strong data-start=\"374\" data-end=\"383\">60 Hz<\/strong><\/p>\n<\/li>\n<li data-start=\"384\" data-end=\"415\">\n<p data-start=\"386\" data-end=\"415\">Compatibilidad HDR:\u00a0<strong data-start=\"406\" data-end=\"415\">HDR10<\/strong><\/p>\n<\/li>\n<li data-start=\"416\" data-end=\"470\">\n<p data-start=\"418\" data-end=\"470\">Sistema operativo:\u00a0<strong data-start=\"437\" data-end=\"470\">Google TV (basado en Android)<\/strong><\/p>\n<\/li>\n<li data-start=\"471\" data-end=\"512\">\n<p data-start=\"473\" data-end=\"512\">Asistente por voz:\u00a0<strong data-start=\"492\" data-end=\"512\">Google Assistant<\/strong><\/p>\n<\/li>\n<li data-start=\"513\" data-end=\"562\">\n<p data-start=\"515\" data-end=\"562\">Conectividad inal\u00e1mbrica:\u00a0<strong data-start=\"541\" data-end=\"562\">Wi-Fi y Bluetooth<\/strong><\/p>\n<\/li>\n<li data-start=\"591\" data-end=\"618\">\n<p data-start=\"593\" data-end=\"618\">Audio:\u00a0<strong data-start=\"600\" data-end=\"618\">20 W (2 \u00d7 10 W)<\/strong><\/p>\n<\/li>\n<li data-start=\"619\" data-end=\"658\">\n<p data-start=\"621\" data-end=\"658\">Tecnolog\u00eda de sonido:\u00a0<strong data-start=\"643\" data-end=\"658\">Dolby Audio<\/strong><\/p>\n<\/li>\n<li data-start=\"659\" data-end=\"681\">\n<p data-start=\"661\" data-end=\"681\">Entradas HDMI:\u00a0<strong data-start=\"676\" data-end=\"681\">2<\/strong><\/p>\n<\/li>\n<li data-start=\"682\" data-end=\"702\">\n<p data-start=\"684\" data-end=\"702\">Puertos USB:\u00a0<strong data-start=\"697\" data-end=\"702\">1<\/strong><\/p>\n<\/li>\n<li data-start=\"961\" data-end=\"1006\">\n<p data-start=\"963\" data-end=\"1006\">Dimensiones sin base:<strong>\u00a0892 x 77 x 507\u00a0mm<\/strong><\/p>\n<\/li>\n<li data-start=\"1007\" data-end=\"1053\">\n<p data-start=\"1009\" data-end=\"1053\">Dimensiones con base:<strong>\u00a0892 x 184 x 558\u00a0mm<\/strong><\/p>\n<\/li>\n<li data-start=\"1054\" data-end=\"1105\">\n<p data-start=\"1056\" data-end=\"1105\">Peso:<strong>\u00a04.63 kg (sin base) \/\u00a0<span class=\"feature-item-value\">4.58\u00a0<\/span>kg (con base)<\/strong><\/p>\n<\/li>\n<\/ul>\n","protected":false},"excerpt":{"rendered":"<p>Televisor iFFALCON de 43&#8243; Smart<\/p>\n","protected":false},"featured_media":18128,"comment_status":"open","ping_status":"closed","template":"","meta":{"_acf_changed":false},"pwb-brand":[391],"product_brand":[],"product_cat":[209,178,284,137],"product_tag":[430],"class_list":{"0":"post-18276","1":"product","2":"type-product","3":"status-publish","4":"has-post-thumbnail","6":"pwb-brand-ifallcon","7":"product_cat-ofertas-especiales","8":"product_cat-tv-y-video-televisores","9":"product_cat-tv","10":"product_cat-audio","11":"product_tag-oferta","13":"first","14":"outofstock","15":"sale","16":"shipping-taxable","17":"purchasable","18":"product-type-simple"},"acf":[],"brands":[{"id":391,"name":"IFALLCON","slug":"ifallcon"}],"_links":{"self":[{"href":"https:\/\/triplex.com.bo\/index.php\/wp-json\/wp\/v2\/product\/18276","targetHints":{"allow":["GET"]}}],"collection":[{"href":"https:\/\/triplex.com.bo\/index.php\/wp-json\/wp\/v2\/product"}],"about":[{"href":"https:\/\/triplex.com.bo\/index.php\/wp-json\/wp\/v2\/types\/product"}],"replies":[{"embeddable":true,"href":"https:\/\/triplex.com.bo\/index.php\/wp-json\/wp\/v2\/comments?post=18276"}],"wp:featuredmedia":[{"embeddable":true,"href":"https:\/\/triplex.com.bo\/index.php\/wp-json\/wp\/v2\/media\/18128"}],"wp:attachment":[{"href":"https:\/\/triplex.com.bo\/index.php\/wp-json\/wp\/v2\/media?parent=18276"}],"wp:term":[{"taxonomy":"pwb-brand","embeddable":true,"href":"https:\/\/triplex.com.bo\/index.php\/wp-json\/wp\/v2\/pwb-brand?post=18276"},{"taxonomy":"product_brand","embeddable":true,"href":"https:\/\/triplex.com.bo\/index.php\/wp-json\/wp\/v2\/product_brand?post=18276"},{"taxonomy":"product_cat","embeddable":true,"href":"https:\/\/triplex.com.bo\/index.php\/wp-json\/wp\/v2\/product_cat?post=18276"},{"taxonomy":"product_tag","embeddable":true,"href":"https:\/\/triplex.com.bo\/index.php\/wp-json\/wp\/v2\/product_tag?post=18276"}],"curies":[{"name":"wp","href":"https:\/\/api.w.org\/{rel}","templated":true}]}}