{"id":18146,"date":"2025-12-05T17:24:34","date_gmt":"2025-12-05T21:24:34","guid":{"rendered":"https:\/\/triplex.com.bo\/?post_type=product&#038;p=18146"},"modified":"2026-03-31T10:48:21","modified_gmt":"2026-03-31T14:48:21","slug":"tv-haier-65-smart-hqled","status":"publish","type":"product","link":"https:\/\/triplex.com.bo\/index.php\/product\/tv-haier-65-smart-hqled\/","title":{"rendered":"TV HAIER 65&#8243; SMART HQLED"},"content":{"rendered":"<h2>Descripci\u00f3n<\/h2>\n<div class=\"product_imgtext_box main_con\">\n<div class=\"trs_customize_features fragment_Box\" data-temp=\"allScreenSup\">\n<div class=\"features_all_box sd_featureMoveBox sd_custom_style\">\n<div class=\"all_main_imgbox js_all_picture\">\n<div class=\"row\">\n<div class=\"col-md-12\">\n<p class=\"h2\">Exquisita visualizaci\u00f3n de im\u00e1genes.<\/p>\n<\/div>\n<div class=\"col-md-8\">\n<p>Haier TV presenta los peque\u00f1os detalles, mostr\u00e1ndote completamente un fest\u00edn visual tra\u00eddo por los 3840X 2160 p\u00edxeles.\u00a0HDR (Alto rango din\u00e1mico) puede mejorar el brillo sin perder los detalles del \u00e1rea oscura, mejorar a\u00fan m\u00e1s el contraste de la imagen para lograr un impacto visual impactante.<\/p>\n<p>HQLED con alto control de brillo y creaci\u00f3n de niveles de color sutiles, que pueden capturar todos los detalles y mostrar la profundidad del color.<\/p>\n<p class=\"h2\">Detalle en el campo oscuro<\/p>\n<p>Mejore el contraste din\u00e1mico a trav\u00e9s de la identificaci\u00f3n de software de fuentes de pel\u00edculas Micro Dimming analiza el contenido de la pantalla de TV con miles de zonas separadas, ajusta el brillo y la oscuridad. Optimice la calidad de la imagen para brindar una mejor experiencia de visualizaci\u00f3n, especialmente en la oscuridad.<\/p>\n<\/div>\n<\/div>\n<\/div>\n<\/div>\n<\/div>\n<\/div>\n","protected":false},"excerpt":{"rendered":"<p>Descripci\u00f3n Exquisita visualizaci\u00f3n de im\u00e1genes. Haier TV presenta los peque\u00f1os detalles, mostr\u00e1ndote completamente un fest\u00edn visual tra\u00eddo por los 3840X 2160 p\u00edxeles.\u00a0HDR (Alto rango din\u00e1mico) puede mejorar el brillo sin perder los detalles del \u00e1rea oscura, mejorar a\u00fan m\u00e1s el contraste de la imagen para lograr un impacto visual impactante. HQLED con alto control de [&hellip;]<\/p>\n","protected":false},"featured_media":18117,"comment_status":"open","ping_status":"closed","template":"","meta":{"_acf_changed":false},"pwb-brand":[438],"product_brand":[],"product_cat":[209,178,284,137],"product_tag":[],"class_list":{"0":"post-18146","1":"product","2":"type-product","3":"status-publish","4":"has-post-thumbnail","6":"pwb-brand-haier","7":"product_cat-ofertas-especiales","8":"product_cat-tv-y-video-televisores","9":"product_cat-tv","10":"product_cat-audio","12":"first","13":"instock","14":"sale","15":"shipping-taxable","16":"purchasable","17":"product-type-simple"},"acf":[],"brands":[{"id":438,"name":"haier","slug":"haier"}],"_links":{"self":[{"href":"https:\/\/triplex.com.bo\/index.php\/wp-json\/wp\/v2\/product\/18146","targetHints":{"allow":["GET"]}}],"collection":[{"href":"https:\/\/triplex.com.bo\/index.php\/wp-json\/wp\/v2\/product"}],"about":[{"href":"https:\/\/triplex.com.bo\/index.php\/wp-json\/wp\/v2\/types\/product"}],"replies":[{"embeddable":true,"href":"https:\/\/triplex.com.bo\/index.php\/wp-json\/wp\/v2\/comments?post=18146"}],"wp:featuredmedia":[{"embeddable":true,"href":"https:\/\/triplex.com.bo\/index.php\/wp-json\/wp\/v2\/media\/18117"}],"wp:attachment":[{"href":"https:\/\/triplex.com.bo\/index.php\/wp-json\/wp\/v2\/media?parent=18146"}],"wp:term":[{"taxonomy":"pwb-brand","embeddable":true,"href":"https:\/\/triplex.com.bo\/index.php\/wp-json\/wp\/v2\/pwb-brand?post=18146"},{"taxonomy":"product_brand","embeddable":true,"href":"https:\/\/triplex.com.bo\/index.php\/wp-json\/wp\/v2\/product_brand?post=18146"},{"taxonomy":"product_cat","embeddable":true,"href":"https:\/\/triplex.com.bo\/index.php\/wp-json\/wp\/v2\/product_cat?post=18146"},{"taxonomy":"product_tag","embeddable":true,"href":"https:\/\/triplex.com.bo\/index.php\/wp-json\/wp\/v2\/product_tag?post=18146"}],"curies":[{"name":"wp","href":"https:\/\/api.w.org\/{rel}","templated":true}]}}