{"id":17911,"date":"2025-10-27T12:13:40","date_gmt":"2025-10-27T16:13:40","guid":{"rendered":"https:\/\/triplex.com.bo\/?post_type=product&#038;p=17911"},"modified":"2026-03-15T01:38:09","modified_gmt":"2026-03-15T05:38:09","slug":"moto-akt-ak150-cs3-roja-2026","status":"publish","type":"product","link":"https:\/\/triplex.com.bo\/index.php\/product\/moto-akt-ak150-cs3-roja-2026\/","title":{"rendered":"MOTO AKT AK150 CS3 ROJA 2026"},"content":{"rendered":"<h3>Informaci\u00f3n T\u00e9cnica<\/h3>\n<p><b>Motorizaci\u00f3n y Rendimiento:<\/b><\/p>\n<ul>\n<li><b>Motor:<\/b> 4 tiempos CG OHV<\/li>\n<li><b>Cilindrada:<\/b> 150 CC<\/li>\n<li><b>Potencia:<\/b> 11.4 HP a 8000 RPM<\/li>\n<li><b>Torque M\u00e1ximo:<\/b> 10 NM a 7500 RPM<\/li>\n<li><b>Compresi\u00f3n:<\/b> 9.2:1<\/li>\n<li><b>Alimentaci\u00f3n:<\/b> Carburador<\/li>\n<li><b>Arranque:<\/b> El\u00e9ctrico y pedal<\/li>\n<li><b>Caja de Velocidades:<\/b> 5 Velocidades<\/li>\n<li><b>Consumo de Combustible:<\/b> 40 Km por litro (\u00a1S\u00faper econ\u00f3mica!)<\/li>\n<\/ul>\n<p><b>Chasis y Componentes:<\/b><\/p>\n<ul>\n<li><b>Freno Delantero:<\/b> Disco lobulado<\/li>\n<li><b>Freno Trasero:<\/b> Tambor<\/li>\n<li><b>Rueda Delantera:<\/b> 80 \/ 90 &#8211; 17<\/li>\n<li><b>Rueda Trasera:<\/b> 90 \/ 90 &#8211; 17<\/li>\n<li><b>Suspensi\u00f3n Delantera:<\/b> Telesc\u00f3pica hidr\u00e1ulica<\/li>\n<li><b>Suspensi\u00f3n Trasera:<\/b> Doble amortiguador regulable<\/li>\n<\/ul>\n<p><b>Dimensiones y Capacidad:<\/b><\/p>\n<ul>\n<li><b>Peso:<\/b> 118 Kg<\/li>\n<li><b>Capacidad de Tanque:<\/b> 15 Litros<\/li>\n<li><b>Dimensiones (Largo x Ancho x Alto):<\/b> 1990 x 780 x 1090 mm<\/li>\n<\/ul>\n","protected":false},"excerpt":{"rendered":"<p>Informaci\u00f3n T\u00e9cnica Motorizaci\u00f3n y Rendimiento: Motor: 4 tiempos CG OHV Cilindrada: 150 CC Potencia: 11.4 HP a 8000 RPM Torque M\u00e1ximo: 10 NM a 7500 RPM Compresi\u00f3n: 9.2:1 Alimentaci\u00f3n: Carburador Arranque: El\u00e9ctrico y pedal Caja de Velocidades: 5 Velocidades Consumo de Combustible: 40 Km por litro (\u00a1S\u00faper econ\u00f3mica!) Chasis y Componentes: Freno Delantero: Disco lobulado [&hellip;]<\/p>\n","protected":false},"featured_media":18100,"comment_status":"open","ping_status":"closed","template":"","meta":{"_acf_changed":false},"pwb-brand":[427],"product_brand":[],"product_cat":[345,209],"product_tag":[],"class_list":{"0":"post-17911","1":"product","2":"type-product","3":"status-publish","4":"has-post-thumbnail","6":"pwb-brand-akt","7":"product_cat-motos","8":"product_cat-ofertas-especiales","10":"first","11":"instock","12":"sale","13":"shipping-taxable","14":"purchasable","15":"product-type-simple"},"acf":[],"brands":[{"id":427,"name":"AKT","slug":"akt"}],"_links":{"self":[{"href":"https:\/\/triplex.com.bo\/index.php\/wp-json\/wp\/v2\/product\/17911","targetHints":{"allow":["GET"]}}],"collection":[{"href":"https:\/\/triplex.com.bo\/index.php\/wp-json\/wp\/v2\/product"}],"about":[{"href":"https:\/\/triplex.com.bo\/index.php\/wp-json\/wp\/v2\/types\/product"}],"replies":[{"embeddable":true,"href":"https:\/\/triplex.com.bo\/index.php\/wp-json\/wp\/v2\/comments?post=17911"}],"wp:featuredmedia":[{"embeddable":true,"href":"https:\/\/triplex.com.bo\/index.php\/wp-json\/wp\/v2\/media\/18100"}],"wp:attachment":[{"href":"https:\/\/triplex.com.bo\/index.php\/wp-json\/wp\/v2\/media?parent=17911"}],"wp:term":[{"taxonomy":"pwb-brand","embeddable":true,"href":"https:\/\/triplex.com.bo\/index.php\/wp-json\/wp\/v2\/pwb-brand?post=17911"},{"taxonomy":"product_brand","embeddable":true,"href":"https:\/\/triplex.com.bo\/index.php\/wp-json\/wp\/v2\/product_brand?post=17911"},{"taxonomy":"product_cat","embeddable":true,"href":"https:\/\/triplex.com.bo\/index.php\/wp-json\/wp\/v2\/product_cat?post=17911"},{"taxonomy":"product_tag","embeddable":true,"href":"https:\/\/triplex.com.bo\/index.php\/wp-json\/wp\/v2\/product_tag?post=17911"}],"curies":[{"name":"wp","href":"https:\/\/api.w.org\/{rel}","templated":true}]}}