{"id":17854,"date":"2025-10-20T09:50:26","date_gmt":"2025-10-20T13:50:26","guid":{"rendered":"https:\/\/triplex.com.bo\/?post_type=product&#038;p=17854"},"modified":"2025-12-23T22:44:33","modified_gmt":"2025-12-24T02:44:33","slug":"bicicleta-monark-romantic-aro-26-gris-claro","status":"publish","type":"product","link":"https:\/\/triplex.com.bo\/index.php\/product\/bicicleta-monark-romantic-aro-26-gris-claro\/","title":{"rendered":"BICICLETA MONARK ROMANTIC ARO 26&#8243; GRIS CLARO"},"content":{"rendered":"<ul>\n<li>Material Marco: Aluminio<\/li>\n<li>Medida del Aro: 26&#8243;<\/li>\n<li>Material del Aro: Aluminio<\/li>\n<li>Material del Tim\u00f3n: Aluminio<\/li>\n<li>Material de los Pedales: Aluminio con reflector<\/li>\n<li>Tipo de Frenos: V-Brake delantero y posterior<\/li>\n<li>Material de la palanca de Freno: Aluminio<\/li>\n<li>Velocidades: 6 velocidades<\/li>\n<li>Palanca de Cambios: Shimano Revoshift<\/li>\n<li>Descarrilador: Shimano \u2022 Incluye protector<\/li>\n<li>Pi\u00f1on: Shimano, 6 coronas<\/li>\n<li>Guardafango: Delantero y Posterior<\/li>\n<li>Parador: Central, Aluminio<\/li>\n<li>Asiento: Ergon\u00f3mico con resorte<\/li>\n<li>Llantas: 26 x 2.10<\/li>\n<li>Portapaquete: Si<\/li>\n<li>Canasta: Si<\/li>\n<li>Cubrecadena: Si, Metal<\/li>\n<li>Medida de la Caja (LargoxAnchoxAlto cm): 138x21x71 cm<\/li>\n<li>Medida del producto Armado (LargoxAnchoxAlto cm): 180x63x117 cm<\/li>\n<li>Peso Neto \/ Peso Bruto (Kg): 16 \/ 19 Kg<\/li>\n<li>Imagen referencial<\/li>\n<li>Garant\u00eda: Chasis (marco) y horquilla delantera de por vida, dem\u00e1s partes y componentes 01 a\u00f1o.<\/li>\n<li>Consideraciones: para hacer efectiva la garant\u00eda, debe presentar la boleta o factura de compra. La garant\u00eda quedar\u00e1 sin efecto si el equipo es manipulado o reparado por servicios t\u00e9cnicos no autorizados por Monark.<\/li>\n<\/ul>\n","protected":false},"excerpt":{"rendered":"<p>Material Marco: Aluminio Medida del Aro: 26&#8243; Material del Aro: Aluminio Material del Tim\u00f3n: Aluminio Material de los Pedales: Aluminio con reflector Tipo de Frenos: V-Brake delantero y posterior Material de la palanca de Freno: Aluminio Velocidades: 6 velocidades Palanca de Cambios: Shimano Revoshift Descarrilador: Shimano \u2022 Incluye protector Pi\u00f1on: Shimano, 6 coronas Guardafango: Delantero [&hellip;]<\/p>\n","protected":false},"featured_media":17849,"comment_status":"open","ping_status":"closed","template":"","meta":{"_acf_changed":false},"pwb-brand":[413],"product_brand":[],"product_cat":[15],"product_tag":[],"class_list":{"0":"post-17854","1":"product","2":"type-product","3":"status-publish","4":"has-post-thumbnail","6":"pwb-brand-monark","7":"product_cat-bicicletas","9":"first","10":"outofstock","11":"shipping-taxable","12":"purchasable","13":"product-type-simple"},"acf":[],"brands":[{"id":413,"name":"MONARK","slug":"monark"}],"_links":{"self":[{"href":"https:\/\/triplex.com.bo\/index.php\/wp-json\/wp\/v2\/product\/17854","targetHints":{"allow":["GET"]}}],"collection":[{"href":"https:\/\/triplex.com.bo\/index.php\/wp-json\/wp\/v2\/product"}],"about":[{"href":"https:\/\/triplex.com.bo\/index.php\/wp-json\/wp\/v2\/types\/product"}],"replies":[{"embeddable":true,"href":"https:\/\/triplex.com.bo\/index.php\/wp-json\/wp\/v2\/comments?post=17854"}],"wp:featuredmedia":[{"embeddable":true,"href":"https:\/\/triplex.com.bo\/index.php\/wp-json\/wp\/v2\/media\/17849"}],"wp:attachment":[{"href":"https:\/\/triplex.com.bo\/index.php\/wp-json\/wp\/v2\/media?parent=17854"}],"wp:term":[{"taxonomy":"pwb-brand","embeddable":true,"href":"https:\/\/triplex.com.bo\/index.php\/wp-json\/wp\/v2\/pwb-brand?post=17854"},{"taxonomy":"product_brand","embeddable":true,"href":"https:\/\/triplex.com.bo\/index.php\/wp-json\/wp\/v2\/product_brand?post=17854"},{"taxonomy":"product_cat","embeddable":true,"href":"https:\/\/triplex.com.bo\/index.php\/wp-json\/wp\/v2\/product_cat?post=17854"},{"taxonomy":"product_tag","embeddable":true,"href":"https:\/\/triplex.com.bo\/index.php\/wp-json\/wp\/v2\/product_tag?post=17854"}],"curies":[{"name":"wp","href":"https:\/\/api.w.org\/{rel}","templated":true}]}}