{"id":17694,"date":"2025-08-21T11:33:57","date_gmt":"2025-08-21T15:33:57","guid":{"rendered":"https:\/\/triplex.com.bo\/?post_type=product&#038;p=17694"},"modified":"2026-03-18T13:22:32","modified_gmt":"2026-03-18T17:22:32","slug":"licuadora-de-vidrio-2-vel-mademsa-negra","status":"publish","type":"product","link":"https:\/\/triplex.com.bo\/index.php\/product\/licuadora-de-vidrio-2-vel-mademsa-negra\/","title":{"rendered":"LICUADORA DE VIDRIO 2 VEL MADEMSA NEGRA"},"content":{"rendered":"<p>La combinaci\u00f3n de 2 velocidades m\u00e1s la funci\u00f3n Pulsar proporciona versatilidad y optimiza los<br \/>\nresultados de tus recetas. La jarra de vidrio es f\u00e1cil de limpiar, asegurando que cualquier residuo<br \/>\no aroma no quede de un trabajo realizado para el otro. Adem\u00e1s, su base antideslizante garantiza<br \/>\nestabilidad y seguridad mientras trabajas, evitando accidentes. Gracias a su estructura resistente<br \/>\ny cuchillas de alta calidad, la licuadora mejora la capacidad de tus preparaciones y te brinda<br \/>\ncondiciones superiores. Adem\u00e1s, la Licuadora Mademsa MBL20 se destaca por sus cuchillas de<br \/>\nacero inoxidable extremadamente afiladas que realizan mezclas y triturados con mucho m\u00e1s<br \/>\nprecisi\u00f3n<\/p>\n<p>400W de Potencia:<br \/>\nMezcla y licua con facilidad lo que quieras.<br \/>\nJarra de vidrio:<br \/>\n1,5 Litros de resistencia que es f\u00e1cil de limpiar y no absorbe olores.<br \/>\nAgilidad inigualable:<br \/>\n2 velocidades + bot\u00f3n Pulsar para resultados en tus misiones.<br \/>\nCuchillas de acero inoxidable:<br \/>\nCuatro cuchillas para mezclar y triturar sin preocupaciones.<br \/>\nBase antideslizante:<br \/>\nLa licuadora cuenta con base antideslizante para evitar accidentes y para que tengas la estabilidad<br \/>\nque necesitas.<br \/>\nLavable en lavavajillas:<br \/>\nFacilita la limpieza de la jarra<\/p>\n","protected":false},"excerpt":{"rendered":"<p>La combinaci\u00f3n de 2 velocidades m\u00e1s la funci\u00f3n Pulsar proporciona versatilidad y optimiza los resultados de tus recetas. La jarra de vidrio es f\u00e1cil de limpiar, asegurando que cualquier residuo o aroma no quede de un trabajo realizado para el otro. Adem\u00e1s, su base antideslizante garantiza estabilidad y seguridad mientras trabajas, evitando accidentes. Gracias a [&hellip;]<\/p>\n","protected":false},"featured_media":17695,"comment_status":"open","ping_status":"closed","template":"","meta":{"_acf_changed":false},"pwb-brand":[351],"product_brand":[],"product_cat":[157,165,209],"product_tag":[],"class_list":{"0":"post-17694","1":"product","2":"type-product","3":"status-publish","4":"has-post-thumbnail","6":"pwb-brand-mademsa","7":"product_cat-electromenor","8":"product_cat-electromenor-licuadoras","9":"product_cat-ofertas-especiales","11":"first","12":"instock","13":"sale","14":"shipping-taxable","15":"purchasable","16":"product-type-simple"},"acf":[],"brands":[{"id":351,"name":"MADEMSA","slug":"mademsa"}],"_links":{"self":[{"href":"https:\/\/triplex.com.bo\/index.php\/wp-json\/wp\/v2\/product\/17694","targetHints":{"allow":["GET"]}}],"collection":[{"href":"https:\/\/triplex.com.bo\/index.php\/wp-json\/wp\/v2\/product"}],"about":[{"href":"https:\/\/triplex.com.bo\/index.php\/wp-json\/wp\/v2\/types\/product"}],"replies":[{"embeddable":true,"href":"https:\/\/triplex.com.bo\/index.php\/wp-json\/wp\/v2\/comments?post=17694"}],"wp:featuredmedia":[{"embeddable":true,"href":"https:\/\/triplex.com.bo\/index.php\/wp-json\/wp\/v2\/media\/17695"}],"wp:attachment":[{"href":"https:\/\/triplex.com.bo\/index.php\/wp-json\/wp\/v2\/media?parent=17694"}],"wp:term":[{"taxonomy":"pwb-brand","embeddable":true,"href":"https:\/\/triplex.com.bo\/index.php\/wp-json\/wp\/v2\/pwb-brand?post=17694"},{"taxonomy":"product_brand","embeddable":true,"href":"https:\/\/triplex.com.bo\/index.php\/wp-json\/wp\/v2\/product_brand?post=17694"},{"taxonomy":"product_cat","embeddable":true,"href":"https:\/\/triplex.com.bo\/index.php\/wp-json\/wp\/v2\/product_cat?post=17694"},{"taxonomy":"product_tag","embeddable":true,"href":"https:\/\/triplex.com.bo\/index.php\/wp-json\/wp\/v2\/product_tag?post=17694"}],"curies":[{"name":"wp","href":"https:\/\/api.w.org\/{rel}","templated":true}]}}