{"id":17333,"date":"2025-06-02T10:48:01","date_gmt":"2025-06-02T14:48:01","guid":{"rendered":"https:\/\/triplex.com.bo\/?post_type=product&#038;p=17333"},"modified":"2026-03-04T17:45:01","modified_gmt":"2026-03-04T21:45:01","slug":"celular-honor-magic-200-lite-256gb-12gb-ram","status":"publish","type":"product","link":"https:\/\/triplex.com.bo\/index.php\/product\/celular-honor-magic-200-lite-256gb-12gb-ram\/","title":{"rendered":"CELULAR HONOR MAGIC 200 LITE 256GB 8GB RAM"},"content":{"rendered":"<h2><b>Especificaciones T\u00e9cnicas<\/b><\/h2>\n<p>&nbsp;<\/p>\n<h4>Sistema Operativo<\/h4>\n<ul>\n<li>Android 12, Magic UI 6.1<\/li>\n<li>Anunciado Abril 2024<\/li>\n<\/ul>\n<h4>Dimensiones<\/h4>\n<ul>\n<li>161.1 x 74.6 x 6.8 mm<\/li>\n<li>166 g<\/li>\n<li>Doble SIM \u00a0(Nano-SIM)<\/li>\n<\/ul>\n<h4>Pantalla<\/h4>\n<ul>\n<li>AMOLED, 90Hz<\/li>\n<li>Tama\u00f1o: 6.7 pulgadas<\/li>\n<li>Resoluci\u00f3n: 1080 x 2412 p\u00edxeles<\/li>\n<\/ul>\n<h4>Procesador<\/h4>\n<ul>\n<li>Mediatek Dimensity 6080 (6 nm)<\/li>\n<li>Octa-core 2*A76 2.4GHz + 6*A55 2.0GHz<\/li>\n<li>Mali G57<\/li>\n<\/ul>\n<h4>Memoria<\/h4>\n<ul>\n<li>Interna: 256GB<\/li>\n<li>RAM: 8GB<\/li>\n<li>MicroSD: Hibrido<\/li>\n<li>UFS 2.2<\/li>\n<\/ul>\n<h4>Camara Principal<\/h4>\n<ul>\n<li>C\u00e1mara principal de 108MP (f\/1.75)<\/li>\n<li>\u00a05MP (f\/2.2)+C\u00e1mara ancha y profunda<\/li>\n<li>\u00a0 2MP C\u00e1mara macro\u00a0(f\/2.4)<\/li>\n<li>Flash LED, HDR, panorama<\/li>\n<li>1080p@30fps<\/li>\n<\/ul>\n<h4>Camara Selfie<\/h4>\n<ul>\n<li>C\u00e1mara de 50MP (f\/2.1)<\/li>\n<li>Admite hasta 8,192 x 6,144 pixeles<\/li>\n<li>Admite hasta 1,080 x 1,920 pixeles video<\/li>\n<\/ul>\n<h4>Sonido<\/h4>\n<ul>\n<li>Altavoces est\u00e9reo<\/li>\n<li>Jack 3.5mm: No<\/li>\n<li>Entrada de Auriculares Tipo C<\/li>\n<li>Audio de 24 bits\/192 kHz<\/li>\n<\/ul>\n<h4>Conectividad<\/h4>\n<ul>\n<li>Wi-Fi 802.11 a\/b\/g\/n\/ac, doble banda, Wi-Fi Direct, punto de acceso<\/li>\n<li>Bluetooth 5.1<\/li>\n<li>GPS conGPS\/AGPS\/GLONASS\/BeiDou\/Galileo<\/li>\n<li>USB tipo C 2.0<\/li>\n<li>NFC<\/li>\n<\/ul>\n<h4>Sensores<\/h4>\n<ul>\n<li>Huella dactilar (montada Lateralmente)<\/li>\n<li>Compatible (aproximaci\u00f3n ultras\u00f3nica, sensor de aproximaci\u00f3n no f\u00edsica)<\/li>\n<li>Aceler\u00f3metro<\/li>\n<li>Br\u00fajula<\/li>\n<\/ul>\n<h4>Bateria<\/h4>\n<ul>\n<li>Li-Po 4500 mAh, no extra\u00edble<\/li>\n<li>Carga r\u00e1pida de 35W<\/li>\n<\/ul>\n<p><strong>Qu\u00e9 hay en la caja?\u00a0<\/strong><\/p>\n<p>Honor 200 Lite 5G \u00a0| cable USB tipo C \u00a0| Pin de expulsi\u00f3n<br \/>\n| Cargador HONOR 35w | Funda protectora de TPU<\/p>\n","protected":false},"excerpt":{"rendered":"<p>Especificaciones T\u00e9cnicas &nbsp; Sistema Operativo Android 12, Magic UI 6.1 Anunciado Abril 2024 Dimensiones 161.1 x 74.6 x 6.8 mm 166 g Doble SIM \u00a0(Nano-SIM) Pantalla AMOLED, 90Hz Tama\u00f1o: 6.7 pulgadas Resoluci\u00f3n: 1080 x 2412 p\u00edxeles Procesador Mediatek Dimensity 6080 (6 nm) Octa-core 2*A76 2.4GHz + 6*A55 2.0GHz Mali G57 Memoria Interna: 256GB RAM: 8GB [&hellip;]<\/p>\n","protected":false},"featured_media":17334,"comment_status":"open","ping_status":"closed","template":"","meta":{"_acf_changed":false},"pwb-brand":[356],"product_brand":[],"product_cat":[339,195],"product_tag":[],"class_list":{"0":"post-17333","1":"product","2":"type-product","3":"status-publish","4":"has-post-thumbnail","6":"pwb-brand-honor","7":"product_cat-tecnologia-celulares","8":"product_cat-tecnologia","10":"first","11":"outofstock","12":"shipping-taxable","13":"purchasable","14":"product-type-simple"},"acf":[],"brands":[{"id":356,"name":"HONOR","slug":"honor"}],"_links":{"self":[{"href":"https:\/\/triplex.com.bo\/index.php\/wp-json\/wp\/v2\/product\/17333","targetHints":{"allow":["GET"]}}],"collection":[{"href":"https:\/\/triplex.com.bo\/index.php\/wp-json\/wp\/v2\/product"}],"about":[{"href":"https:\/\/triplex.com.bo\/index.php\/wp-json\/wp\/v2\/types\/product"}],"replies":[{"embeddable":true,"href":"https:\/\/triplex.com.bo\/index.php\/wp-json\/wp\/v2\/comments?post=17333"}],"wp:featuredmedia":[{"embeddable":true,"href":"https:\/\/triplex.com.bo\/index.php\/wp-json\/wp\/v2\/media\/17334"}],"wp:attachment":[{"href":"https:\/\/triplex.com.bo\/index.php\/wp-json\/wp\/v2\/media?parent=17333"}],"wp:term":[{"taxonomy":"pwb-brand","embeddable":true,"href":"https:\/\/triplex.com.bo\/index.php\/wp-json\/wp\/v2\/pwb-brand?post=17333"},{"taxonomy":"product_brand","embeddable":true,"href":"https:\/\/triplex.com.bo\/index.php\/wp-json\/wp\/v2\/product_brand?post=17333"},{"taxonomy":"product_cat","embeddable":true,"href":"https:\/\/triplex.com.bo\/index.php\/wp-json\/wp\/v2\/product_cat?post=17333"},{"taxonomy":"product_tag","embeddable":true,"href":"https:\/\/triplex.com.bo\/index.php\/wp-json\/wp\/v2\/product_tag?post=17333"}],"curies":[{"name":"wp","href":"https:\/\/api.w.org\/{rel}","templated":true}]}}