{"id":17111,"date":"2025-04-10T11:56:32","date_gmt":"2025-04-10T15:56:32","guid":{"rendered":"https:\/\/triplex.com.bo\/?post_type=product&#038;p=17111"},"modified":"2026-02-20T21:16:32","modified_gmt":"2026-02-21T01:16:32","slug":"waflera-g594-ii-taurus","status":"publish","type":"product","link":"https:\/\/triplex.com.bo\/index.php\/product\/waflera-g594-ii-taurus\/","title":{"rendered":"WAFLERA G594 II TAURUS"},"content":{"rendered":"<ul>\n<li>1000 Watts<\/li>\n<li>Termostato regulable.<\/li>\n<li>Pies antideslizantes. Plata de cocci\u00f3n tama\u00f1o 8 pulgadas<\/li>\n<li>Funci\u00f3n giratoria para hornear y dorar de manera uniforme.<\/li>\n<li>Placa libre de PFOA<\/li>\n<li>Bandeja extra\u00edble<\/li>\n<li>Antiadherente<\/li>\n<\/ul>\n","protected":false},"excerpt":{"rendered":"<p>1000 Watts Termostato regulable. Pies antideslizantes. Plata de cocci\u00f3n tama\u00f1o 8 pulgadas Funci\u00f3n giratoria para hornear y dorar de manera uniforme. Placa libre de PFOA Bandeja extra\u00edble Antiadherente<\/p>\n","protected":false},"featured_media":17112,"comment_status":"open","ping_status":"closed","template":"","meta":{"_acf_changed":false},"pwb-brand":[293],"product_brand":[],"product_cat":[157,170],"product_tag":[],"class_list":{"0":"post-17111","1":"product","2":"type-product","3":"status-publish","4":"has-post-thumbnail","6":"pwb-brand-taurus","7":"product_cat-electromenor","8":"product_cat-electromenor-sandwicheras-wafleras","10":"first","11":"outofstock","12":"shipping-taxable","13":"purchasable","14":"product-type-simple"},"acf":[],"brands":[{"id":293,"name":"TAURUS","slug":"taurus"}],"_links":{"self":[{"href":"https:\/\/triplex.com.bo\/index.php\/wp-json\/wp\/v2\/product\/17111","targetHints":{"allow":["GET"]}}],"collection":[{"href":"https:\/\/triplex.com.bo\/index.php\/wp-json\/wp\/v2\/product"}],"about":[{"href":"https:\/\/triplex.com.bo\/index.php\/wp-json\/wp\/v2\/types\/product"}],"replies":[{"embeddable":true,"href":"https:\/\/triplex.com.bo\/index.php\/wp-json\/wp\/v2\/comments?post=17111"}],"wp:featuredmedia":[{"embeddable":true,"href":"https:\/\/triplex.com.bo\/index.php\/wp-json\/wp\/v2\/media\/17112"}],"wp:attachment":[{"href":"https:\/\/triplex.com.bo\/index.php\/wp-json\/wp\/v2\/media?parent=17111"}],"wp:term":[{"taxonomy":"pwb-brand","embeddable":true,"href":"https:\/\/triplex.com.bo\/index.php\/wp-json\/wp\/v2\/pwb-brand?post=17111"},{"taxonomy":"product_brand","embeddable":true,"href":"https:\/\/triplex.com.bo\/index.php\/wp-json\/wp\/v2\/product_brand?post=17111"},{"taxonomy":"product_cat","embeddable":true,"href":"https:\/\/triplex.com.bo\/index.php\/wp-json\/wp\/v2\/product_cat?post=17111"},{"taxonomy":"product_tag","embeddable":true,"href":"https:\/\/triplex.com.bo\/index.php\/wp-json\/wp\/v2\/product_tag?post=17111"}],"curies":[{"name":"wp","href":"https:\/\/api.w.org\/{rel}","templated":true}]}}