{"id":16228,"date":"2025-01-10T16:02:35","date_gmt":"2025-01-10T20:02:35","guid":{"rendered":"https:\/\/triplex.com.bo\/?post_type=product&#038;p=16228"},"modified":"2025-03-25T15:21:35","modified_gmt":"2025-03-25T19:21:35","slug":"lavadora-twintub-10-kg-indurama","status":"publish","type":"product","link":"https:\/\/triplex.com.bo\/index.php\/product\/lavadora-twintub-10-kg-indurama\/","title":{"rendered":"LAVADORA TWINTUB 10 KG INDURAMA"},"content":{"rendered":"<div class=\"vtex-store-components-3-x-specificationsTableContainer vtex-store-components-3-x-specificationsTableContainer--TabbersEspecificaction mt9 mt0-l pl8-l\">\n<table class=\"vtex-store-components-3-x-specificationsTable vtex-store-components-3-x-specificationsTable--TabbersEspecificaction w-100 bg-base border-collapse\">\n<tbody class=\"vtex-store-components-3-x-specificationsTableBody vtex-store-components-3-x-specificationsTableBody--TabbersEspecificaction\">\n<tr class=\"vtex-store-components-3-x-specificationsTableRow vtex-store-components-3-x-specificationsTableRow--TabbersEspecificaction\">\n<td class=\"vtex-store-components-3-x-specificationItemProperty vtex-store-components-3-x-specificationItemProperty--TabbersEspecificaction w-50 b--muted-4 bb pa5\" data-specification=\"Especificaciones generales\">Especificaciones generales<\/td>\n<td class=\"vtex-store-components-3-x-specificationItemSpecifications vtex-store-components-3-x-specificationItemSpecifications--TabbersEspecificaction w-50 b--muted-4 bb pa5\" data-specification=\"Informaci\u00f3n general \u2022 Disponible en blanco \u2022 Capacidad de lavado: 11Kg \u2022 Capacidad de centrifugado: 4,6 Kg \u2022 Lavadora semiautom\u00e1tica con Centrifugado plus Interior \u2022 Tambor pl\u00e1stico \u2022 Filtro atrapa pelusas. Funciones \u2022 4 niveles de volumen de agua \u2022 Selector de tiempo de lavado \u2022 Selector de tiempo de centrifugado \u2022 2 entradas de agua \u2022 Sistema de lavado por impulsor \u2022 2 motores independientes \u2022 2 programas de Lavado\">\n<div>Informaci\u00f3n general \u2022 Disponible en blanco \u2022 Capacidad de lavado: 11Kg \u2022 Capacidad de centrifugado: 4,6 Kg \u2022 Lavadora semiautom\u00e1tica con Centrifugado plus Interior \u2022 Tambor pl\u00e1stico \u2022 Filtro atrapa pelusas. Funciones \u2022 4 niveles de volumen de agua \u2022 Selector de tiempo de lavado \u2022 Selector de tiempo de centrifugado \u2022 2 entradas de agua \u2022 Sistema de lavado por impulsor \u2022 2 motores independientes \u2022 2 programas de Lavado<\/div>\n<\/td>\n<\/tr>\n<\/tbody>\n<\/table>\n<\/div>\n<div class=\"vtex-store-components-3-x-specificationsTableContainer vtex-store-components-3-x-specificationsTableContainer--TabbersEspecificaction mt9 mt0-l pl8-l\">\n<table class=\"vtex-store-components-3-x-specificationsTable vtex-store-components-3-x-specificationsTable--TabbersEspecificaction w-100 bg-base border-collapse\">\n<tbody class=\"vtex-store-components-3-x-specificationsTableBody vtex-store-components-3-x-specificationsTableBody--TabbersEspecificaction\">\n<tr class=\"vtex-store-components-3-x-specificationsTableRow vtex-store-components-3-x-specificationsTableRow--TabbersEspecificaction\">\n<td class=\"vtex-store-components-3-x-specificationItemProperty vtex-store-components-3-x-specificationItemProperty--TabbersEspecificaction w-50 b--muted-4 bb pa5\" data-specification=\"C\u00f3digo\">\n<div>C\u00f3digo<\/div>\n<\/td>\n<td class=\"vtex-store-components-3-x-specificationItemSpecifications vtex-store-components-3-x-specificationItemSpecifications--TabbersEspecificaction w-50 b--muted-4 bb pa5\" data-specification=\"10000346\">\n<div>10000346<\/div>\n<\/td>\n<\/tr>\n<tr class=\"vtex-store-components-3-x-specificationsTableRow vtex-store-components-3-x-specificationsTableRow--TabbersEspecificaction\">\n<td class=\"vtex-store-components-3-x-specificationItemProperty vtex-store-components-3-x-specificationItemProperty--TabbersEspecificaction w-50 b--muted-4 bb pa5\" data-specification=\"Color\">\n<div>Color<\/div>\n<\/td>\n<td class=\"vtex-store-components-3-x-specificationItemSpecifications vtex-store-components-3-x-specificationItemSpecifications--TabbersEspecificaction w-50 b--muted-4 bb pa5\" data-specification=\"Croma\">\n<div>Croma<\/div>\n<\/td>\n<\/tr>\n<tr class=\"vtex-store-components-3-x-specificationsTableRow vtex-store-components-3-x-specificationsTableRow--TabbersEspecificaction\">\n<td class=\"vtex-store-components-3-x-specificationItemProperty vtex-store-components-3-x-specificationItemProperty--TabbersEspecificaction w-50 b--muted-4 bb pa5\" data-specification=\"Categorias\">\n<div>Categorias<\/div>\n<\/td>\n<td class=\"vtex-store-components-3-x-specificationItemSpecifications vtex-store-components-3-x-specificationItemSpecifications--TabbersEspecificaction w-50 b--muted-4 bb pa5\" data-specification=\"Lavadora Semi Autom\u00e1tica\">\n<div>Lavadora Semi Autom\u00e1tica<\/div>\n<\/td>\n<\/tr>\n<tr class=\"vtex-store-components-3-x-specificationsTableRow vtex-store-components-3-x-specificationsTableRow--TabbersEspecificaction\">\n<td class=\"vtex-store-components-3-x-specificationItemProperty vtex-store-components-3-x-specificationItemProperty--TabbersEspecificaction w-50 b--muted-4 bb pa5\" data-specification=\"Medidas del producto\">\n<div>Medidas del producto<\/div>\n<\/td>\n<td class=\"vtex-store-components-3-x-specificationItemSpecifications vtex-store-components-3-x-specificationItemSpecifications--TabbersEspecificaction w-50 b--muted-4 bb pa5\" data-specification=\"MEDIDAS PRODUCTO Alto: 92.5cm Ancho: 82.7cm Profundidad: 48.5cm\">\n<div>MEDIDAS PRODUCTO Alto: 92.5cm Ancho: 82.7cm Profundidad: 48.5cm<\/div>\n<\/td>\n<\/tr>\n<tr class=\"vtex-store-components-3-x-specificationsTableRow vtex-store-components-3-x-specificationsTableRow--TabbersEspecificaction\">\n<td class=\"vtex-store-components-3-x-specificationItemProperty vtex-store-components-3-x-specificationItemProperty--TabbersEspecificaction w-50 b--muted-4 bb pa5\" data-specification=\"Garant\u00eda\">\n<div>Garant\u00eda<\/div>\n<\/td>\n<td class=\"vtex-store-components-3-x-specificationItemSpecifications vtex-store-components-3-x-specificationItemSpecifications--TabbersEspecificaction w-50 b--muted-4 bb pa5\" data-specification=\"Garant\u00eda: 1 a\u00f1o en el producto \u2022 Cobertura de servicio en m\u00e1s de 1000 puntos a nivel nacional. Instalaci\u00f3n el\u00e9ctrica \u2022 La conexi\u00f3n el\u00e9ctrica debe ser de 115V y debe poseer conexi\u00f3n a tierra (realizado por un t\u00e9cnico calificado). \u2022 El tomacorriente y el enchufe del producto debe ser tipo B y debe estar ubicado a una distancia m\u00e1xima de 1 metro del producto. Colocaci\u00f3n \u2022 Toma de agua fr\u00eda, tubo de 1\/2 pulgada con rosca de salida de 3\/4 de pulgada. \u2022 Tubo de desag\u00fce de 21\/2 pulgada, m\u00ednimo 90cm sobre el nivel del piso y m\u00e1ximo 120cm. \u2022 Piso firme y nivelado que no este expuesto a la intemperie ni a la luz solar.\">\n<div>Garant\u00eda: 1 a\u00f1o en el producto \u2022 Cobertura de servicio en m\u00e1s de 1000 puntos a nivel nacional. Instalaci\u00f3n el\u00e9ctrica \u2022 La conexi\u00f3n el\u00e9ctrica debe ser de 115V y debe poseer conexi\u00f3n a tierra (realizado por un t\u00e9cnico calificado). \u2022 El tomacorriente y el enchufe del producto debe ser tipo B y debe estar ubicado a una distancia m\u00e1xima de 1 metro del producto. Colocaci\u00f3n \u2022 Toma de agua fr\u00eda, tubo de 1\/2 pulgada con rosca de salida de 3\/4 de pulgada. \u2022 Tubo de desag\u00fce de 21\/2 pulgada, m\u00ednimo 90cm sobre el nivel del piso y m\u00e1ximo 120cm. \u2022 Piso firme y nivelado que no este expuesto a la intemperie ni a la luz solar.<\/div>\n<\/td>\n<\/tr>\n<\/tbody>\n<\/table>\n<\/div>\n","protected":false},"excerpt":{"rendered":"<p>Lavadora Semi Autom\u00e1tica 11kg. Prendas m\u00e1s secas, centrifugado plus. Materiales reforzados. Mayor potencia en el lavado con dos motores independientesLavadora Semi Autom\u00e1tica 11kg. Prendas m\u00e1s secas, centrifugado plus. Materiales reforzados. Mayor potencia en el lavado con dos motores independientes, 2 programas de lavado y 4 niveles de agua., 2 programas de lavado y 4 niveles de agua.<\/p>\n","protected":false},"featured_media":16230,"comment_status":"open","ping_status":"closed","template":"","meta":{"_acf_changed":false},"pwb-brand":[412],"product_brand":[],"product_cat":[190,189],"product_tag":[],"class_list":{"0":"post-16228","1":"product","2":"type-product","3":"status-publish","4":"has-post-thumbnail","6":"pwb-brand-indurama","7":"product_cat-lavanderia-combo","8":"product_cat-lavadoras-y-secadores","10":"first","11":"outofstock","12":"shipping-taxable","13":"purchasable","14":"product-type-simple"},"acf":[],"brands":[{"id":412,"name":"indurama","slug":"indurama"}],"_links":{"self":[{"href":"https:\/\/triplex.com.bo\/index.php\/wp-json\/wp\/v2\/product\/16228","targetHints":{"allow":["GET"]}}],"collection":[{"href":"https:\/\/triplex.com.bo\/index.php\/wp-json\/wp\/v2\/product"}],"about":[{"href":"https:\/\/triplex.com.bo\/index.php\/wp-json\/wp\/v2\/types\/product"}],"replies":[{"embeddable":true,"href":"https:\/\/triplex.com.bo\/index.php\/wp-json\/wp\/v2\/comments?post=16228"}],"wp:featuredmedia":[{"embeddable":true,"href":"https:\/\/triplex.com.bo\/index.php\/wp-json\/wp\/v2\/media\/16230"}],"wp:attachment":[{"href":"https:\/\/triplex.com.bo\/index.php\/wp-json\/wp\/v2\/media?parent=16228"}],"wp:term":[{"taxonomy":"pwb-brand","embeddable":true,"href":"https:\/\/triplex.com.bo\/index.php\/wp-json\/wp\/v2\/pwb-brand?post=16228"},{"taxonomy":"product_brand","embeddable":true,"href":"https:\/\/triplex.com.bo\/index.php\/wp-json\/wp\/v2\/product_brand?post=16228"},{"taxonomy":"product_cat","embeddable":true,"href":"https:\/\/triplex.com.bo\/index.php\/wp-json\/wp\/v2\/product_cat?post=16228"},{"taxonomy":"product_tag","embeddable":true,"href":"https:\/\/triplex.com.bo\/index.php\/wp-json\/wp\/v2\/product_tag?post=16228"}],"curies":[{"name":"wp","href":"https:\/\/api.w.org\/{rel}","templated":true}]}}