{"id":15852,"date":"2024-12-22T13:09:13","date_gmt":"2024-12-22T17:09:13","guid":{"rendered":"https:\/\/triplex.com.bo\/?post_type=product&#038;p=15852"},"modified":"2025-07-07T16:06:57","modified_gmt":"2025-07-07T20:06:57","slug":"moto-boxer-bm-150-ug-alloy","status":"publish","type":"product","link":"https:\/\/triplex.com.bo\/index.php\/product\/moto-boxer-bm-150-ug-alloy\/","title":{"rendered":"MOTO BOXER BM 150 UG ALLOY"},"content":{"rendered":"<div>Trabajadora y productiva: Dos rasgos que los tiene bien impregnados en su ADN esta Boxer de Bajaj. Ya sea para uso laboral o personal, esta chacarera te trasladar\u00e1 de manera eficiente y sin mayores complicaciones a tu siguiente destino. Si buscas una motocicleta fuerte y robusta, puede que ya la hayas encontrado.<\/div>\n<div><\/div>\n<div><strong>TABLERO<\/strong><\/div>\n<div>Anal\u00f3gico<\/div>\n<div>Veloc\u00edmetro<\/div>\n<div>Medidor de gasolina<\/div>\n<div>Indicador de marcha engranada<\/div>\n<div><\/div>\n<div><strong>ADICIONALES<\/strong><\/div>\n<div>Cargador USB<\/div>\n<div>Seguro de Timon<\/div>\n<div><\/div>\n<div><strong>MOTOR Y SISTEMA EL\u00c9CTRICO<\/strong><\/div>\n<div>Potente motor de 150 cent\u00edmetros c\u00fabicos refrigerado por aire. Se trata de un monocil\u00edndrico de eje de levas simple, el cual es muy eficiente a la aceleraci\u00f3n y entrega una tracci\u00f3n muy pareja tanto en altas como en bajas revoluciones. Creada para ser una moto de trabajo, la Boxer 150X UG ofrece una potencia envidiable dentro de su categor\u00eda.<\/div>\n<div><\/div>\n<div>Cilindrada:144.8cc<\/div>\n<div>Nro de cilindros: 1<\/div>\n<div>Potencia: 11.84HP<\/div>\n<div>Torque: 12.26Nm (5,000 RPM)<\/div>\n<div>Tipo de motor:\u00a0 4 tiempos OHC<\/div>\n<div>Di\u00e1metro por carrera: 56&#215;58.08 mm<\/div>\n<div>Sistema de enfriamiento: Aire<\/div>\n<div>Sistema de encendido: DC-CDI<\/div>\n<div>Sistema de arranque: El\u00e9ctrico y patada<\/div>\n<div><\/div>\n<div><strong>FRENOS<\/strong><\/div>\n<div>Al contar con frenos de tambor, estos ofrecen un mantenimiento mucho m\u00e1s sencillo y econ\u00f3mico que los frenos de disco. Adem\u00e1s, su sistema est\u00e1 protegido de agentes contaminantes y part\u00edculas que podr\u00edan da\u00f1arlo, asegurando de esta forma un frenado preciso en todo momento.<\/div>\n<div>Freno delantero 160mm.<\/div>\n<div>Tambor Mec\u00e1nico con zapatas expandibles<\/div>\n<div>Freno posterior\u00a0 160mm.<br \/>\nTambor Mec\u00e1nico con zapatas expandibles<\/div>\n<div><\/div>\n<div><strong>\u00a0<\/strong><\/div>\n<div><strong>AROS Y LLANTAS<\/strong><\/div>\n<div>Con aros de aleaci\u00f3n en ambas ruedas, la Boxer 150 ofrece seguridad y confianza al momento de ser conducida. Las llantas tienen una cocada medianamente pronunciada lo que le permite el paso por terrenos afirmados sin correr el riesgo a perder estabilidad o generar derrapes.<\/div>\n<div>Neum\u00e1tico delantero 80\/80\/17<\/div>\n<div>80 mm. (ancho)\/80% (perfil)\/17 pulgadas (di\u00e1metro)<\/div>\n<div>Neum\u00e1tico posterior 100\/90\/17<\/div>\n<div>100 mm. (ancho)\/90% (perfil)\/17 pulgadas (di\u00e1metro)<\/div>\n<div>Aro delantero Aleaci\u00f3nTubetype \/ Con c\u00e1mara<\/div>\n<div>Aro posterior Aleaci\u00f3nTubetype \/ Con c\u00e1mara<\/div>\n<div><\/div>\n<div><strong>\u00a0<\/strong><\/div>\n<div><strong>SUSPENSI\u00d3N<\/strong><\/div>\n<div>Cuenta con una suspensi\u00f3n robusta y de poco recorrido, ideal para cargar peso y a\u00fan mantener la firmeza y control que el piloto necesita para una conducci\u00f3n segura. Suspensi\u00f3n trasera SNS (spring in spring) que brinda una suspensi\u00f3n m\u00e1s absorbente y flexible para una experiencia de manejo mejorada en cualquier tipo de terreno sin importar que tan irregular sea este.<\/div>\n<div>Suspensi\u00f3n delantera Horquillas telesc\u00f3picas con protectores de caucho<\/div>\n<div>Suspensi\u00f3n posterior\u00a0 Amortiguadores laterales doble resorte<\/div>\n<div><\/div>\n<div><strong>CONSUMO Y RENDIMIENTOS<\/strong><\/div>\n<div>Podemos destacar algo en la Boxer 150 es su excelente combinaci\u00f3n de potencia y econom\u00eda. Su motor de 150 cent\u00edmetros c\u00fabicos entrega gran autonom\u00eda y resistencia para soportar las m\u00e1s duras jornadas de trabajo con gran eficiencia y bajo consumo. Con su tanque de 2.9 galones lleno, esta moto es capaz de recorrer 513 km.<\/div>\n<div>Octanaje 95<\/div>\n<div>Sistemas de combustible Distribuci\u00f3n por Carburador de un solo cuerpo<\/div>\n<div>Capacidad de tanque\u00a0 2.4galones<\/div>\n<div>Autonom\u00eda\u00a0 513.6<\/div>\n<div><\/div>\n<div><strong>TRANSMISI\u00d3N<\/strong><\/div>\n<div>Su transmisi\u00f3n mec\u00e1nica de 5 velocidades le permite alcanzar una velocidad m\u00e1xima de 100 km\/\/h. Sus cambios de tipo retorno son como la mayor\u00eda de las motos. El primer cambio es hacia abajo y todos los dem\u00e1s para arriba.<\/div>\n<div>Transmisi\u00f3n\u00a0 Mec\u00e1nica<\/div>\n<div>Nro de cambios\u00a0 5velocidades<\/div>\n<div>Velocidad m\u00e1xima A 100km\/h<\/div>\n<div><\/div>\n","protected":false},"excerpt":{"rendered":"<p>Trabajadora y productiva: Dos rasgos que los tiene bien impregnados en su ADN esta Boxer de Bajaj. Ya sea para uso laboral o personal, esta chacarera te trasladar\u00e1 de manera eficiente y sin mayores complicaciones a tu siguiente destino. Si buscas una motocicleta fuerte y robusta, puede que ya la hayas encontrado. TABLERO Anal\u00f3gico Veloc\u00edmetro [&hellip;]<\/p>\n","protected":false},"featured_media":15853,"comment_status":"open","ping_status":"closed","template":"","meta":{"_acf_changed":false},"pwb-brand":[418],"product_brand":[],"product_cat":[345],"product_tag":[],"class_list":{"0":"post-15852","1":"product","2":"type-product","3":"status-publish","4":"has-post-thumbnail","6":"pwb-brand-boxer","7":"product_cat-motos","9":"first","10":"outofstock","11":"shipping-taxable","12":"purchasable","13":"product-type-simple"},"acf":[],"brands":[{"id":418,"name":"BOXER","slug":"boxer"}],"_links":{"self":[{"href":"https:\/\/triplex.com.bo\/index.php\/wp-json\/wp\/v2\/product\/15852","targetHints":{"allow":["GET"]}}],"collection":[{"href":"https:\/\/triplex.com.bo\/index.php\/wp-json\/wp\/v2\/product"}],"about":[{"href":"https:\/\/triplex.com.bo\/index.php\/wp-json\/wp\/v2\/types\/product"}],"replies":[{"embeddable":true,"href":"https:\/\/triplex.com.bo\/index.php\/wp-json\/wp\/v2\/comments?post=15852"}],"wp:featuredmedia":[{"embeddable":true,"href":"https:\/\/triplex.com.bo\/index.php\/wp-json\/wp\/v2\/media\/15853"}],"wp:attachment":[{"href":"https:\/\/triplex.com.bo\/index.php\/wp-json\/wp\/v2\/media?parent=15852"}],"wp:term":[{"taxonomy":"pwb-brand","embeddable":true,"href":"https:\/\/triplex.com.bo\/index.php\/wp-json\/wp\/v2\/pwb-brand?post=15852"},{"taxonomy":"product_brand","embeddable":true,"href":"https:\/\/triplex.com.bo\/index.php\/wp-json\/wp\/v2\/product_brand?post=15852"},{"taxonomy":"product_cat","embeddable":true,"href":"https:\/\/triplex.com.bo\/index.php\/wp-json\/wp\/v2\/product_cat?post=15852"},{"taxonomy":"product_tag","embeddable":true,"href":"https:\/\/triplex.com.bo\/index.php\/wp-json\/wp\/v2\/product_tag?post=15852"}],"curies":[{"name":"wp","href":"https:\/\/api.w.org\/{rel}","templated":true}]}}