{"id":15846,"date":"2024-12-22T13:00:02","date_gmt":"2024-12-22T17:00:02","guid":{"rendered":"https:\/\/triplex.com.bo\/?post_type=product&#038;p=15846"},"modified":"2026-03-04T18:02:31","modified_gmt":"2026-03-04T22:02:31","slug":"cepillo-babyliss-3-5-hot-air-brush-3-5","status":"publish","type":"product","link":"https:\/\/triplex.com.bo\/index.php\/product\/cepillo-babyliss-3-5-hot-air-brush-3-5\/","title":{"rendered":"CEPILLO BABYLISS 3.5&#8243; HOT AIR BRUSH"},"content":{"rendered":"<div>CARACTERISTICAS<\/div>\n<div><\/div>\n<div>Este cepillo giratorio de aire caliente ser\u00e1 su nueva herramienta de peinado y acabado. El flujo de aire c\u00e1lido calibrado con precisi\u00f3n funciona con nuestra mezcla de cerdas antiest\u00e1ticas para brindar volumen y brillo a nivel de sal\u00f3n. Consulte el manual del usuario para conocer los pasos de soluci\u00f3n de problemas.<\/div>\n<div><\/div>\n<div>Este cepillo calentado tiene un mango y controles ergon\u00f3micos. El cilindro giratorio se mueve hacia adelante y hacia atr\u00e1s para facilitar el peinado.<\/div>\n<div><\/div>\n<div>Modo de uso<\/div>\n<div>Utilice el cepillo giratorio de aire caliente BaBylissPRO Nano Titanium como herramienta de acabado para un peinado con calidad de sal\u00f3n en casa.<\/div>\n<div>Nuestro Cumplimiento y Calidad es nuestra mejor presentaci\u00f3n, Productos 100% Originales!<br \/>\nCompra con la seguridad que recibir\u00e1s toda la asesor\u00eda de expertos T\u00e9cnicos Capilares certificados en cuidado, prevenci\u00f3n y est\u00e9tica.<br \/>\nMECHU2 PELUQUER\u00cdAS<\/div>\n","protected":false},"excerpt":{"rendered":"<p>CARACTERISTICAS Este cepillo giratorio de aire caliente ser\u00e1 su nueva herramienta de peinado y acabado. El flujo de aire c\u00e1lido calibrado con precisi\u00f3n funciona con nuestra mezcla de cerdas antiest\u00e1ticas para brindar volumen y brillo a nivel de sal\u00f3n. Consulte el manual del usuario para conocer los pasos de soluci\u00f3n de problemas. Este cepillo calentado [&hellip;]<\/p>\n","protected":false},"featured_media":15848,"comment_status":"open","ping_status":"closed","template":"","meta":{"_acf_changed":false},"pwb-brand":[397],"product_brand":[],"product_cat":[188],"product_tag":[],"class_list":{"0":"post-15846","1":"product","2":"type-product","3":"status-publish","4":"has-post-thumbnail","6":"pwb-brand-babyliss","7":"product_cat-cuidado-personal","9":"first","10":"instock","11":"shipping-taxable","12":"purchasable","13":"product-type-simple"},"acf":[],"brands":[{"id":397,"name":"Babyliss","slug":"babyliss"}],"_links":{"self":[{"href":"https:\/\/triplex.com.bo\/index.php\/wp-json\/wp\/v2\/product\/15846","targetHints":{"allow":["GET"]}}],"collection":[{"href":"https:\/\/triplex.com.bo\/index.php\/wp-json\/wp\/v2\/product"}],"about":[{"href":"https:\/\/triplex.com.bo\/index.php\/wp-json\/wp\/v2\/types\/product"}],"replies":[{"embeddable":true,"href":"https:\/\/triplex.com.bo\/index.php\/wp-json\/wp\/v2\/comments?post=15846"}],"wp:featuredmedia":[{"embeddable":true,"href":"https:\/\/triplex.com.bo\/index.php\/wp-json\/wp\/v2\/media\/15848"}],"wp:attachment":[{"href":"https:\/\/triplex.com.bo\/index.php\/wp-json\/wp\/v2\/media?parent=15846"}],"wp:term":[{"taxonomy":"pwb-brand","embeddable":true,"href":"https:\/\/triplex.com.bo\/index.php\/wp-json\/wp\/v2\/pwb-brand?post=15846"},{"taxonomy":"product_brand","embeddable":true,"href":"https:\/\/triplex.com.bo\/index.php\/wp-json\/wp\/v2\/product_brand?post=15846"},{"taxonomy":"product_cat","embeddable":true,"href":"https:\/\/triplex.com.bo\/index.php\/wp-json\/wp\/v2\/product_cat?post=15846"},{"taxonomy":"product_tag","embeddable":true,"href":"https:\/\/triplex.com.bo\/index.php\/wp-json\/wp\/v2\/product_tag?post=15846"}],"curies":[{"name":"wp","href":"https:\/\/api.w.org\/{rel}","templated":true}]}}