{"id":15548,"date":"2024-10-25T12:11:40","date_gmt":"2024-10-25T16:11:40","guid":{"rendered":"https:\/\/triplex.com.bo\/?post_type=product&#038;p=15548"},"modified":"2026-02-14T18:10:54","modified_gmt":"2026-02-14T22:10:54","slug":"samsung-a55-5g-256-8-ram","status":"publish","type":"product","link":"https:\/\/triplex.com.bo\/index.php\/product\/samsung-a55-5g-256-8-ram\/","title":{"rendered":"CELULAR 5G A55 256 8 RAM"},"content":{"rendered":"<div><b>El metal se combina con el vidrio, asombroso<\/b><\/div>\n<div><\/div>\n<div>Conoce el Galaxy A55 5G. La serie Galaxy A simple pero mejorada cuenta con un dise\u00f1o ic\u00f3nico de una disposici\u00f3n de 3 c\u00e1maras en un dise\u00f1o de marco plano de metal para un agarre f\u00e1cil e intuitivo. Adem\u00e1s, est\u00e1 fabricado con Corning\u00ae Gorilla\u00ae Glass Victus\u00ae+, lo que lo hace m\u00e1s resistente y resistente a los da\u00f1os.<\/div>\n<div><\/div>\n<div><b>Fotos asombrosas incluso con poca luz<\/b><\/div>\n<div><\/div>\n<div>La c\u00e1mara de p\u00edxeles grandes absorbe m\u00e1s luz para obtener colores brillantes, n\u00edtidos y precisos con bajo ruido por la noche a fin de ofrecerte una c\u00e1mara nocturna asombrosa.<\/div>\n<div><\/div>\n<div><b>50 MP de colores y detalles vibrantes<\/b><\/div>\n<div><\/div>\n<div>Captura tomas n\u00edtidas y detalladas con la c\u00e1mara de \u00e1ngulo amplio de alta resoluci\u00f3n de 50 MP. Captura peque\u00f1os detalles y colores din\u00e1micos para una nueva experiencia visual. Perfecto para capturar todos tus momentos dignos de compartir.<\/div>\n<div><\/div>\n<div><b>Videos super HDR incluso en condiciones de luminosidad complejas<\/b><\/div>\n<div><\/div>\n<div>Captura el mundo en Super HDR con videos que brillan en diferentes condiciones de luminosidad, gracias a un color y contraste optimizados. Graba un movimiento preciso y suave con estabilizaci\u00f3n OIS y VDIS en 4K.<\/div>\n<div><\/div>\n<div><b>Captura tu mejor lado<\/b><\/div>\n<div><\/div>\n<div>La c\u00e1mara de selfie de 32 MP te permite capturar selfies de alta calidad con opciones para elegir tonos c\u00e1lidos o naturales. Utiliza el modo Retrato para mejorar tus im\u00e1genes, definir el enfoque en el tema con efectos bokeh y de desenfoque de fondo precisos.<\/div>\n<div><\/div>\n<div><b>Pantalla envolvente y n\u00edtida<\/b><\/div>\n<div><\/div>\n<div>La pantalla Super AMOLED FHD+ de 6.6 pulgadas ofrece una experiencia envolvente. Vision Booster mejora la visibilidad al optimizar el color y el contraste bajo el sol. Obt\u00e9n una pantalla v\u00edvida con 1000 nits. Y una frecuencia de actualizaci\u00f3n adaptable de hasta 120 Hz para una experiencia m\u00e1s receptiva.<\/div>\n<div><\/div>\n<div><b>Potencia tu d\u00eda con la bater\u00eda que dura 2 d\u00edas<\/b><\/div>\n<div><\/div>\n<div>Potencia sin l\u00edmites al alcance de tu mano gracias a nuestra bater\u00eda de carga super r\u00e1pida de 5000 mAh (t\u00edpica). Mantente conectado por m\u00e1s tiempo, carga m\u00e1s r\u00e1pido y vive la vida a tu manera.<\/div>\n<div><\/div>\n<div><b>Especificaciones<\/b><\/div>\n<div>\n<ul>\n<li>Pantalla Tama\u00f1o: 6.6 pulgadas FHD+<\/li>\n<li>Pantalla: Super AMOLED<\/li>\n<li>Tasa refresco: 120Hz, Vision Booster, 1.000 nits<\/li>\n<li>Procesador: Samsung Exynos 1480<\/li>\n<li>Memorias: 8GB + 256GB<\/li>\n<li>Bater\u00edas: 5.000mAh, 25W<\/li>\n<li>C\u00e1mara trasera: 50 MP principal, f\/1.8, OIS, 12 MP Ultra gran angular, f\/2.2, 5 MP c\u00e1mara macro, f\/2.4<\/li>\n<li>C\u00e1mara delantera: 32 MP, f\/2.2<\/li>\n<li>Conectividad: 5G SA\/NSA<\/li>\n<li>Sistema: Android 14, One UI 6.1<\/li>\n<\/ul>\n<\/div>\n","protected":false},"excerpt":{"rendered":"<p>El metal se combina con el vidrio, asombroso Conoce el Galaxy A55 5G. La serie Galaxy A simple pero mejorada cuenta con un dise\u00f1o ic\u00f3nico de una disposici\u00f3n de 3 c\u00e1maras en un dise\u00f1o de marco plano de metal para un agarre f\u00e1cil e intuitivo. Adem\u00e1s, est\u00e1 fabricado con Corning\u00ae Gorilla\u00ae Glass Victus\u00ae+, lo que [&hellip;]<\/p>\n","protected":false},"featured_media":15549,"comment_status":"open","ping_status":"closed","template":"","meta":{"_acf_changed":false},"pwb-brand":[369],"product_brand":[],"product_cat":[339,195],"product_tag":[],"class_list":{"0":"post-15548","1":"product","2":"type-product","3":"status-publish","4":"has-post-thumbnail","6":"pwb-brand-samsung","7":"product_cat-tecnologia-celulares","8":"product_cat-tecnologia","10":"first","11":"outofstock","12":"shipping-taxable","13":"purchasable","14":"product-type-simple"},"acf":[],"brands":[{"id":369,"name":"SAMSUNG","slug":"samsung"}],"_links":{"self":[{"href":"https:\/\/triplex.com.bo\/index.php\/wp-json\/wp\/v2\/product\/15548","targetHints":{"allow":["GET"]}}],"collection":[{"href":"https:\/\/triplex.com.bo\/index.php\/wp-json\/wp\/v2\/product"}],"about":[{"href":"https:\/\/triplex.com.bo\/index.php\/wp-json\/wp\/v2\/types\/product"}],"replies":[{"embeddable":true,"href":"https:\/\/triplex.com.bo\/index.php\/wp-json\/wp\/v2\/comments?post=15548"}],"wp:featuredmedia":[{"embeddable":true,"href":"https:\/\/triplex.com.bo\/index.php\/wp-json\/wp\/v2\/media\/15549"}],"wp:attachment":[{"href":"https:\/\/triplex.com.bo\/index.php\/wp-json\/wp\/v2\/media?parent=15548"}],"wp:term":[{"taxonomy":"pwb-brand","embeddable":true,"href":"https:\/\/triplex.com.bo\/index.php\/wp-json\/wp\/v2\/pwb-brand?post=15548"},{"taxonomy":"product_brand","embeddable":true,"href":"https:\/\/triplex.com.bo\/index.php\/wp-json\/wp\/v2\/product_brand?post=15548"},{"taxonomy":"product_cat","embeddable":true,"href":"https:\/\/triplex.com.bo\/index.php\/wp-json\/wp\/v2\/product_cat?post=15548"},{"taxonomy":"product_tag","embeddable":true,"href":"https:\/\/triplex.com.bo\/index.php\/wp-json\/wp\/v2\/product_tag?post=15548"}],"curies":[{"name":"wp","href":"https:\/\/api.w.org\/{rel}","templated":true}]}}