{"id":15545,"date":"2024-10-25T12:05:04","date_gmt":"2024-10-25T16:05:04","guid":{"rendered":"https:\/\/triplex.com.bo\/?post_type=product&#038;p=15545"},"modified":"2025-05-20T10:03:11","modified_gmt":"2025-05-20T14:03:11","slug":"samsung-a35-5g-256-8-ram","status":"publish","type":"product","link":"https:\/\/triplex.com.bo\/index.php\/product\/samsung-a35-5g-256-8-ram\/","title":{"rendered":"SAMSUNG A35 5G 256\/8 RAM"},"content":{"rendered":"<div><b>ncre\u00edble por dentro y por fuera<\/b><\/div>\n<div><\/div>\n<div>Una deliciosa combinaci\u00f3n de simplicidad y placer. El ic\u00f3nico dise\u00f1o del Galaxy A35 5G cuenta con una distribuci\u00f3n lineal de las c\u00e1maras encerradas en un elegante respaldo de vidrio y un marco lateral plano para una apariencia y sensaci\u00f3n elegantes.<\/div>\n<div><\/div>\n<div><b>La belleza est\u00e1 en los detalles<\/b><\/div>\n<div><\/div>\n<div>Captura hermosas fotos con la c\u00e1mara gran angular de alta resoluci\u00f3n de 50 MP. El color v\u00edvido y los detalles te dar\u00e1n fotos impresionantes que vale la pena compartir.<\/div>\n<div><\/div>\n<div><b>Impresionantes fotos incluso en la oscuridad<\/b><\/div>\n<div><\/div>\n<div>La c\u00e1mara nocturna se volvi\u00f3 divertida. El Galaxy A35 5G viene con una NPU mejorada y un sensor mejorado que deja las fotos claras con detalles incluso en la oscuridad. Desde paisajes nocturnos hasta retratos nocturnos, capturar\u00e1s m\u00e1s detalles en cada toma.<\/div>\n<div><\/div>\n<div><b>Graba videos claros y estables<\/b><\/div>\n<div><\/div>\n<div>Con Super HDR, puede obtener colores intensos, videos claros y una mejor visibilidad en una variedad de condiciones de luminosidad. Junto con OIS y VDIS, obtienes videos sin problemas mientras filma en movimiento.<\/div>\n<div><\/div>\n<div><b>El poder est\u00e1 en tus manos<\/b><\/div>\n<div><\/div>\n<div>Desbloquea la potencia del procesador Octa-core con GPU y NPU mejoradas, lo que hace que realizar m\u00faltiples tareas, jugar y transmitir sea muy f\u00e1cil. El Galaxy A35 5G cuenta con un gran sistema de refrigeraci\u00f3n de Vapor Chamber que est\u00e1 listo para realizar casi cualquier tarea. Almacenamiento interno de 256 GB y compatible con una ranura para tarjeta microSD de hasta 1 TB.<\/div>\n<div><\/div>\n<div><b>Especificaciones<\/b><\/div>\n<div>\n<ul>\n<li>Pantalla Tama\u00f1o: 6.6 pulgadas FHD+<\/li>\n<li>Pantalla: Super AMOLED<\/li>\n<li>Tasa refresco: 120Hz, Vision Booster, 1.000 nits<\/li>\n<li>Procesador: Samsung Exynos 1380<\/li>\n<li>Memorias: 8GB + 256GB<\/li>\n<li>Bater\u00eda: 5.000mAh, 25W<\/li>\n<li>C\u00e1mara Trasera:\u00a0 50 MP principal, f\/1.8, OIS, 8 MP Ultra gran angular, f\/2.2, 5 MP c\u00e1mara macro, f\/2.4<\/li>\n<li>C\u00e1mara delantera: 13 MP, f\/2.2<\/li>\n<li>Conectividad: 5G SA\/NSA<\/li>\n<li>Sistema: Android 14, One UI 6.1<\/li>\n<\/ul>\n<\/div>\n","protected":false},"excerpt":{"rendered":"<p>ncre\u00edble por dentro y por fuera Una deliciosa combinaci\u00f3n de simplicidad y placer. El ic\u00f3nico dise\u00f1o del Galaxy A35 5G cuenta con una distribuci\u00f3n lineal de las c\u00e1maras encerradas en un elegante respaldo de vidrio y un marco lateral plano para una apariencia y sensaci\u00f3n elegantes. La belleza est\u00e1 en los detalles Captura hermosas fotos [&hellip;]<\/p>\n","protected":false},"featured_media":15546,"comment_status":"open","ping_status":"closed","template":"","meta":{"_acf_changed":false},"pwb-brand":[369],"product_brand":[],"product_cat":[339,195],"product_tag":[],"class_list":{"0":"post-15545","1":"product","2":"type-product","3":"status-publish","4":"has-post-thumbnail","6":"pwb-brand-samsung","7":"product_cat-tecnologia-celulares","8":"product_cat-tecnologia","10":"first","11":"outofstock","12":"shipping-taxable","13":"purchasable","14":"product-type-simple"},"acf":[],"brands":[{"id":369,"name":"SAMSUNG","slug":"samsung"}],"_links":{"self":[{"href":"https:\/\/triplex.com.bo\/index.php\/wp-json\/wp\/v2\/product\/15545","targetHints":{"allow":["GET"]}}],"collection":[{"href":"https:\/\/triplex.com.bo\/index.php\/wp-json\/wp\/v2\/product"}],"about":[{"href":"https:\/\/triplex.com.bo\/index.php\/wp-json\/wp\/v2\/types\/product"}],"replies":[{"embeddable":true,"href":"https:\/\/triplex.com.bo\/index.php\/wp-json\/wp\/v2\/comments?post=15545"}],"wp:featuredmedia":[{"embeddable":true,"href":"https:\/\/triplex.com.bo\/index.php\/wp-json\/wp\/v2\/media\/15546"}],"wp:attachment":[{"href":"https:\/\/triplex.com.bo\/index.php\/wp-json\/wp\/v2\/media?parent=15545"}],"wp:term":[{"taxonomy":"pwb-brand","embeddable":true,"href":"https:\/\/triplex.com.bo\/index.php\/wp-json\/wp\/v2\/pwb-brand?post=15545"},{"taxonomy":"product_brand","embeddable":true,"href":"https:\/\/triplex.com.bo\/index.php\/wp-json\/wp\/v2\/product_brand?post=15545"},{"taxonomy":"product_cat","embeddable":true,"href":"https:\/\/triplex.com.bo\/index.php\/wp-json\/wp\/v2\/product_cat?post=15545"},{"taxonomy":"product_tag","embeddable":true,"href":"https:\/\/triplex.com.bo\/index.php\/wp-json\/wp\/v2\/product_tag?post=15545"}],"curies":[{"name":"wp","href":"https:\/\/api.w.org\/{rel}","templated":true}]}}