{"id":15251,"date":"2024-07-08T11:10:45","date_gmt":"2024-07-08T15:10:45","guid":{"rendered":"https:\/\/triplex.com.bo\/?post_type=product&#038;p=15251"},"modified":"2026-04-08T14:37:55","modified_gmt":"2026-04-08T18:37:55","slug":"refrigerador-4-puertas-474ltrs-white-westinghouse","status":"publish","type":"product","link":"https:\/\/triplex.com.bo\/index.php\/product\/refrigerador-4-puertas-474ltrs-white-westinghouse\/","title":{"rendered":"REFRIGERADOR 4 PUERTAS 474LTS WHITE WESTINGHOUSE"},"content":{"rendered":"<ul>\n<li>Tecnolog\u00eda No Frost: Nunca m\u00e1s tendr\u00e1s que descongelar.<\/li>\n<li>Ahorro de energ\u00eda: A+<\/li>\n<li>Iluminaci\u00f3n LED: brillante, eficiente y de larga duraci\u00f3n.<\/li>\n<li>Panel Touch Control digital: preciso y f\u00e1cil de usar.<\/li>\n<\/ul>\n<p>Los refrigeradores Multi-Door White Westinghouse cuentan con un dise\u00f1o de vanguardia Exclusivo que se adapta armoniosamente a cualquier cocina moderna. Su elegante acabado Inox crea un aspecto limpio y contempor\u00e1neo.<\/p>\n<h5><strong>Tecnolog\u00eda No Frost\u00a0<\/strong>100% libre de escarcha<\/h5>\n<h2><strong>Caracter\u00edsticas<\/strong><\/h2>\n<ul>\n<li>Luz LED interior<\/li>\n<li>Flujo de aire m\u00faltiple.<\/li>\n<li><strong>A + ahorro de energ\u00eda<\/strong>\u00a0y bajo ruido.<\/li>\n<li>Funci\u00f3n de Bloqueo para ni\u00f1os.<\/li>\n<li>Modo de alarma de apertura de puerta<\/li>\n<li>Control electr\u00f3nico con pantalla LED<\/li>\n<\/ul>\n<p>&nbsp;<\/p>\n<h2><strong>ESPECIFICACIONES\u00a0<\/strong><b>T\u00c9CNICAS<\/b><\/h2>\n<table>\n<tbody>\n<tr>\n<td>Marca<\/td>\n<td>White Westinghouse<\/td>\n<\/tr>\n<tr>\n<td>Tipo<\/td>\n<td>Multi-door<\/td>\n<\/tr>\n<tr>\n<td>Capacidad Total<\/td>\n<td>542 Litros<\/td>\n<\/tr>\n<tr>\n<td>Capacidad\u00a0Refrigerador<\/td>\n<td>367 Litros<\/td>\n<\/tr>\n<tr>\n<td>Capacidad Congelador<\/td>\n<td>175 Litros<\/td>\n<\/tr>\n<tr>\n<td>Sistema de Control<\/td>\n<td>T\u00e1ctil<\/td>\n<\/tr>\n<tr>\n<td>Tipo<\/td>\n<td>No Frost (Frio Seco)<\/td>\n<\/tr>\n<tr>\n<td>Voltaje \/ frecuencia<\/td>\n<td>220-240\/ 50Hz<\/td>\n<\/tr>\n<tr>\n<td>Eficiencia\u00a0Energ\u00e9tica<\/td>\n<td>A+<\/td>\n<\/tr>\n<tr>\n<td>Refrigerante<\/td>\n<td>R600a<\/td>\n<\/tr>\n<tr>\n<td>Clase clim\u00e1tica<\/td>\n<td>SN\/N\/ST\/T<\/td>\n<\/tr>\n<tr>\n<td>Estantes<\/td>\n<td>3 estantes de Vidrio<\/td>\n<\/tr>\n<tr>\n<td>Repisas en las puertas<\/td>\n<td>6 estantes flotantes<\/td>\n<\/tr>\n<tr>\n<td>Caj\u00f3n para frutas y vegetales<\/td>\n<td>2\u00a0compartimentos<\/td>\n<\/tr>\n<tr>\n<td>Caj\u00f3n Congelador<\/td>\n<td>6 compartimentos<\/td>\n<\/tr>\n<tr>\n<td>Luz Interior<\/td>\n<td>S\u00ed LED<\/td>\n<\/tr>\n<tr>\n<td>Peso (Neto\/Bruto)<\/td>\n<td>110 kg \/ 120 kg<\/td>\n<\/tr>\n<tr>\n<td><\/td>\n<td><\/td>\n<\/tr>\n<\/tbody>\n<\/table>\n","protected":false},"excerpt":{"rendered":"<p>Tecnolog\u00eda No Frost: Nunca m\u00e1s tendr\u00e1s que descongelar. Ahorro de energ\u00eda: A+ Iluminaci\u00f3n LED: brillante, eficiente y de larga duraci\u00f3n. Panel Touch Control digital: preciso y f\u00e1cil de usar. Los refrigeradores Multi-Door White Westinghouse cuentan con un dise\u00f1o de vanguardia Exclusivo que se adapta armoniosamente a cualquier cocina moderna. Su elegante acabado Inox crea un [&hellip;]<\/p>\n","protected":false},"featured_media":15252,"comment_status":"open","ping_status":"closed","template":"","meta":{"_acf_changed":false},"pwb-brand":[208],"product_brand":[],"product_cat":[385,142],"product_tag":[],"class_list":{"0":"post-15251","1":"product","2":"type-product","3":"status-publish","4":"has-post-thumbnail","6":"pwb-brand-white-westinghouse","7":"product_cat-refrigeradores-refrigeradores","8":"product_cat-refrigeradores","10":"first","11":"outofstock","12":"shipping-taxable","13":"purchasable","14":"product-type-simple"},"acf":[],"brands":[{"id":208,"name":"White-Westinghousesss","slug":"white-westinghouse"}],"_links":{"self":[{"href":"https:\/\/triplex.com.bo\/index.php\/wp-json\/wp\/v2\/product\/15251","targetHints":{"allow":["GET"]}}],"collection":[{"href":"https:\/\/triplex.com.bo\/index.php\/wp-json\/wp\/v2\/product"}],"about":[{"href":"https:\/\/triplex.com.bo\/index.php\/wp-json\/wp\/v2\/types\/product"}],"replies":[{"embeddable":true,"href":"https:\/\/triplex.com.bo\/index.php\/wp-json\/wp\/v2\/comments?post=15251"}],"wp:featuredmedia":[{"embeddable":true,"href":"https:\/\/triplex.com.bo\/index.php\/wp-json\/wp\/v2\/media\/15252"}],"wp:attachment":[{"href":"https:\/\/triplex.com.bo\/index.php\/wp-json\/wp\/v2\/media?parent=15251"}],"wp:term":[{"taxonomy":"pwb-brand","embeddable":true,"href":"https:\/\/triplex.com.bo\/index.php\/wp-json\/wp\/v2\/pwb-brand?post=15251"},{"taxonomy":"product_brand","embeddable":true,"href":"https:\/\/triplex.com.bo\/index.php\/wp-json\/wp\/v2\/product_brand?post=15251"},{"taxonomy":"product_cat","embeddable":true,"href":"https:\/\/triplex.com.bo\/index.php\/wp-json\/wp\/v2\/product_cat?post=15251"},{"taxonomy":"product_tag","embeddable":true,"href":"https:\/\/triplex.com.bo\/index.php\/wp-json\/wp\/v2\/product_tag?post=15251"}],"curies":[{"name":"wp","href":"https:\/\/api.w.org\/{rel}","templated":true}]}}