{"id":14884,"date":"2024-04-04T14:45:37","date_gmt":"2024-04-04T14:45:37","guid":{"rendered":"https:\/\/triplex.com.bo\/?post_type=product&#038;p=14884"},"modified":"2025-07-21T14:25:47","modified_gmt":"2025-07-21T18:25:47","slug":"cafetera-espresso-oster-negra","status":"publish","type":"product","link":"https:\/\/triplex.com.bo\/index.php\/product\/cafetera-espresso-oster-negra\/","title":{"rendered":"CAFETERA ESPRESSO OSTER NEGRA"},"content":{"rendered":"<h5><span class=\"text1\"><strong>CAFETERA PARA ESPRESSO Y CAPPUCCINO OSTER\u00ae<\/strong><\/span><\/h5>\n<p class=\"card-text mb-auto\">Tan simple como tocar un bot\u00f3n. Utiliza la leche y el caf\u00e9 de tu preferencia para preparar todo tipo de bebidas de caf\u00e9, desde espresso hasta cappuccinos, lattes y mucho m\u00e1s. Tener tu cafetera para espresso Oster\u00ae es como tener un barista en casa.<\/p>\n<div>\n<h5><span class=\"text1\">BOMBA ITALIANA DE 15 BARES DE PRESI\u00d3N<\/span><\/h5>\n<\/div>\n<p class=\"card-text mb-auto\">La bomba italiana de 15 bares de presi\u00f3n permite una extracci\u00f3n \u00f3ptima para una sabrosa taza de caf\u00e9 y crema.<\/p>\n<div>\n<h5><span class=\"text1\">SISTEMA ESPUMADOR DE LECHE<\/span><\/h5>\n<\/div>\n<p class=\"card-text mb-auto\">Personaliza tus bebidas de espresso con el sistema espumador de leche integrado. Con dep\u00f3sito de leche de 250 mL extra\u00edble para un f\u00e1cil almacenamiento.<\/p>\n<table class=\"group Caracteristicas\" cellspacing=\"0\">\n<tbody>\n<tr class=\"even\">\n<th class=\"name-field Origen-del-producto\">Origen del producto<\/th>\n<td class=\"value-field Origen-del-producto\">China<\/td>\n<\/tr>\n<tr>\n<th class=\"name-field Peso\">Peso<\/th>\n<td class=\"value-field Peso\">4.5 kg<\/td>\n<\/tr>\n<tr class=\"even\">\n<th class=\"name-field Medidas\">Medidas<\/th>\n<td class=\"value-field Medidas\">35.5 x 28 x 30.5 cm<\/td>\n<\/tr>\n<tr>\n<th class=\"name-field Potencia-en-watts\">Potencia en watts<\/th>\n<td class=\"value-field Potencia-en-watts\">1170<\/td>\n<\/tr>\n<tr class=\"even\">\n<th class=\"name-field Programable\">Programable<\/th>\n<td class=\"value-field Programable\">No<\/td>\n<\/tr>\n<tr>\n<th class=\"name-field Luz-de-encendido-apagado\">Luz de encendido\/apagado<\/th>\n<td class=\"value-field Luz-de-encendido-apagado\">si<\/td>\n<\/tr>\n<tr class=\"even\">\n<th class=\"name-field Auto-limpieza\">Auto limpieza<\/th>\n<td class=\"value-field Auto-limpieza\">no<\/td>\n<\/tr>\n<tr>\n<th class=\"name-field Funcion-de-espuma-de-leche\">Funci\u00f3n de espuma de leche<\/th>\n<td class=\"value-field Funcion-de-espuma-de-leche\">no<\/td>\n<\/tr>\n<tr class=\"even\">\n<th class=\"name-field Incluye-accesorios\">Incluye accesorios<\/th>\n<td class=\"value-field Incluye-accesorios\">no<\/td>\n<\/tr>\n<tr>\n<th class=\"name-field Compatible-con-capsulas\">Compatible con c\u00e1psulas<\/th>\n<td class=\"value-field Compatible-con-capsulas\">no<\/td>\n<\/tr>\n<\/tbody>\n<\/table>\n","protected":false},"excerpt":{"rendered":"<p>Utiliza la leche y el caf\u00e9 de tu preferencia para preparar todo tipo de bebidas de caf\u00e9, desde espresso hasta cappuccinos, lattes y mucho m\u00e1s. Tener tu cafetera para espresso Oster\u00ae es como tener un barista en casa.<\/p>\n","protected":false},"featured_media":14889,"comment_status":"open","ping_status":"closed","template":"","meta":{"_acf_changed":false},"pwb-brand":[235],"product_brand":[],"product_cat":[254,157],"product_tag":[],"class_list":{"0":"post-14884","1":"product","2":"type-product","3":"status-publish","4":"has-post-thumbnail","6":"pwb-brand-oster","7":"product_cat-electromenor-cafeteras","8":"product_cat-electromenor","10":"first","11":"outofstock","12":"shipping-taxable","13":"purchasable","14":"product-type-simple"},"acf":[],"brands":[{"id":235,"name":"OSTER","slug":"oster"}],"_links":{"self":[{"href":"https:\/\/triplex.com.bo\/index.php\/wp-json\/wp\/v2\/product\/14884","targetHints":{"allow":["GET"]}}],"collection":[{"href":"https:\/\/triplex.com.bo\/index.php\/wp-json\/wp\/v2\/product"}],"about":[{"href":"https:\/\/triplex.com.bo\/index.php\/wp-json\/wp\/v2\/types\/product"}],"replies":[{"embeddable":true,"href":"https:\/\/triplex.com.bo\/index.php\/wp-json\/wp\/v2\/comments?post=14884"}],"wp:featuredmedia":[{"embeddable":true,"href":"https:\/\/triplex.com.bo\/index.php\/wp-json\/wp\/v2\/media\/14889"}],"wp:attachment":[{"href":"https:\/\/triplex.com.bo\/index.php\/wp-json\/wp\/v2\/media?parent=14884"}],"wp:term":[{"taxonomy":"pwb-brand","embeddable":true,"href":"https:\/\/triplex.com.bo\/index.php\/wp-json\/wp\/v2\/pwb-brand?post=14884"},{"taxonomy":"product_brand","embeddable":true,"href":"https:\/\/triplex.com.bo\/index.php\/wp-json\/wp\/v2\/product_brand?post=14884"},{"taxonomy":"product_cat","embeddable":true,"href":"https:\/\/triplex.com.bo\/index.php\/wp-json\/wp\/v2\/product_cat?post=14884"},{"taxonomy":"product_tag","embeddable":true,"href":"https:\/\/triplex.com.bo\/index.php\/wp-json\/wp\/v2\/product_tag?post=14884"}],"curies":[{"name":"wp","href":"https:\/\/api.w.org\/{rel}","templated":true}]}}