{"id":14770,"date":"2024-03-12T14:08:01","date_gmt":"2024-03-12T14:08:01","guid":{"rendered":"https:\/\/triplex.com.bo\/?post_type=product&#038;p=14770"},"modified":"2025-03-24T14:22:15","modified_gmt":"2025-03-24T18:22:15","slug":"plancha-gama-elegance-std-avocado","status":"publish","type":"product","link":"https:\/\/triplex.com.bo\/index.php\/product\/plancha-gama-elegance-std-avocado\/","title":{"rendered":"PLANCHA GAMA ELEGANCE STD AVOCADO"},"content":{"rendered":"<p>Plancha elegance aguacate y macadamia dise\u00f1o ultraplano, es extremadamente ligera y manejable, cuenta con recubrimiento cer\u00e1mico, las placas contienen extracto nutritivo de aguacate y macadamia incorporado al recubrimiento cer\u00e1mico de los patines, combinaci\u00f3n perfecta para un cabello sano, luminoso y fuerte, gracias al alto contenido de vitamina E. Recomendado como revitalizante y reparador. Cuenta con placas de calentamiento oscilantes largas de 120 x 25 mm con un sistema de suspensi\u00f3n especial que es ideal para alisar hebras de cabello voluminosas, ya que se adapta perfectamente a la forma del cabello. Tambi\u00e9n protege tu cabello del calor, manteni\u00e9ndolo saludable, fuerte y vital.<\/p>\n<ul>\n<li>Patines Recubiertos de Aceite de Avocado 120 x 25 mm<\/li>\n<li>Cable Giratorio<\/li>\n<li>Temperatura 230\u00b0C<\/li>\n<li>Ultra deslizamiento<\/li>\n<li>Infusi\u00f3n de aceite de avocado, ideal para un cabello sano, luminoso y fuerte gracias al alto contenido de vitamina E<\/li>\n<li>Suspensi\u00f3n system<\/li>\n<li>Ceramic ion<\/li>\n<li>Nano silver<\/li>\n<\/ul>\n","protected":false},"excerpt":{"rendered":"<p>Plancha elegance aguacate y macadamia dise\u00f1o ultraplano, es extremadamente ligera y manejable, cuenta con recubrimiento cer\u00e1mico, las placas contienen extracto nutritivo de aguacate y macadamia incorporado al recubrimiento cer\u00e1mico de los patines, combinaci\u00f3n perfecta para un cabello sano, luminoso y fuerte, gracias al alto contenido de vitamina E. Recomendado como revitalizante y reparador. Cuenta con [&hellip;]<\/p>\n","protected":false},"featured_media":14773,"comment_status":"open","ping_status":"closed","template":"","meta":{"_acf_changed":false},"pwb-brand":[415],"product_brand":[],"product_cat":[188],"product_tag":[],"class_list":{"0":"post-14770","1":"product","2":"type-product","3":"status-publish","4":"has-post-thumbnail","6":"pwb-brand-gama","7":"product_cat-cuidado-personal","9":"first","10":"outofstock","11":"shipping-taxable","12":"purchasable","13":"product-type-simple"},"acf":[],"brands":[{"id":415,"name":"GAMA","slug":"gama"}],"_links":{"self":[{"href":"https:\/\/triplex.com.bo\/index.php\/wp-json\/wp\/v2\/product\/14770","targetHints":{"allow":["GET"]}}],"collection":[{"href":"https:\/\/triplex.com.bo\/index.php\/wp-json\/wp\/v2\/product"}],"about":[{"href":"https:\/\/triplex.com.bo\/index.php\/wp-json\/wp\/v2\/types\/product"}],"replies":[{"embeddable":true,"href":"https:\/\/triplex.com.bo\/index.php\/wp-json\/wp\/v2\/comments?post=14770"}],"wp:featuredmedia":[{"embeddable":true,"href":"https:\/\/triplex.com.bo\/index.php\/wp-json\/wp\/v2\/media\/14773"}],"wp:attachment":[{"href":"https:\/\/triplex.com.bo\/index.php\/wp-json\/wp\/v2\/media?parent=14770"}],"wp:term":[{"taxonomy":"pwb-brand","embeddable":true,"href":"https:\/\/triplex.com.bo\/index.php\/wp-json\/wp\/v2\/pwb-brand?post=14770"},{"taxonomy":"product_brand","embeddable":true,"href":"https:\/\/triplex.com.bo\/index.php\/wp-json\/wp\/v2\/product_brand?post=14770"},{"taxonomy":"product_cat","embeddable":true,"href":"https:\/\/triplex.com.bo\/index.php\/wp-json\/wp\/v2\/product_cat?post=14770"},{"taxonomy":"product_tag","embeddable":true,"href":"https:\/\/triplex.com.bo\/index.php\/wp-json\/wp\/v2\/product_tag?post=14770"}],"curies":[{"name":"wp","href":"https:\/\/api.w.org\/{rel}","templated":true}]}}