{"id":14371,"date":"2023-12-27T20:35:07","date_gmt":"2023-12-27T20:35:07","guid":{"rendered":"https:\/\/triplex.com.bo\/?post_type=product&#038;p=14371"},"modified":"2025-03-24T11:16:25","modified_gmt":"2025-03-24T15:16:25","slug":"freezer-horizontal-145ltrs-blanco-indurama","status":"publish","type":"product","link":"https:\/\/triplex.com.bo\/index.php\/product\/freezer-horizontal-145ltrs-blanco-indurama\/","title":{"rendered":"FREEZER HORIZONTAL 145LTRS BLANCO INDURAMA"},"content":{"rendered":"<div class=\"vtex-store-components-3-x-specificationsTableContainer vtex-store-components-3-x-specificationsTableContainer--TabbersEspecificaction mt9 mt0-l pl8-l\">\n<p>\u00a0Mayor conservaci\u00f3n de alimentos. Mayor conservaci\u00f3n de alimentos. Multifunci\u00f3n: Super congelamiento, congela, enfr\u00eda. F\u00e1cil organizaci\u00f3n interna con canastillas anticorrosivas. Control de temperatura digital, refrigerante eco-amigable. Mantiene la temperatura hasta por 22h sin energ\u00eda.<\/p>\n<table class=\"vtex-store-components-3-x-specificationsTable vtex-store-components-3-x-specificationsTable--TabbersEspecificaction w-100 bg-base border-collapse\">\n<tbody class=\"vtex-store-components-3-x-specificationsTableBody vtex-store-components-3-x-specificationsTableBody--TabbersEspecificaction\">\n<tr class=\"vtex-store-components-3-x-specificationsTableRow vtex-store-components-3-x-specificationsTableRow--TabbersEspecificaction\">\n<td class=\"vtex-store-components-3-x-specificationItemSpecifications vtex-store-components-3-x-specificationItemSpecifications--TabbersEspecificaction w-50 b--muted-4 bb pa5\" data-specification=\"Informaci\u00f3n General: \u2022 Disponible en blanco \u2022 Sistema Frost \u2022 Refrigerante R600 \u2022Capacidad de hacer hielo 8 Kg en 24h \u2022 Fr\u00edo m\u00e1ximo Zona Exterior: \u2022 Control de temperatura digital \u2022 Puerta con llave \u2022 Ruedas de alta resistencia Zona interior: \u2022 Sistema doble acci\u00f3n: congelador y enfriador \u2022 Iluminaci\u00f3n LED \u2022 Accsesorios \u2022 1 canastas met\u00e1lica\">Informaci\u00f3n General: \u2022 Disponible en blanco \u2022 Sistema Frost \u2022 Refrigerante R600 \u2022Capacidad de hacer hielo 8 Kg en 24h \u2022 Fr\u00edo m\u00e1ximo Zona Exterior: \u2022 Control de temperatura digital \u2022 Puerta con llave \u2022 Ruedas de alta resistencia Zona interior: \u2022 Sistema doble acci\u00f3n: congelador y enfriador \u2022 Iluminaci\u00f3n LED \u2022 Accesorios \u2022 1 canastas met\u00e1lica<\/td>\n<\/tr>\n<\/tbody>\n<\/table>\n<\/div>\n<div class=\"vtex-store-components-3-x-specificationsTableContainer vtex-store-components-3-x-specificationsTableContainer--TabbersEspecificaction mt9 mt0-l pl8-l\">\n<table class=\"vtex-store-components-3-x-specificationsTable vtex-store-components-3-x-specificationsTable--TabbersEspecificaction w-100 bg-base border-collapse\">\n<tbody class=\"vtex-store-components-3-x-specificationsTableBody vtex-store-components-3-x-specificationsTableBody--TabbersEspecificaction\">\n<tr class=\"vtex-store-components-3-x-specificationsTableRow vtex-store-components-3-x-specificationsTableRow--TabbersEspecificaction\">\n<td class=\"vtex-store-components-3-x-specificationItemProperty vtex-store-components-3-x-specificationItemProperty--TabbersEspecificaction w-50 b--muted-4 bb pa5\" data-specification=\"C\u00f3digo\">\n<div>C\u00f3digo<\/div>\n<\/td>\n<td class=\"vtex-store-components-3-x-specificationItemSpecifications vtex-store-components-3-x-specificationItemSpecifications--TabbersEspecificaction w-50 b--muted-4 bb pa5\" data-specification=\"10000039\">\n<div>10000039<\/div>\n<\/td>\n<\/tr>\n<tr class=\"vtex-store-components-3-x-specificationsTableRow vtex-store-components-3-x-specificationsTableRow--TabbersEspecificaction\">\n<td class=\"vtex-store-components-3-x-specificationItemProperty vtex-store-components-3-x-specificationItemProperty--TabbersEspecificaction w-50 b--muted-4 bb pa5\" data-specification=\"Color\">\n<div>Color<\/div>\n<\/td>\n<td class=\"vtex-store-components-3-x-specificationItemSpecifications vtex-store-components-3-x-specificationItemSpecifications--TabbersEspecificaction w-50 b--muted-4 bb pa5\" data-specification=\"Blanco\">\n<div>Blanco<\/div>\n<\/td>\n<\/tr>\n<tr class=\"vtex-store-components-3-x-specificationsTableRow vtex-store-components-3-x-specificationsTableRow--TabbersEspecificaction\">\n<td class=\"vtex-store-components-3-x-specificationItemProperty vtex-store-components-3-x-specificationItemProperty--TabbersEspecificaction w-50 b--muted-4 bb pa5\" data-specification=\"Categorias\">\n<div>Categorias<\/div>\n<\/td>\n<td class=\"vtex-store-components-3-x-specificationItemSpecifications vtex-store-components-3-x-specificationItemSpecifications--TabbersEspecificaction w-50 b--muted-4 bb pa5\" data-specification=\"Congeladores\">\n<div>Congeladores<\/div>\n<\/td>\n<\/tr>\n<tr class=\"vtex-store-components-3-x-specificationsTableRow vtex-store-components-3-x-specificationsTableRow--TabbersEspecificaction\">\n<td class=\"vtex-store-components-3-x-specificationItemProperty vtex-store-components-3-x-specificationItemProperty--TabbersEspecificaction w-50 b--muted-4 bb pa5\" data-specification=\"Medidas del producto\">\n<div>Medidas del producto<\/div>\n<\/td>\n<td class=\"vtex-store-components-3-x-specificationItemSpecifications vtex-store-components-3-x-specificationItemSpecifications--TabbersEspecificaction w-50 b--muted-4 bb pa5\" data-specification=\"MEDIDAS PRODUCTO Alto: 84.5 cm Ancho: 70.5cm Profundidad: 54.5cm\">\n<div>MEDIDAS PRODUCTO Alto: 84.5 cm Ancho: 70.5cm Profundidad: 54.5cm<\/div>\n<\/td>\n<\/tr>\n<tr class=\"vtex-store-components-3-x-specificationsTableRow vtex-store-components-3-x-specificationsTableRow--TabbersEspecificaction\">\n<td class=\"vtex-store-components-3-x-specificationItemProperty vtex-store-components-3-x-specificationItemProperty--TabbersEspecificaction w-50 b--muted-4 bb pa5\" data-specification=\"Garant\u00eda\"><\/td>\n<td class=\"vtex-store-components-3-x-specificationItemSpecifications vtex-store-components-3-x-specificationItemSpecifications--TabbersEspecificaction w-50 b--muted-4 bb pa5\" data-specification=\"Garant\u00eda 1 a\u00f1o en el producto y 3 a\u00f1os en el compresor \u2022 Cobertura de servicio en m\u00e1s de 1000 puntos a nivel nacional. \u2022 Repuestos originales de f\u00e1brica \u2022 Asesor\u00eda t\u00e9cnica \u2022 Venta de repuestos \u2022 Mantenimiento correctivo y preventivo Instalaci\u00f3n el\u00e9ctrica - La conexi\u00f3n el\u00e9ctrica debe ser de 115V y debe poseer conexi\u00f3n tener tierra. (Realizado por un t\u00e9cnico calificado) - El tomacorriente y el enchufe del producto debe ser tipo B (3 patas normal) y debe estar ubicado a una distancia m\u00e1xima de 1,50 m del producto. - No debe existir variaciones fuerte de voltaje \u2022 No usar extensiones ni adaptadores m\u00faltiples. Colocaci\u00f3n del producto -Piso firme y nivelado que no este expuesto a la intemperie, luz solar. -Evitar fuentes directas de calor -Colocar a 15 cm de la parte posterior y 2 cm de los lados.\"><\/td>\n<\/tr>\n<\/tbody>\n<\/table>\n<\/div>\n","protected":false},"excerpt":{"rendered":"<p>\u00a0Mayor conservaci\u00f3n de alimentos. Mayor conservaci\u00f3n de alimentos. Multifunci\u00f3n: Super congelamiento, congela, enfr\u00eda. F\u00e1cil organizaci\u00f3n interna con canastillas anticorrosivas. Control de temperatura digital, refrigerante eco-amigable. Mantiene la temperatura hasta por 22h sin energ\u00eda. Informaci\u00f3n General: \u2022 Disponible en blanco \u2022 Sistema Frost \u2022 Refrigerante R600 \u2022Capacidad de hacer hielo 8 Kg en 24h \u2022 Fr\u00edo [&hellip;]<\/p>\n","protected":false},"featured_media":14375,"comment_status":"open","ping_status":"closed","template":"","meta":{"_acf_changed":false},"pwb-brand":[412],"product_brand":[],"product_cat":[172,142],"product_tag":[],"class_list":{"0":"post-14371","1":"product","2":"type-product","3":"status-publish","4":"has-post-thumbnail","6":"pwb-brand-indurama","7":"product_cat-refrigeradores-freezers","8":"product_cat-refrigeradores","10":"first","11":"outofstock","12":"shipping-taxable","13":"purchasable","14":"product-type-simple"},"acf":[],"brands":[{"id":412,"name":"indurama","slug":"indurama"}],"_links":{"self":[{"href":"https:\/\/triplex.com.bo\/index.php\/wp-json\/wp\/v2\/product\/14371","targetHints":{"allow":["GET"]}}],"collection":[{"href":"https:\/\/triplex.com.bo\/index.php\/wp-json\/wp\/v2\/product"}],"about":[{"href":"https:\/\/triplex.com.bo\/index.php\/wp-json\/wp\/v2\/types\/product"}],"replies":[{"embeddable":true,"href":"https:\/\/triplex.com.bo\/index.php\/wp-json\/wp\/v2\/comments?post=14371"}],"wp:featuredmedia":[{"embeddable":true,"href":"https:\/\/triplex.com.bo\/index.php\/wp-json\/wp\/v2\/media\/14375"}],"wp:attachment":[{"href":"https:\/\/triplex.com.bo\/index.php\/wp-json\/wp\/v2\/media?parent=14371"}],"wp:term":[{"taxonomy":"pwb-brand","embeddable":true,"href":"https:\/\/triplex.com.bo\/index.php\/wp-json\/wp\/v2\/pwb-brand?post=14371"},{"taxonomy":"product_brand","embeddable":true,"href":"https:\/\/triplex.com.bo\/index.php\/wp-json\/wp\/v2\/product_brand?post=14371"},{"taxonomy":"product_cat","embeddable":true,"href":"https:\/\/triplex.com.bo\/index.php\/wp-json\/wp\/v2\/product_cat?post=14371"},{"taxonomy":"product_tag","embeddable":true,"href":"https:\/\/triplex.com.bo\/index.php\/wp-json\/wp\/v2\/product_tag?post=14371"}],"curies":[{"name":"wp","href":"https:\/\/api.w.org\/{rel}","templated":true}]}}