{"id":14344,"date":"2023-12-27T18:04:28","date_gmt":"2023-12-27T18:04:28","guid":{"rendered":"https:\/\/triplex.com.bo\/?post_type=product&#038;p=14344"},"modified":"2026-02-03T14:07:20","modified_gmt":"2026-02-03T18:07:20","slug":"lavadora-7-5kgrs-electrolux-gris","status":"publish","type":"product","link":"https:\/\/triplex.com.bo\/index.php\/product\/lavadora-7-5kgrs-electrolux-gris\/","title":{"rendered":"LAVADORA 7.5 KG ELECTROLUX GRIS"},"content":{"rendered":"<p><strong>Tecnologia Water Fuzzy<\/strong><br \/>\n5 niveles inteligentes de agua<br \/>\nCon la tecnolog\u00eda Water Fuzzy ahorrar\u00e1s en cada ciclo de lavado gracias a la medici\u00f3n autom\u00e1tica del nivel de agua de acuerdo el peso de ropa en el tambor. Con la tecnolog\u00eda Water Fuzzy ahorrar\u00e1s en cada ciclo de lavado gracias a la medici\u00f3n autom\u00e1tica del nivel de agua de acuerdo el peso de ropa en el tambor.<\/p>\n<table cellspacing=\"0\">\n<tbody>\n<tr>\n<th>\n<h3>Caracter\u00edsticas Generales<\/h3>\n<\/th>\n<td>\u2022 Mayor Eficiencia Energ\u00e9tica \/ Ahorro de energ\u00eda<br \/>\n\u2022 Programa R\u00e1pido 25 minutos<br \/>\n\u2022 Panel Digital con Time Control<br \/>\n\u2022 Reutilizar Agua<br \/>\n\u2022 Entrada del agua Caliente \/ Fr\u00eda<\/td>\n<\/tr>\n<tr>\n<th>\n<h3>N\u00famero De Programas<\/h3>\n<\/th>\n<td>10<\/td>\n<\/tr>\n<tr>\n<th>\n<h3>Rotaci\u00f3n (RPM)<\/h3>\n<\/th>\n<td>650<\/td>\n<\/tr>\n<tr>\n<th>\n<h3>Material Del Cesto<\/h3>\n<\/th>\n<td>Inox<\/td>\n<\/tr>\n<tr>\n<th>\n<h3>Color<\/h3>\n<\/th>\n<td>Gris<\/td>\n<\/tr>\n<tr>\n<th>\n<h3>Alto X Ancho X Prof. (Mm)<\/h3>\n<\/th>\n<td>950 x 560 x 525<\/td>\n<\/tr>\n<tr>\n<th>\n<h3>Capacidad Total (Kg)<\/h3>\n<\/th>\n<td>9,5<\/td>\n<\/tr>\n<tr>\n<th>\n<h3>Peso Neto (Kg)<\/h3>\n<\/th>\n<td>32<\/td>\n<\/tr>\n<tr>\n<th>\n<h3>Peso Bruto (Kg)<\/h3>\n<\/th>\n<td>36<\/td>\n<\/tr>\n<\/tbody>\n<\/table>\n","protected":false},"excerpt":{"rendered":"<p>Tecnologia Water Fuzzy 5 niveles inteligentes de agua Con la tecnolog\u00eda Water Fuzzy ahorrar\u00e1s en cada ciclo de lavado gracias a la medici\u00f3n autom\u00e1tica del nivel de agua de acuerdo el peso de ropa en el tambor. Con la tecnolog\u00eda Water Fuzzy ahorrar\u00e1s en cada ciclo de lavado gracias a la medici\u00f3n autom\u00e1tica del nivel [&hellip;]<\/p>\n","protected":false},"featured_media":14347,"comment_status":"open","ping_status":"closed","template":"","meta":{"_acf_changed":false},"pwb-brand":[207],"product_brand":[],"product_cat":[191,189],"product_tag":[],"class_list":{"0":"post-14344","1":"product","2":"type-product","3":"status-publish","4":"has-post-thumbnail","6":"pwb-brand-electrolux","7":"product_cat-lavanderia-lavadoras","8":"product_cat-lavadoras-y-secadores","10":"first","11":"instock","12":"shipping-taxable","13":"purchasable","14":"product-type-simple"},"acf":[],"brands":[{"id":207,"name":"Electrolux","slug":"electrolux"}],"_links":{"self":[{"href":"https:\/\/triplex.com.bo\/index.php\/wp-json\/wp\/v2\/product\/14344","targetHints":{"allow":["GET"]}}],"collection":[{"href":"https:\/\/triplex.com.bo\/index.php\/wp-json\/wp\/v2\/product"}],"about":[{"href":"https:\/\/triplex.com.bo\/index.php\/wp-json\/wp\/v2\/types\/product"}],"replies":[{"embeddable":true,"href":"https:\/\/triplex.com.bo\/index.php\/wp-json\/wp\/v2\/comments?post=14344"}],"wp:featuredmedia":[{"embeddable":true,"href":"https:\/\/triplex.com.bo\/index.php\/wp-json\/wp\/v2\/media\/14347"}],"wp:attachment":[{"href":"https:\/\/triplex.com.bo\/index.php\/wp-json\/wp\/v2\/media?parent=14344"}],"wp:term":[{"taxonomy":"pwb-brand","embeddable":true,"href":"https:\/\/triplex.com.bo\/index.php\/wp-json\/wp\/v2\/pwb-brand?post=14344"},{"taxonomy":"product_brand","embeddable":true,"href":"https:\/\/triplex.com.bo\/index.php\/wp-json\/wp\/v2\/product_brand?post=14344"},{"taxonomy":"product_cat","embeddable":true,"href":"https:\/\/triplex.com.bo\/index.php\/wp-json\/wp\/v2\/product_cat?post=14344"},{"taxonomy":"product_tag","embeddable":true,"href":"https:\/\/triplex.com.bo\/index.php\/wp-json\/wp\/v2\/product_tag?post=14344"}],"curies":[{"name":"wp","href":"https:\/\/api.w.org\/{rel}","templated":true}]}}