{"id":14306,"date":"2023-12-27T14:27:09","date_gmt":"2023-12-27T14:27:09","guid":{"rendered":"https:\/\/triplex.com.bo\/?post_type=product&#038;p=14306"},"modified":"2024-06-05T14:03:58","modified_gmt":"2024-06-05T18:03:58","slug":"grill-electrico-de-hamburguesas-oster","status":"publish","type":"product","link":"https:\/\/triplex.com.bo\/index.php\/product\/grill-electrico-de-hamburguesas-oster\/","title":{"rendered":"GRILL ELECTRICO DE HAMBURGUESAS OSTER"},"content":{"rendered":"<h1>Caracter\u00edsticas:<\/h1>\n<h3>Con el nuevo Grill Burguer 2 en 1 OGRL500 ya puedes hacer tu hamburguesa completa en un solo lugar.<\/h3>\n<p>Tiene parrilla y plancha para que prepares tus alimentos. Sin contar que a\u00fan cuenta con un invernadero donde se pueden calentar quesos, panes, etc. Dejando todo calentito y sabroso. \u00a1No se pega ni ensucia!<\/p>\n<h3>El Gril 2 en 1 fue desarrollado con placas de revestimiento antiadherente.<\/h3>\n<p>Su dise\u00f1o inclinado tambi\u00e9n ayuda a evitar que los alimentos se peguen y no acumulen grasa durante la preparaci\u00f3n. Por no hablar de que le acompa\u00f1a una bandeja recoge grasas.<\/p>\n<h3>El Grill Burger<\/h3>\n<ul>\n<li>Es compacto<\/li>\n<li>F\u00e1cil de almacenar<\/li>\n<li>Tiene capacidad para 4 hamburguesas a la parrilla<\/li>\n<li>Es perfecto para toda la familia<\/li>\n<\/ul>\n<h3>Especificaciones:<\/h3>\n<ul>\n<li>Voltaje: 220V<\/li>\n<li>Potencia: 1000W<\/li>\n<li>Marca: Oster<\/li>\n<li>Modelo: OGRL500<\/li>\n<li>Compacto y f\u00e1cil de almacenar<\/li>\n<li>Capacidad para hasta 4 hamburguesas<\/li>\n<li>Parrilla y plancha a la vez<\/li>\n<\/ul>\n","protected":false},"excerpt":{"rendered":"<p>Caracter\u00edsticas: Con el nuevo Grill Burguer 2 en 1 OGRL500 ya puedes hacer tu hamburguesa completa en un solo lugar. Tiene parrilla y plancha para que prepares tus alimentos. Sin contar que a\u00fan cuenta con un invernadero donde se pueden calentar quesos, panes, etc. Dejando todo calentito y sabroso. \u00a1No se pega ni ensucia! El [&hellip;]<\/p>\n","protected":false},"featured_media":14308,"comment_status":"open","ping_status":"closed","template":"","meta":{"_acf_changed":false},"pwb-brand":[235],"product_brand":[],"product_cat":[157,170],"product_tag":[],"class_list":{"0":"post-14306","1":"product","2":"type-product","3":"status-publish","4":"has-post-thumbnail","6":"pwb-brand-oster","7":"product_cat-electromenor","8":"product_cat-electromenor-sandwicheras-wafleras","10":"first","11":"instock","12":"shipping-taxable","13":"purchasable","14":"product-type-simple"},"acf":[],"brands":[{"id":235,"name":"OSTER","slug":"oster"}],"_links":{"self":[{"href":"https:\/\/triplex.com.bo\/index.php\/wp-json\/wp\/v2\/product\/14306","targetHints":{"allow":["GET"]}}],"collection":[{"href":"https:\/\/triplex.com.bo\/index.php\/wp-json\/wp\/v2\/product"}],"about":[{"href":"https:\/\/triplex.com.bo\/index.php\/wp-json\/wp\/v2\/types\/product"}],"replies":[{"embeddable":true,"href":"https:\/\/triplex.com.bo\/index.php\/wp-json\/wp\/v2\/comments?post=14306"}],"wp:featuredmedia":[{"embeddable":true,"href":"https:\/\/triplex.com.bo\/index.php\/wp-json\/wp\/v2\/media\/14308"}],"wp:attachment":[{"href":"https:\/\/triplex.com.bo\/index.php\/wp-json\/wp\/v2\/media?parent=14306"}],"wp:term":[{"taxonomy":"pwb-brand","embeddable":true,"href":"https:\/\/triplex.com.bo\/index.php\/wp-json\/wp\/v2\/pwb-brand?post=14306"},{"taxonomy":"product_brand","embeddable":true,"href":"https:\/\/triplex.com.bo\/index.php\/wp-json\/wp\/v2\/product_brand?post=14306"},{"taxonomy":"product_cat","embeddable":true,"href":"https:\/\/triplex.com.bo\/index.php\/wp-json\/wp\/v2\/product_cat?post=14306"},{"taxonomy":"product_tag","embeddable":true,"href":"https:\/\/triplex.com.bo\/index.php\/wp-json\/wp\/v2\/product_tag?post=14306"}],"curies":[{"name":"wp","href":"https:\/\/api.w.org\/{rel}","templated":true}]}}