{"id":14279,"date":"2023-12-14T19:26:36","date_gmt":"2023-12-14T19:26:36","guid":{"rendered":"https:\/\/triplex.com.bo\/?post_type=product&#038;p=14279"},"modified":"2025-03-24T15:04:53","modified_gmt":"2025-03-24T19:04:53","slug":"barra-de-sonido-tcl-con-hdmi-arc","status":"publish","type":"product","link":"https:\/\/triplex.com.bo\/index.php\/product\/barra-de-sonido-tcl-con-hdmi-arc\/","title":{"rendered":"BARRA DE SONIDO TCL CON HDMI ARC"},"content":{"rendered":"<ul class=\"ui-tabs-nav ui-helper-reset ui-helper-clearfix ui-widget-header ui-corner-all\" role=\"tablist\">\n<li><strong>Barra de sonido de 2.1 canales con subwoofer inal\u00e1mbrico<br \/>\n<\/strong><\/li>\n<\/ul>\n<p>Con el respaldo de la tecnolog\u00eda inal\u00e1mbrica Bluetooth v5.1, puede disfrutar de los graves extraordinarios del subwoofer inal\u00e1mbrico sin tener que hacer frente a ninguna conexi\u00f3n por cable. Disfrute de una experiencia de entrega de sonido fuerte y clara con bajos extra potentes con una configuraci\u00f3n simple.<\/p>\n<ul>\n<li><strong>Potencia m\u00e1xima de audio de 200 W<\/strong><\/li>\n<\/ul>\n<p>Convierte tu televisor en un cine en casa.Cuando quieres sumergirte, la potencia s\u00ed importa. La m\u00e1xima potencia de audio es lo que hace que su experiencia cinematogr\u00e1fica o musical sea verdaderamente inmersiva. Mu\u00e9vete, cada vez.<\/p>\n<ul>\n<li><strong>Ajustes de EQ<\/strong><\/li>\n<\/ul>\n<p>Modos de sonido especializados para diferentes contenidos.Ellos se asegurar\u00e1n de que siempre obtengas la mejor experiencia de sonido posible sin importar si solo est\u00e1s viendo la televisi\u00f3n, una gran pel\u00edcula o escuchando tu m\u00fasica favorita.<\/p>\n<ul>\n<li>Kit de montaje para pared inclu\u00eddo.<\/li>\n<li>Conexi\u00f3n \u00f3ptica, USB y entrada auxiliar de 3.5<\/li>\n<li>Dise\u00f1o delgado y elegante de 810 mm.<\/li>\n<li>Ideal para televisores de 32 pulgadas y superiores.<\/li>\n<li>Dimensi\u00f3n Subwoofer ( An*Pr*Al mm): 165x240x298<\/li>\n<li>Dimensi\u00f3n Sound Bar (An*Pr*Al mm): 810x99x70<\/li>\n<\/ul>\n","protected":false},"excerpt":{"rendered":"<p>Barra de sonido de 2.1 canales con subwoofer inal\u00e1mbrico Con el respaldo de la tecnolog\u00eda inal\u00e1mbrica Bluetooth v5.1, puede disfrutar de los graves extraordinarios del subwoofer inal\u00e1mbrico sin tener que hacer frente a ninguna conexi\u00f3n por cable. Disfrute de una experiencia de entrega de sonido fuerte y clara con bajos extra potentes con una configuraci\u00f3n [&hellip;]<\/p>\n","protected":false},"featured_media":14281,"comment_status":"open","ping_status":"closed","template":"","meta":{"_acf_changed":false},"pwb-brand":[286],"product_brand":[],"product_cat":[402,137],"product_tag":[],"class_list":{"0":"post-14279","1":"product","2":"type-product","3":"status-publish","4":"has-post-thumbnail","6":"pwb-brand-tcl","7":"product_cat-barras-de-sonido","8":"product_cat-audio","10":"first","11":"instock","12":"shipping-taxable","13":"purchasable","14":"product-type-simple"},"acf":[],"brands":[{"id":286,"name":"TCL","slug":"tcl"}],"_links":{"self":[{"href":"https:\/\/triplex.com.bo\/index.php\/wp-json\/wp\/v2\/product\/14279","targetHints":{"allow":["GET"]}}],"collection":[{"href":"https:\/\/triplex.com.bo\/index.php\/wp-json\/wp\/v2\/product"}],"about":[{"href":"https:\/\/triplex.com.bo\/index.php\/wp-json\/wp\/v2\/types\/product"}],"replies":[{"embeddable":true,"href":"https:\/\/triplex.com.bo\/index.php\/wp-json\/wp\/v2\/comments?post=14279"}],"wp:featuredmedia":[{"embeddable":true,"href":"https:\/\/triplex.com.bo\/index.php\/wp-json\/wp\/v2\/media\/14281"}],"wp:attachment":[{"href":"https:\/\/triplex.com.bo\/index.php\/wp-json\/wp\/v2\/media?parent=14279"}],"wp:term":[{"taxonomy":"pwb-brand","embeddable":true,"href":"https:\/\/triplex.com.bo\/index.php\/wp-json\/wp\/v2\/pwb-brand?post=14279"},{"taxonomy":"product_brand","embeddable":true,"href":"https:\/\/triplex.com.bo\/index.php\/wp-json\/wp\/v2\/product_brand?post=14279"},{"taxonomy":"product_cat","embeddable":true,"href":"https:\/\/triplex.com.bo\/index.php\/wp-json\/wp\/v2\/product_cat?post=14279"},{"taxonomy":"product_tag","embeddable":true,"href":"https:\/\/triplex.com.bo\/index.php\/wp-json\/wp\/v2\/product_tag?post=14279"}],"curies":[{"name":"wp","href":"https:\/\/api.w.org\/{rel}","templated":true}]}}