{"id":14231,"date":"2023-12-14T16:49:35","date_gmt":"2023-12-14T16:49:35","guid":{"rendered":"https:\/\/triplex.com.bo\/?post_type=product&#038;p=14231"},"modified":"2025-03-24T15:23:21","modified_gmt":"2025-03-24T19:23:21","slug":"bic-mkp-power-bike-20-pulgadas","status":"publish","type":"product","link":"https:\/\/triplex.com.bo\/index.php\/product\/bic-mkp-power-bike-20-pulgadas\/","title":{"rendered":"BICICLETA MKP POWER BIKE 20&#8243; AZUL"},"content":{"rendered":"<div class=\"vc_tta-panel-heading\">\n<h4 class=\"vc_tta-panel-title\"><a href=\"https:\/\/www.monark.com.pe\/producto\/bicicleta-power-bike\/#ts-acc-2080446819\" data-vc-accordion=\"\" data-vc-container=\".vc_tta-container\"><span class=\"vc_tta-title-text\">Especificaciones t\u00e9cnicas<\/span><\/a><\/h4>\n<\/div>\n<div class=\"vc_tta-panel-body\">\n<div class=\"product-content\">\n<ul>\n<li>Modelo: MKP POWER BIKE 20\u2033<\/li>\n<li>Material Marco: Acero<\/li>\n<li>Medida del Aro: 20\u2033<\/li>\n<li>Material del Aro: Aleaci\u00f3n de Magnesio<\/li>\n<li>Llantas: 20\u00d72.125<\/li>\n<li>Material del Tim\u00f3n: Acero<\/li>\n<li>Material de los Pedales: Resina de pl\u00e1stico con reflector<\/li>\n<li>Tipo de Freno: Disco delantero y posterior<\/li>\n<li>Material de la palanca de Freno: Pl\u00e1stico y aluminio<\/li>\n<li>Parador: Posterior, Acero<\/li>\n<li>Asiento: Para ni\u00f1o<\/li>\n<li>Reflector: Delantero y Posterior<\/li>\n<li>Suspensi\u00f3n: Delantera<\/li>\n<li>Medida de la Caja (LargoxAnchoxAlto cm): 114x18x65 CM<\/li>\n<li>Medida del producto Armado (LargoxAnchoxAlto cm): 140x58x85 CM<\/li>\n<li>Peso Neto \/ Peso Bruto (Kg): 12.8 \/ 14.8 KGS<\/li>\n<li>Im\u00e1genes Referenciales.<\/li>\n<li>Garant\u00eda: CHASIS (MARCO) Y HORQUILLA DELANTERA DE POR VIDA, DEM\u00c1S PARTES Y COMPONENTES 01 A\u00d1O<\/li>\n<\/ul>\n<\/div>\n<\/div>\n","protected":false},"excerpt":{"rendered":"<p>Especificaciones t\u00e9cnicas Modelo: MKP POWER BIKE 20\u2033 Material Marco: Acero Medida del Aro: 20\u2033 Material del Aro: Aleaci\u00f3n de Magnesio Llantas: 20\u00d72.125 Material del Tim\u00f3n: Acero Material de los Pedales: Resina de pl\u00e1stico con reflector Tipo de Freno: Disco delantero y posterior Material de la palanca de Freno: Pl\u00e1stico y aluminio Parador: Posterior, Acero Asiento: [&hellip;]<\/p>\n","protected":false},"featured_media":14232,"comment_status":"open","ping_status":"closed","template":"","meta":{"_acf_changed":false},"pwb-brand":[413],"product_brand":[],"product_cat":[15],"product_tag":[],"class_list":{"0":"post-14231","1":"product","2":"type-product","3":"status-publish","4":"has-post-thumbnail","6":"pwb-brand-monark","7":"product_cat-bicicletas","9":"first","10":"outofstock","11":"shipping-taxable","12":"purchasable","13":"product-type-simple"},"acf":[],"brands":[{"id":413,"name":"MONARK","slug":"monark"}],"_links":{"self":[{"href":"https:\/\/triplex.com.bo\/index.php\/wp-json\/wp\/v2\/product\/14231","targetHints":{"allow":["GET"]}}],"collection":[{"href":"https:\/\/triplex.com.bo\/index.php\/wp-json\/wp\/v2\/product"}],"about":[{"href":"https:\/\/triplex.com.bo\/index.php\/wp-json\/wp\/v2\/types\/product"}],"replies":[{"embeddable":true,"href":"https:\/\/triplex.com.bo\/index.php\/wp-json\/wp\/v2\/comments?post=14231"}],"wp:featuredmedia":[{"embeddable":true,"href":"https:\/\/triplex.com.bo\/index.php\/wp-json\/wp\/v2\/media\/14232"}],"wp:attachment":[{"href":"https:\/\/triplex.com.bo\/index.php\/wp-json\/wp\/v2\/media?parent=14231"}],"wp:term":[{"taxonomy":"pwb-brand","embeddable":true,"href":"https:\/\/triplex.com.bo\/index.php\/wp-json\/wp\/v2\/pwb-brand?post=14231"},{"taxonomy":"product_brand","embeddable":true,"href":"https:\/\/triplex.com.bo\/index.php\/wp-json\/wp\/v2\/product_brand?post=14231"},{"taxonomy":"product_cat","embeddable":true,"href":"https:\/\/triplex.com.bo\/index.php\/wp-json\/wp\/v2\/product_cat?post=14231"},{"taxonomy":"product_tag","embeddable":true,"href":"https:\/\/triplex.com.bo\/index.php\/wp-json\/wp\/v2\/product_tag?post=14231"}],"curies":[{"name":"wp","href":"https:\/\/api.w.org\/{rel}","templated":true}]}}