{"id":13677,"date":"2023-08-09T19:38:47","date_gmt":"2023-08-09T19:38:47","guid":{"rendered":"https:\/\/triplex.com.bo\/?post_type=product&#038;p=13677"},"modified":"2026-05-05T23:39:15","modified_gmt":"2026-05-06T03:39:15","slug":"secadora-9kg-electrica-electrolux","status":"publish","type":"product","link":"https:\/\/triplex.com.bo\/index.php\/product\/secadora-9kg-electrica-electrolux\/","title":{"rendered":"SECADORA 9KG ELECTRICA ELECTROLUX"},"content":{"rendered":"<p>Tecnolog\u00eda Autosense: Mide la temperatura y la humedad para secar las prendas con precisi\u00f3n, manteni\u00e9ndolas como nuevas sin alterar sus caracter\u00edsticas generales.<br \/>\nSuperior Color Care: Preserva el color de tus prendas favoritas hasta un 80% m\u00e1s, incluso despu\u00e9s de 52 ciclos de secado.<br \/>\nReverse Action: Los movimientos alternados del tambor del secarropas, reducen las arrugas en hasta un 32%. Dejando tu ropa m\u00e1s f\u00e1cil de planchar.<br \/>\nDisplay Digital: Facilita la visualizaci\u00f3n del programa seleccionado, adem\u00e1s de informar cu\u00e1nto tiempo queda para finalizar el ciclo de secado.<br \/>\n12 Programas de Secado: Panel con programas de secado y selecci\u00f3n de tiempo para distintos tipos de prendas. Evita que se seque demasiado la ropa, lo que podr\u00eda da\u00f1ar las telas y dificultar el planchado.<br \/>\nQuita Olor: Elimina los olores no deseados con la funci\u00f3n Quita Olor. Tus prendas m\u00e1s queridas renovadas en tan solo 30 minutos.<br \/>\nBloqueo para Ni\u00f1os: Permite bloquear el panel evitando que ni\u00f1os modifiquen o interrumpan el ciclo de secado.<br \/>\nInicio Diferido: Funci\u00f3n que permite diferir el inicio del ciclo de secado entre 2 y hasta 24 horas, seg\u00fan la necesidad.<br \/>\nAuto Cool Down: Tecnolog\u00eda que enfr\u00eda el tambor y la ropa en los \u00faltimos minutos del ciclo, reduciendo las arrugas.<br \/>\n3 Tiempos de Secado: 3 opciones de ciclo de secado que se adaptan a tus necesidades de tiempo y tipo de prendas.<br \/>\nLint Filter: Retiene pelusas que pueden quedar en la ropa despu\u00e9s del secado.<\/p>\n","protected":false},"excerpt":{"rendered":"<p>SECADORA 9KG ELECTRICA ELECTROLUX<\/p>\n","protected":false},"featured_media":13678,"comment_status":"open","ping_status":"closed","template":"","meta":{"_acf_changed":false},"pwb-brand":[207],"product_brand":[],"product_cat":[189,209,192],"product_tag":[430],"class_list":{"0":"post-13677","1":"product","2":"type-product","3":"status-publish","4":"has-post-thumbnail","6":"pwb-brand-electrolux","7":"product_cat-lavadoras-y-secadores","8":"product_cat-ofertas-especiales","9":"product_cat-lavanderia-secadoras","10":"product_tag-oferta","12":"first","13":"instock","14":"sale","15":"shipping-taxable","16":"purchasable","17":"product-type-simple"},"acf":[],"brands":[{"id":207,"name":"Electrolux","slug":"electrolux"}],"_links":{"self":[{"href":"https:\/\/triplex.com.bo\/index.php\/wp-json\/wp\/v2\/product\/13677","targetHints":{"allow":["GET"]}}],"collection":[{"href":"https:\/\/triplex.com.bo\/index.php\/wp-json\/wp\/v2\/product"}],"about":[{"href":"https:\/\/triplex.com.bo\/index.php\/wp-json\/wp\/v2\/types\/product"}],"replies":[{"embeddable":true,"href":"https:\/\/triplex.com.bo\/index.php\/wp-json\/wp\/v2\/comments?post=13677"}],"wp:featuredmedia":[{"embeddable":true,"href":"https:\/\/triplex.com.bo\/index.php\/wp-json\/wp\/v2\/media\/13678"}],"wp:attachment":[{"href":"https:\/\/triplex.com.bo\/index.php\/wp-json\/wp\/v2\/media?parent=13677"}],"wp:term":[{"taxonomy":"pwb-brand","embeddable":true,"href":"https:\/\/triplex.com.bo\/index.php\/wp-json\/wp\/v2\/pwb-brand?post=13677"},{"taxonomy":"product_brand","embeddable":true,"href":"https:\/\/triplex.com.bo\/index.php\/wp-json\/wp\/v2\/product_brand?post=13677"},{"taxonomy":"product_cat","embeddable":true,"href":"https:\/\/triplex.com.bo\/index.php\/wp-json\/wp\/v2\/product_cat?post=13677"},{"taxonomy":"product_tag","embeddable":true,"href":"https:\/\/triplex.com.bo\/index.php\/wp-json\/wp\/v2\/product_tag?post=13677"}],"curies":[{"name":"wp","href":"https:\/\/api.w.org\/{rel}","templated":true}]}}