{"id":13670,"date":"2023-08-09T19:04:30","date_gmt":"2023-08-09T19:04:30","guid":{"rendered":"https:\/\/triplex.com.bo\/?post_type=product&#038;p=13670"},"modified":"2024-10-18T16:19:30","modified_gmt":"2024-10-18T20:19:30","slug":"refrigerador-1-puerta-190ltrs-midea","status":"publish","type":"product","link":"https:\/\/triplex.com.bo\/index.php\/product\/refrigerador-1-puerta-190ltrs-midea\/","title":{"rendered":"REFRIGERADOR 1 PUERTA 190LTRS MIDEA"},"content":{"rendered":"<p>Soy el compacto ideal para tu sala, oficina, rec\u00e1mara o el espacio de tu agrado, pues cuento con un dispensador de agua de 2.5 litros, adem\u00e1s de un caj\u00f3n para frutas y verduras para mantenerlas frescas por m\u00e1s tiempo. Adem\u00e1s no te preocupes por funcionamiento, pues tengo 5 a\u00f1os de garant\u00eda en compresor y 2 en el resto de mis componentes.<br \/>\nLow Frost Cooling Box: Tecnolog\u00eda de enfriamiento que evita se acumule hielo para un m\u00e1xima utilizaci\u00f3n del espacio, junto a un sistema de deshielo semiautom\u00e1tico con charola de drenado integrada que hace que te olvides de vaciar el agua acumulada.<br \/>\nFresh Box: compartimiento de mayor tama\u00f1o perfecto para frutas y verduras<br \/>\nDispensador de agua con capacidad de 2.5L<br \/>\nControl de temperatura mecanico ajustable<br \/>\nDimensiones sin empaque<br \/>\n520 mm x 540 mm x 1265 mm<\/p>\n","protected":false},"excerpt":{"rendered":"<p>Soy el compacto ideal para tu sala, oficina, rec\u00e1mara o el espacio de tu agrado, pues cuento con un dispensador de agua de 2.5 litros<\/p>\n","protected":false},"featured_media":13671,"comment_status":"open","ping_status":"closed","template":"","meta":{"_acf_changed":false},"pwb-brand":[236],"product_brand":[],"product_cat":[385,142],"product_tag":[],"class_list":{"0":"post-13670","1":"product","2":"type-product","3":"status-publish","4":"has-post-thumbnail","6":"pwb-brand-midea","7":"product_cat-refrigeradores-refrigeradores","8":"product_cat-refrigeradores","10":"first","11":"outofstock","12":"shipping-taxable","13":"purchasable","14":"product-type-simple"},"acf":[],"brands":[{"id":236,"name":"MIDEA","slug":"midea"}],"_links":{"self":[{"href":"https:\/\/triplex.com.bo\/index.php\/wp-json\/wp\/v2\/product\/13670","targetHints":{"allow":["GET"]}}],"collection":[{"href":"https:\/\/triplex.com.bo\/index.php\/wp-json\/wp\/v2\/product"}],"about":[{"href":"https:\/\/triplex.com.bo\/index.php\/wp-json\/wp\/v2\/types\/product"}],"replies":[{"embeddable":true,"href":"https:\/\/triplex.com.bo\/index.php\/wp-json\/wp\/v2\/comments?post=13670"}],"wp:featuredmedia":[{"embeddable":true,"href":"https:\/\/triplex.com.bo\/index.php\/wp-json\/wp\/v2\/media\/13671"}],"wp:attachment":[{"href":"https:\/\/triplex.com.bo\/index.php\/wp-json\/wp\/v2\/media?parent=13670"}],"wp:term":[{"taxonomy":"pwb-brand","embeddable":true,"href":"https:\/\/triplex.com.bo\/index.php\/wp-json\/wp\/v2\/pwb-brand?post=13670"},{"taxonomy":"product_brand","embeddable":true,"href":"https:\/\/triplex.com.bo\/index.php\/wp-json\/wp\/v2\/product_brand?post=13670"},{"taxonomy":"product_cat","embeddable":true,"href":"https:\/\/triplex.com.bo\/index.php\/wp-json\/wp\/v2\/product_cat?post=13670"},{"taxonomy":"product_tag","embeddable":true,"href":"https:\/\/triplex.com.bo\/index.php\/wp-json\/wp\/v2\/product_tag?post=13670"}],"curies":[{"name":"wp","href":"https:\/\/api.w.org\/{rel}","templated":true}]}}