{"id":13615,"date":"2023-07-26T14:24:49","date_gmt":"2023-07-26T14:24:49","guid":{"rendered":"https:\/\/triplex.com.bo\/?post_type=product&#038;p=13615"},"modified":"2026-01-07T22:03:13","modified_gmt":"2026-01-08T02:03:13","slug":"portabotellas-electrolux","status":"publish","type":"product","link":"https:\/\/triplex.com.bo\/index.php\/product\/portabotellas-electrolux\/","title":{"rendered":"PORTABOTELLAS ELECTROLUX"},"content":{"rendered":"<p><span>Mant\u00e9n tus bebidas frescas con elegancia dentro de la hielera. <\/span><span>El soporte para Botellas y Latas es s\u00faper pr\u00e1ctico y se puede usar en cualquier estante de tu refrigerador. <\/span><span>Guarda botellas de vino, cerveza y agua. <\/span><span>Compatible con todos los modelos de frigor\u00edficos Caracter\u00edsticas: Optimizaci\u00f3n del espacio Almacena hasta 3 botellas de 1,5L o 6 latas. <\/span><span>\u00a1\u00dasalo donde quieras! <\/span><span>Se puede instalar f\u00e1cilmente dentro de su refrigerador o incluso en cualquier estante de su hogar. <\/span><span>Material resistente Fabricada en hierro, la balda est\u00e1 acabada en pl\u00e1stico PVC Alto: 32cm Ancho: 12cm Largo: 33cm<\/span><\/p>\n<p>\u00a1\u00dasalo donde quieras!<br \/>\nSe puede instalar f\u00e1cilmente dentro de su refrigerador o incluso en cualquier estante de su hogar.<\/p>\n<p>Material resistente<br \/>\nFabricada en hierro, la balda tiene un acabado en pl\u00e1stico PVC.<\/p>\n","protected":false},"excerpt":{"rendered":"<p>Optimizaci\u00f3n del espacio<br \/>\nAlmacena hasta 3 botellas de 1,5 l o 6 latas.<\/p>\n","protected":false},"featured_media":13616,"comment_status":"open","ping_status":"closed","template":"","meta":{"_acf_changed":false},"pwb-brand":[207],"product_brand":[],"product_cat":[277],"product_tag":[],"class_list":{"0":"post-13615","1":"product","2":"type-product","3":"status-publish","4":"has-post-thumbnail","6":"pwb-brand-electrolux","7":"product_cat-accesorios","9":"first","10":"instock","11":"shipping-taxable","12":"purchasable","13":"product-type-simple"},"acf":[],"brands":[{"id":207,"name":"Electrolux","slug":"electrolux"}],"_links":{"self":[{"href":"https:\/\/triplex.com.bo\/index.php\/wp-json\/wp\/v2\/product\/13615","targetHints":{"allow":["GET"]}}],"collection":[{"href":"https:\/\/triplex.com.bo\/index.php\/wp-json\/wp\/v2\/product"}],"about":[{"href":"https:\/\/triplex.com.bo\/index.php\/wp-json\/wp\/v2\/types\/product"}],"replies":[{"embeddable":true,"href":"https:\/\/triplex.com.bo\/index.php\/wp-json\/wp\/v2\/comments?post=13615"}],"wp:featuredmedia":[{"embeddable":true,"href":"https:\/\/triplex.com.bo\/index.php\/wp-json\/wp\/v2\/media\/13616"}],"wp:attachment":[{"href":"https:\/\/triplex.com.bo\/index.php\/wp-json\/wp\/v2\/media?parent=13615"}],"wp:term":[{"taxonomy":"pwb-brand","embeddable":true,"href":"https:\/\/triplex.com.bo\/index.php\/wp-json\/wp\/v2\/pwb-brand?post=13615"},{"taxonomy":"product_brand","embeddable":true,"href":"https:\/\/triplex.com.bo\/index.php\/wp-json\/wp\/v2\/product_brand?post=13615"},{"taxonomy":"product_cat","embeddable":true,"href":"https:\/\/triplex.com.bo\/index.php\/wp-json\/wp\/v2\/product_cat?post=13615"},{"taxonomy":"product_tag","embeddable":true,"href":"https:\/\/triplex.com.bo\/index.php\/wp-json\/wp\/v2\/product_tag?post=13615"}],"curies":[{"name":"wp","href":"https:\/\/api.w.org\/{rel}","templated":true}]}}