{"id":13592,"date":"2023-07-25T20:52:25","date_gmt":"2023-07-25T20:52:25","guid":{"rendered":"https:\/\/triplex.com.bo\/?post_type=product&#038;p=13592"},"modified":"2026-01-07T22:06:32","modified_gmt":"2026-01-08T02:06:32","slug":"filtros-de-aspiradora-abs01-abs02-abs03","status":"publish","type":"product","link":"https:\/\/triplex.com.bo\/index.php\/product\/filtros-de-aspiradora-abs01-abs02-abs03\/","title":{"rendered":"FILTROS DE ASPIRADORA ABS01, ABS02 &#038; ABS03"},"content":{"rendered":"<p>Marca\telectrolux<br \/>\nTipo\tHEPA<br \/>\nFILTRO HEPA PARA ASPIRADORA ELECTROLUX SPIN Y SMART ORIGINAL CONTIENE 1 UNIDAD POR PAQUETE C\u00d3DIGO1 : A10601601 C\u00d3DIGO2; 41036372 APLICACI\u00d3N: FILTRO DE POLVO PARA ASPIRADORA HEPA 2 PIEZAS<\/p>\n","protected":false},"excerpt":{"rendered":"<p>Filtro Hepa Electrolux Spin Smart Efs01 Original A10601601<\/p>\n","protected":false},"featured_media":13593,"comment_status":"open","ping_status":"closed","template":"","meta":{"_acf_changed":false},"pwb-brand":[207],"product_brand":[],"product_cat":[277],"product_tag":[],"class_list":{"0":"post-13592","1":"product","2":"type-product","3":"status-publish","4":"has-post-thumbnail","6":"pwb-brand-electrolux","7":"product_cat-accesorios","9":"first","10":"outofstock","11":"shipping-taxable","12":"purchasable","13":"product-type-simple"},"acf":[],"brands":[{"id":207,"name":"Electrolux","slug":"electrolux"}],"_links":{"self":[{"href":"https:\/\/triplex.com.bo\/index.php\/wp-json\/wp\/v2\/product\/13592","targetHints":{"allow":["GET"]}}],"collection":[{"href":"https:\/\/triplex.com.bo\/index.php\/wp-json\/wp\/v2\/product"}],"about":[{"href":"https:\/\/triplex.com.bo\/index.php\/wp-json\/wp\/v2\/types\/product"}],"replies":[{"embeddable":true,"href":"https:\/\/triplex.com.bo\/index.php\/wp-json\/wp\/v2\/comments?post=13592"}],"wp:featuredmedia":[{"embeddable":true,"href":"https:\/\/triplex.com.bo\/index.php\/wp-json\/wp\/v2\/media\/13593"}],"wp:attachment":[{"href":"https:\/\/triplex.com.bo\/index.php\/wp-json\/wp\/v2\/media?parent=13592"}],"wp:term":[{"taxonomy":"pwb-brand","embeddable":true,"href":"https:\/\/triplex.com.bo\/index.php\/wp-json\/wp\/v2\/pwb-brand?post=13592"},{"taxonomy":"product_brand","embeddable":true,"href":"https:\/\/triplex.com.bo\/index.php\/wp-json\/wp\/v2\/product_brand?post=13592"},{"taxonomy":"product_cat","embeddable":true,"href":"https:\/\/triplex.com.bo\/index.php\/wp-json\/wp\/v2\/product_cat?post=13592"},{"taxonomy":"product_tag","embeddable":true,"href":"https:\/\/triplex.com.bo\/index.php\/wp-json\/wp\/v2\/product_tag?post=13592"}],"curies":[{"name":"wp","href":"https:\/\/api.w.org\/{rel}","templated":true}]}}