{"id":13272,"date":"2023-06-14T16:49:51","date_gmt":"2023-06-14T16:49:51","guid":{"rendered":"https:\/\/triplex.com.bo\/?post_type=product&#038;p=13272"},"modified":"2024-11-04T11:02:27","modified_gmt":"2024-11-04T15:02:27","slug":"tv-lg-70-uhd-ai-thinq-4k-smart-magic-remote","status":"publish","type":"product","link":"https:\/\/triplex.com.bo\/index.php\/product\/tv-lg-70-uhd-ai-thinq-4k-smart-magic-remote\/","title":{"rendered":"TV LG 70 \u00a8UHD, AI ThinQ,  4K Smart , Magic Remote"},"content":{"rendered":"<ul>\n<li>Pantalla de TV inteligente LG UHD AI ThinQ 70?? UQ80 4K<\/li>\n<li>Experiencia 4K n\u00edtida<\/li>\n<li>Los LG UHD TV mejoran su experiencia visual. Disfruta de colores vivos y detalles impresionantes en 4K Real.<\/li>\n<li>Disfruta de UHD TV a\u00fan m\u00e1s grande<\/li>\n<li>Experimenta tu contenido favorito de cerca con un LG UHD TV ultra grande.<\/li>\n<li>El TV que se ajusta perfecto a tu espacio<\/li>\n<li>LG UHD TV ahora cuenta con un dise\u00f1o m\u00e1s delgado y un m\u00ednimo de bisel que complementa el interior de tu hogar.<\/li>\n<li>Mejora tu experiencia visual<\/li>\n<li>El ?5 Gen5 AI Processor mejora a LG UHD TV para brindarle una experiencia inmersiva.<\/li>\n<li>Redefine la escala 4K<\/li>\n<li>Mira contenido que no sea 4K en 4K en pantallas UHD grandes para disfrutar de claridad y precisi\u00f3n en todo momento.<\/li>\n<li>Inteligencia m\u00e1s all\u00e1 de lo que piensas<\/li>\n<li>Desde control de voz hasta contenido personalizado, ThinQ AI hace que LG UHD TV sea una experiencia realmente inteligente.<\/li>\n<li>Inteligencia m\u00e1s all\u00e1 de lo que piensas<\/li>\n<li>F\u00e1cil control con solo tu voz. Smart Voice Control a trav\u00e9s de Google Assistant, Amazon Alexa, Apple AirPlay y m\u00e1s, hace que controlar tu televisor LG UHD sea m\u00e1s f\u00e1cil y r\u00e1pido que nunca.<\/li>\n<li>Mi perfil<\/li>\n<li>Disfrute de la comodidad iniciando sesi\u00f3n en su propia cuenta y viendo contenido recomendado solo para usted.<\/li>\n<li>Alerta deportiva<\/li>\n<li>\u00a1Con Sport Alert, puedes dejar de preocuparte por perderte tus partidos favoritos! Recibe notificaciones antes de todos los partidos m\u00e1s importantes.<\/li>\n<li>La experiencia del cine en casa<\/li>\n<li>M\u00edralo en 4K y disfruta de una experiencia visual como la del cine.<\/li>\n<li>HDR10 Pro<\/li>\n<li>Con HDR10 Pro, el nivel de brillo se ajusta para mejorar el color y la claridad en cada imagen. D\u00e9jate hipnotizar por lo realista que se ve tu contenido.<\/li>\n<li>Tus video juegos m\u00e1s \u00e9picos<\/li>\n<li>Disfruta de una fant\u00e1stica experiencia de juego con Cloud Game, Game Dashboard &amp; Optimizer y HGiG.<\/li>\n<li>Tablero de juegos y optimizador<\/li>\n<li>Encuentra todas las configuraciones que necesitas para un juego \u00f3ptimo en un solo lugar. Game Dashboard te permite cambiar r\u00e1pidamente la configuraci\u00f3n actual del g\u00e9nero del video juego.<\/li>\n<li>Aventura ininterrumpida<\/li>\n<li>No te pierdas ni un momento gracias al desgarro de pantalla minimizado y al retraso reducido. Disfruta de un video juego fluido y alucinante en el LG UHD TV.<\/li>\n<li>Especificaciones:<\/li>\n<li>Tipo de pantalla: 4K UHD<\/li>\n<li>Tama\u00f1o de la pantalla: 70??<\/li>\n<li>Resoluci\u00f3n: 4K (3840*2160)<\/li>\n<li>Color \/ Amplia gama de colores: NO<\/li>\n<li>Millones de colores perfectos: NO<\/li>\n<li>Negro Perfecto: No<\/li>\n<li>Contraste \/ Dimming: No<\/li>\n<li>Movimiento verdadero\/frecuencia de actualizaci\u00f3n: Frecuencia de actualizaci\u00f3n 60Hz<\/li>\n<li>Sistema Operativo: Televisor inteligente webOS<\/li>\n<li>Imagen<\/li>\n<li>Procesador: Procesador ?5 Gen5 AI 4K<\/li>\n<li>Imagen AI \/ Pro: No<\/li>\n<li>Mejora de la IA: Mejora de la IA<\/li>\n<li>Selecci\u00f3n autom\u00e1tica de g\u00e9nero: No<\/li>\n<li>Control de brillo AI: Control de brillo AI<\/li>\n<li>HDR: HDR activo<\/li>\n<li>Dolby Visi\u00f3n IQ: No<\/li>\n<li>HDR10 Pro: Si<\/li>\n<li>HLG: SI<\/li>\n<li>Modo crear pel\u00edcula: Si<\/li>\n<li>Mapeo din\u00e1mico de tonos \/ Pro: Mapeo din\u00e1mico de tonos<\/li>\n<li>HFR 4K: No<\/li>\n<li>HFR 2K: No<\/li>\n<li>Pro movimiento: No<\/li>\n<li>HEVC: 4K a 60p, 10 bits<\/li>\n<li>Compatible con G-Sync: No<\/li>\n<li>FreeSync: Si<\/li>\n<li>Modo HGIG: Modo HGIG<\/li>\n<li>Optimizador de juegos (VRR\/ALLM\/GameGenre): ALLM\/G\u00e9nerode juego<\/li>\n<li>Modo de imagen: 9 modos (V\u00edvido, Est\u00e1ndar, Eco, Cine, Deportes, Juego, Cineasta, (ISF)Experto (Habitaci\u00f3n luminosa), (ISF)Experto (Habitaci\u00f3n oscura))<\/li>\n<li>Audio<\/li>\n<li>Salida de audio: 20W<\/li>\n<li>Canales: 2.0 canales<\/li>\n<li>Direcci\u00f3n: Disparo hacia abajo<\/li>\n<li>Salida de audio simult\u00e1nea: Si<\/li>\n<li>ATMOS DOLBY: No<\/li>\n<li>Sonido AI \/ Pro: AI Sound Pro \/ (mezcla ascendente virtual 5.1.2)<\/li>\n<li>Afinaci\u00f3n ac\u00fastica de IA: Afinaci\u00f3n ac\u00fastica de IA<\/li>\n<li>Voz clara: Voz clara Pro<\/li>\n<li>Preparado para sonido envolvente Bluetooth: Preparado para sonido envolvente Bluetooth<\/li>\n<li>Altavoces WiSA: No<\/li>\n<li>Sincronizaci\u00f3n de sonido LG: Sincronizaci\u00f3n de sonido LG<\/li>\n<li>Compartir sonido: Sound Share \/ (Dif. Por regi\u00f3n)<\/li>\n<li>C\u00f3dec de audio: AC4, AC3(Dolby Digital), EAC3, HE-AAC, AAC, MP2, MP3, PCM, WMA, apt-X \/ Varia por regi\u00f3n<\/li>\n<li>Control de modo de barra de sonido: Si<\/li>\n<li>Modo de sonido de TV Compartir: Si<\/li>\n<li>Funciones AI Smart<\/li>\n<li>ThinQ: Si<\/li>\n<li>Reconocimiento de voz inteligente: Si<\/li>\n<li>Dictado a texto: Si<\/li>\n<li>B\u00fasqueda por voz de LG: Si<\/li>\n<li>Asistente de Google: Si<\/li>\n<li>Amazon Alexa: Si<\/li>\n<li>IA Inicio: Si<\/li>\n<li>Recomendaci\u00f3n de AI: Si<\/li>\n<li>Edici\u00f3n inteligente: Si<\/li>\n<li>Tablero de Inicio: Si<\/li>\n<li>Kit de hogar de Apple: Si<\/li>\n<li>Conexi\u00f3n de inicio de Google: Si<\/li>\n<li>Conexi\u00f3n de eco de Amazon: Si<\/li>\n<li>Compartir pantalla: No<\/li>\n<li>Aplicaci\u00f3n ThinQ: Si<\/li>\n<li>Airplay2: No<\/li>\n<li>Pr\u00f3ximas selecciones: Si<\/li>\n<li>Explorador M\u00e1gico: Si<\/li>\n<li>Control remoto m\u00e1gico: Si<\/li>\n<li>Acceso r\u00e1pido: Si<\/li>\n<li>Juego de realidad virtual de 360\u00b0: Si<\/li>\n<li>B\u00fasqueda de contenido relacionado: SI<\/li>\n<li>Conectividad<\/li>\n<li>HDMI: 3 (Lado)<\/li>\n<li>Versi\u00f3n HDMI: 2.0<\/li>\n<li>Enlace simple (HDMI CEC): Enlace simple (HDMI CEC)<\/li>\n<li>eARC \/ ARC (Canal de retorno de audio): eARC (HDMI 2)<\/li>\n<li>USB: 1 (Lado)<\/li>\n<li>Modelo: 70UQ8050PSB<\/li>\n<li>Marca: LG<\/li>\n<li>Medidas:<\/li>\n<li>Con Soporte (An x Al x Pr): 156.2 x 97.2 x 36.1 cm<\/li>\n<\/ul>\n","protected":false},"excerpt":{"rendered":"<p>TV LG 70 \u00a8UHD, AI ThinQ, 4K Smart , Magic Remote<\/p>\n","protected":false},"featured_media":13270,"comment_status":"open","ping_status":"closed","template":"","meta":{"_acf_changed":false},"pwb-brand":[370],"product_brand":[],"product_cat":[178,284],"product_tag":[],"class_list":{"0":"post-13272","1":"product","2":"type-product","3":"status-publish","4":"has-post-thumbnail","6":"pwb-brand-lg","7":"product_cat-tv-y-video-televisores","8":"product_cat-tv","10":"first","11":"outofstock","12":"shipping-taxable","13":"purchasable","14":"product-type-simple"},"acf":[],"brands":[{"id":370,"name":"LG","slug":"lg"}],"_links":{"self":[{"href":"https:\/\/triplex.com.bo\/index.php\/wp-json\/wp\/v2\/product\/13272","targetHints":{"allow":["GET"]}}],"collection":[{"href":"https:\/\/triplex.com.bo\/index.php\/wp-json\/wp\/v2\/product"}],"about":[{"href":"https:\/\/triplex.com.bo\/index.php\/wp-json\/wp\/v2\/types\/product"}],"replies":[{"embeddable":true,"href":"https:\/\/triplex.com.bo\/index.php\/wp-json\/wp\/v2\/comments?post=13272"}],"wp:featuredmedia":[{"embeddable":true,"href":"https:\/\/triplex.com.bo\/index.php\/wp-json\/wp\/v2\/media\/13270"}],"wp:attachment":[{"href":"https:\/\/triplex.com.bo\/index.php\/wp-json\/wp\/v2\/media?parent=13272"}],"wp:term":[{"taxonomy":"pwb-brand","embeddable":true,"href":"https:\/\/triplex.com.bo\/index.php\/wp-json\/wp\/v2\/pwb-brand?post=13272"},{"taxonomy":"product_brand","embeddable":true,"href":"https:\/\/triplex.com.bo\/index.php\/wp-json\/wp\/v2\/product_brand?post=13272"},{"taxonomy":"product_cat","embeddable":true,"href":"https:\/\/triplex.com.bo\/index.php\/wp-json\/wp\/v2\/product_cat?post=13272"},{"taxonomy":"product_tag","embeddable":true,"href":"https:\/\/triplex.com.bo\/index.php\/wp-json\/wp\/v2\/product_tag?post=13272"}],"curies":[{"name":"wp","href":"https:\/\/api.w.org\/{rel}","templated":true}]}}