{"id":13146,"date":"2023-05-17T18:27:49","date_gmt":"2023-05-17T18:27:49","guid":{"rendered":"https:\/\/triplex.com.bo\/?post_type=product&#038;p=13146"},"modified":"2024-06-13T09:19:18","modified_gmt":"2024-06-13T13:19:18","slug":"plancha-de-cabello-nano-titanium-babylisspro-4081","status":"publish","type":"product","link":"https:\/\/triplex.com.bo\/index.php\/product\/plancha-de-cabello-nano-titanium-babylisspro-4081\/","title":{"rendered":"Plancha de cabello Nano titanium Babylisspro 4081"},"content":{"rendered":"<p>La plancha Babyliss 4081 cuenta con las mejores y m\u00e1s avanzadas tecnolog\u00edas de calefacci\u00f3n y dise\u00f1o. Vers\u00e1til, el Nano Titanium Babyliss Pro posibilita alisar, crear rizos o cabellos ondulados perfectos.<\/p>\n<p>\u2022 La Nano Titanium Babyliss Pror con chapa de 25mm permite alisar, modelar o crear olas, con un giro de deslizamiento extra suave. Posee Placas Laterales de Calefacci\u00f3n que crean racimos naturales con facilidad.<\/p>\n<p>\u2022 Cuenta con la tecnolog\u00eda Nano Titanium que es un excepcional conductor de calor que mantiene la estabilidad a temperaturas extremadamente altas. Las aut\u00e9nticas Placas de Titanio son ultralisas, resistentes al calor intenso y corrosi\u00f3n, permitiendo el alcance de las m\u00e1s altas temperaturas para modelado y alisado perfecto, sin da\u00f1ar los cabellos.<\/p>\n<p>\u2022 Su superficie en Nano Titanium retiene la temperatura, produciendo el m\u00e1ximo calor infrarrojo largo, calentando el pelo de dentro hacia afuera, para suavizar suavemente sin causar da\u00f1os. Adem\u00e1s, Babyliss Pro Nano Titanium posee la tecnolog\u00eda Ryton que es resistente a altas temperaturas, evitando deformaciones y da\u00f1os al aparato. \u2022 La placa Babyliss Pro Nano Titanium U Syler alcanza hasta 450\u00baF (230\u00baC) de temperatura, con resistencia de cer\u00e1mica integrada, para alisar el cabello un 40% m\u00e1s r\u00e1pido. Es ligero, posee control de temperatura, patin ultraliso, puntas fr\u00edas, descanso de goma y cable moldeado f\u00e1cil de sostener. \u2022 Nano Titanium U Syler ha sido especialmente desarrollada para satisfacer las necesidades de los profesionales m\u00e1s exigentes, garantizando el m\u00e1ximo rendimiento para procedimientos de escobillas progresivas, alisamientos, rizos y modelados volcados.<\/p>\n","protected":false},"excerpt":{"rendered":"<p>Plancha de cabello Nano titanium Babylisspro 4081<\/p>\n","protected":false},"featured_media":13147,"comment_status":"open","ping_status":"closed","template":"","meta":{"_acf_changed":false},"pwb-brand":[397],"product_brand":[],"product_cat":[188],"product_tag":[],"class_list":{"0":"post-13146","1":"product","2":"type-product","3":"status-publish","4":"has-post-thumbnail","6":"pwb-brand-babyliss","7":"product_cat-cuidado-personal","9":"first","10":"outofstock","11":"shipping-taxable","12":"purchasable","13":"product-type-simple"},"acf":[],"brands":[{"id":397,"name":"Babyliss","slug":"babyliss"}],"_links":{"self":[{"href":"https:\/\/triplex.com.bo\/index.php\/wp-json\/wp\/v2\/product\/13146","targetHints":{"allow":["GET"]}}],"collection":[{"href":"https:\/\/triplex.com.bo\/index.php\/wp-json\/wp\/v2\/product"}],"about":[{"href":"https:\/\/triplex.com.bo\/index.php\/wp-json\/wp\/v2\/types\/product"}],"replies":[{"embeddable":true,"href":"https:\/\/triplex.com.bo\/index.php\/wp-json\/wp\/v2\/comments?post=13146"}],"wp:featuredmedia":[{"embeddable":true,"href":"https:\/\/triplex.com.bo\/index.php\/wp-json\/wp\/v2\/media\/13147"}],"wp:attachment":[{"href":"https:\/\/triplex.com.bo\/index.php\/wp-json\/wp\/v2\/media?parent=13146"}],"wp:term":[{"taxonomy":"pwb-brand","embeddable":true,"href":"https:\/\/triplex.com.bo\/index.php\/wp-json\/wp\/v2\/pwb-brand?post=13146"},{"taxonomy":"product_brand","embeddable":true,"href":"https:\/\/triplex.com.bo\/index.php\/wp-json\/wp\/v2\/product_brand?post=13146"},{"taxonomy":"product_cat","embeddable":true,"href":"https:\/\/triplex.com.bo\/index.php\/wp-json\/wp\/v2\/product_cat?post=13146"},{"taxonomy":"product_tag","embeddable":true,"href":"https:\/\/triplex.com.bo\/index.php\/wp-json\/wp\/v2\/product_tag?post=13146"}],"curies":[{"name":"wp","href":"https:\/\/api.w.org\/{rel}","templated":true}]}}