{"id":12774,"date":"2023-03-01T17:54:41","date_gmt":"2023-03-01T17:54:41","guid":{"rendered":"https:\/\/triplex.com.bo\/?post_type=product&#038;p=12774"},"modified":"2026-05-05T23:36:17","modified_gmt":"2026-05-06T03:36:17","slug":"refrigerador-twin-387lts-electrolux-inv-5073-fs-em","status":"publish","type":"product","link":"https:\/\/triplex.com.bo\/index.php\/product\/refrigerador-twin-387lts-electrolux-inv-5073-fs-em\/","title":{"rendered":"REFRIGERADOR TWIN 387LTS ELECTROLUX INV\/5073\/FS\/EM"},"content":{"rendered":"<p>AutoSense: Controla la temperatura del Refrigerador y prolonga la vida \u00fatil de los alimentos hasta un 30% m\u00e1s.<br \/>\nTecnolog\u00eda Inverter: Mantiene la temperatura m\u00e1s estable. Hasta un % de ahorro energ\u00e9tico y conservaci\u00f3n ideal de los alimentos.<br \/>\nSmart Capacity: Refrigerador con gran capacidad de 355 Lts para almacenar y organizar inteligentemente todo lo que necesitas.<br \/>\nSlide &amp; Adapt: Compartimento especial que se puede abrir en un \u00e1ngulo ideal de 30\u00b0 para facilitar el acceso a paquetes grandes.<br \/>\nGas Ecol\u00f3gico: No da\u00f1a el medio ambiente ni la capa de ozono.<br \/>\nCapacidad bruta de refrigeracion 387Ltr<br \/>\nCapacidad neta de refrigeracion 355Ltr<br \/>\nVoltaje \/Frecuencia 220\/50<br \/>\nColor Gris<br \/>\nTecnologia de refrigeracion Frio seco<br \/>\nMotor Inverter<br \/>\nGas refrigerante R600a\/73g<br \/>\nAlto*Ancho*Alto 1850*595*703<\/p>\n","protected":false},"excerpt":{"rendered":"<p>REFRIGERADOR TWIN 387LTS ELECTROLUX INV\/5073\/FS\/EM<\/p>\n","protected":false},"featured_media":12775,"comment_status":"open","ping_status":"closed","template":"","meta":{"_acf_changed":false},"pwb-brand":[207],"product_brand":[],"product_cat":[209,385,142],"product_tag":[],"class_list":{"0":"post-12774","1":"product","2":"type-product","3":"status-publish","4":"has-post-thumbnail","6":"pwb-brand-electrolux","7":"product_cat-ofertas-especiales","8":"product_cat-refrigeradores-refrigeradores","9":"product_cat-refrigeradores","11":"first","12":"instock","13":"sale","14":"shipping-taxable","15":"purchasable","16":"product-type-simple"},"acf":[],"brands":[{"id":207,"name":"Electrolux","slug":"electrolux"}],"_links":{"self":[{"href":"https:\/\/triplex.com.bo\/index.php\/wp-json\/wp\/v2\/product\/12774","targetHints":{"allow":["GET"]}}],"collection":[{"href":"https:\/\/triplex.com.bo\/index.php\/wp-json\/wp\/v2\/product"}],"about":[{"href":"https:\/\/triplex.com.bo\/index.php\/wp-json\/wp\/v2\/types\/product"}],"replies":[{"embeddable":true,"href":"https:\/\/triplex.com.bo\/index.php\/wp-json\/wp\/v2\/comments?post=12774"}],"wp:featuredmedia":[{"embeddable":true,"href":"https:\/\/triplex.com.bo\/index.php\/wp-json\/wp\/v2\/media\/12775"}],"wp:attachment":[{"href":"https:\/\/triplex.com.bo\/index.php\/wp-json\/wp\/v2\/media?parent=12774"}],"wp:term":[{"taxonomy":"pwb-brand","embeddable":true,"href":"https:\/\/triplex.com.bo\/index.php\/wp-json\/wp\/v2\/pwb-brand?post=12774"},{"taxonomy":"product_brand","embeddable":true,"href":"https:\/\/triplex.com.bo\/index.php\/wp-json\/wp\/v2\/product_brand?post=12774"},{"taxonomy":"product_cat","embeddable":true,"href":"https:\/\/triplex.com.bo\/index.php\/wp-json\/wp\/v2\/product_cat?post=12774"},{"taxonomy":"product_tag","embeddable":true,"href":"https:\/\/triplex.com.bo\/index.php\/wp-json\/wp\/v2\/product_tag?post=12774"}],"curies":[{"name":"wp","href":"https:\/\/api.w.org\/{rel}","templated":true}]}}