{"id":12722,"date":"2023-02-27T12:58:34","date_gmt":"2023-02-27T12:58:34","guid":{"rendered":"https:\/\/triplex.com.bo\/?post_type=product&#038;p=12722"},"modified":"2025-10-30T15:30:05","modified_gmt":"2025-10-30T19:30:05","slug":"split-18000-btu-ww-inverter-wifi","status":"publish","type":"product","link":"https:\/\/triplex.com.bo\/index.php\/product\/split-18000-btu-ww-inverter-wifi\/","title":{"rendered":"SPLIT 18.000 BTU INVERTER WIFI WHITE WESTINGHOUSE"},"content":{"rendered":"<p>Control por WIFI<br \/>\nControl con funci\u00f3n \u201cFollow-me\u201d. El control mide la temperatura donde se encuentra el control, para comodidad del usuario<br \/>\nEsterilizacion por rayos UV. Viene con los rayos UV incluidos. Esteriliza el aire que pasa.<br \/>\nGenerador de Iones. Funcion que atrapa particulas mediante iones, para que no ingresen al ambiente<br \/>\nN\u00famero de modelo WW-G1BFK-18K-Inv<br \/>\nTipo Bomba de calefacci\u00f3n<br \/>\nTipo de control Remoto<br \/>\nCapacidad nominal de refrigeraci\u00f3n Btu\/h 18000(4095~19500)<br \/>\nCapacidad de calefacci\u00f3n nominal Btu\/h 18000(4095~19500)<br \/>\nEER para refrigeraci\u00f3n W\/W 2,82<br \/>\nCOP para calefacci\u00f3n W\/W 3.07<br \/>\nEliminaci\u00f3n de humedad Litros\/h 1,8<br \/>\nPresi\u00f3n Alta (DP) MPa 4.5<br \/>\nBajo (SP) MPa 1.9<br \/>\nNivel de ruido interior en refrigeraci\u00f3n Alto dB(A) 43<br \/>\nMedicina. dB(A) 38<br \/>\nBajo dB(A) 33<br \/>\nNivel de ruido exterior dB(A) 52<br \/>\nDatos el\u00e9ctricos<br \/>\nFuente de alimentaci\u00f3n 208-<br \/>\n230V~\/50Hz\/60Hz\/1P<br \/>\nRango de voltaje V 165~265<br \/>\nCorriente nominal Refrigeraci\u00f3n A 8.9(1.4~12.0)<br \/>\nCalefacci\u00f3n A 8.1 (1.4~12.0)<br \/>\nEntrada nominal Refrigeraci\u00f3n W 1870(300~2500)<br \/>\nCalefacci\u00f3n W 1720(300~2500)<br \/>\nRefrigeraci\u00f3n de corriente m\u00e1xima A 12<br \/>\nCalefacci\u00f3n A 12<br \/>\nM\u00e1xima potencia de refrigeraci\u00f3n W 2500<br \/>\nEntrada Calefacci\u00f3n W 2500<br \/>\nSistema de refrigeraci\u00f3n<br \/>\nRefrigerante R410A\/1060g<br \/>\nTipo de compresor rotativo<br \/>\nModelo KSN140D33UFZ3<br \/>\nMFG GMCC<br \/>\nEvaporador<br \/>\nCondensador<br \/>\nSistema de ventilador<br \/>\nCirculaci\u00f3n de aire interior (refrigeraci\u00f3n) m3\/h 950<br \/>\nTipo de ventilador interior Flujo cruzado<br \/>\nVelocidad del ventilador interior H\/M\/L Refrigeraci\u00f3n rpm 1300\/1220\/\/1050\/850\/750<br \/>\nCalefacci\u00f3n rpm 1350\/1250\/\/1050\/850\/750<br \/>\nSeco rpm 1300<br \/>\nSue\u00f1o rpm 850<br \/>\nMotor de ventilador interior 22001-000409 210900495H<br \/>\nPotencia motor ventilador interior W 25<br \/>\nVentilador exterior tipo H\u00e9lice<br \/>\nMotor de ventilador exterior 22001-000551<br \/>\nVelocidad del ventilador exterior rpm 1000<br \/>\nPotencia motor ventilador exterior W 33<br \/>\nConexiones<br \/>\nTubo Conexion Gas Pulgadas 3\/8\u00bb<br \/>\nL\u00edquido Pulgadas 1\/4\u00bb<br \/>\nTama\u00f1o del cableado de conexi\u00f3n x N\u00famero de n\u00facleo<br \/>\nTubo de drenaje<br \/>\nOtros<br \/>\n\u00c1rea adecuada m2 20~35<br \/>\nNeto Interior mm 920\u00d7306\u00d7195<br \/>\ndimensiones (An x Pr x Al) mm 853\u00d7349\u00d7602<br \/>\nExterior<br \/>\nPeso neto Interior kg 10,5<br \/>\nExterior kg 28<br \/>\nDimensiones del embalaje (An. x Pr. x Al.) Interior mm 990\u00d7380\u00d7265<br \/>\nmm 890\u00d7385\u00d7628<br \/>\nExterior<br \/>\nPeso bruto con tubo Interior kg 13,5<br \/>\nExterior kg 32<br \/>\nCapacidad de carga 40HQ con tuber\u00eda PCS 204<\/p>\n","protected":false},"excerpt":{"rendered":"<p>SPLIT 18000 BTU WW INVERTER WIFI<\/p>\n","protected":false},"featured_media":15482,"comment_status":"open","ping_status":"closed","template":"","meta":{"_acf_changed":false},"pwb-brand":[208],"product_brand":[],"product_cat":[152,139],"product_tag":[],"class_list":{"0":"post-12722","1":"product","2":"type-product","3":"status-publish","4":"has-post-thumbnail","6":"pwb-brand-white-westinghouse","7":"product_cat-climatizacion-split","8":"product_cat-climatizacion","10":"first","11":"outofstock","12":"shipping-taxable","13":"purchasable","14":"product-type-simple"},"acf":[],"brands":[{"id":208,"name":"White-Westinghousesss","slug":"white-westinghouse"}],"_links":{"self":[{"href":"https:\/\/triplex.com.bo\/index.php\/wp-json\/wp\/v2\/product\/12722","targetHints":{"allow":["GET"]}}],"collection":[{"href":"https:\/\/triplex.com.bo\/index.php\/wp-json\/wp\/v2\/product"}],"about":[{"href":"https:\/\/triplex.com.bo\/index.php\/wp-json\/wp\/v2\/types\/product"}],"replies":[{"embeddable":true,"href":"https:\/\/triplex.com.bo\/index.php\/wp-json\/wp\/v2\/comments?post=12722"}],"wp:featuredmedia":[{"embeddable":true,"href":"https:\/\/triplex.com.bo\/index.php\/wp-json\/wp\/v2\/media\/15482"}],"wp:attachment":[{"href":"https:\/\/triplex.com.bo\/index.php\/wp-json\/wp\/v2\/media?parent=12722"}],"wp:term":[{"taxonomy":"pwb-brand","embeddable":true,"href":"https:\/\/triplex.com.bo\/index.php\/wp-json\/wp\/v2\/pwb-brand?post=12722"},{"taxonomy":"product_brand","embeddable":true,"href":"https:\/\/triplex.com.bo\/index.php\/wp-json\/wp\/v2\/product_brand?post=12722"},{"taxonomy":"product_cat","embeddable":true,"href":"https:\/\/triplex.com.bo\/index.php\/wp-json\/wp\/v2\/product_cat?post=12722"},{"taxonomy":"product_tag","embeddable":true,"href":"https:\/\/triplex.com.bo\/index.php\/wp-json\/wp\/v2\/product_tag?post=12722"}],"curies":[{"name":"wp","href":"https:\/\/api.w.org\/{rel}","templated":true}]}}