{"id":12408,"date":"2023-01-03T18:22:03","date_gmt":"2023-01-03T18:22:03","guid":{"rendered":"https:\/\/triplex.com.bo\/?post_type=product&#038;p=12408"},"modified":"2026-03-04T18:25:22","modified_gmt":"2026-03-04T22:25:22","slug":"cocina-encimera-vitroceramico-fensa","status":"publish","type":"product","link":"https:\/\/triplex.com.bo\/index.php\/product\/cocina-encimera-vitroceramico-fensa\/","title":{"rendered":"COCINA ENCIMERA VITROCERAMICO FENSA"},"content":{"rendered":"<p>\u2705 Color del panel: negra<br \/>\n\u2705 9 niveles de cocci\u00f3n en cada zona<br \/>\n\u2705 Dise\u00f1o elegante y construcci\u00f3n duradera<br \/>\n\u2705 Temporizador de corte en cada zona de cocci\u00f3n con apagado autom\u00e1tico<br \/>\n\u2705 Cubierta vitrocer\u00e1mica: un dise\u00f1o moderno que te brinda mayor resistencia y f\u00e1cil limpieza<br \/>\n\u2705 Indicador de calor residual: se mantiene encendido mientras la temperatura de la placa sea alta<br \/>\n\u2705 Bloqueo de seguridad para ni\u00f1os: impide que se realicen cambios no deseados en la configuraci\u00f3n<br \/>\n\u2705 Cuatro zonas radiantes: incluye 3 calefactores single de 1.2 kW y un calefactor Dual de 1.8 kW<br \/>\n\u2705 Control digital touch: gran facilidad para seleccionar las funciones de tu encimera con un solo toque<br \/>\n\u2705 Medidas del producto: Alto 5,4 cm. Ancho 70 cm. Largo 43,5 cm.<br \/>\n\u2705 Dimensiones aproximadas del cuerpo que va empotrado: Alto 4,9 cm. Ancho 65 cm. Largo 40,4 cm.<br \/>\n\u2705 Voltaje: 220-240V\/ 50-60 Hz<br \/>\n\u2705 Potencia total: 5.1 kW<br \/>\n\u2705 Peso neto: 7,7 kg<\/p>\n","protected":false},"excerpt":{"rendered":"<p>Elegancia, innovaci\u00f3n y tecnolog\u00eda de punta al alcance de tus manos gracias a Fensa y su placa de inducci\u00f3n FEV-4T que te permite disfrutar como nunca y cocinar sin restricciones..<\/p>\n","protected":false},"featured_media":13383,"comment_status":"open","ping_status":"closed","template":"","meta":{"_acf_changed":false},"pwb-brand":[386],"product_brand":[],"product_cat":[156,140],"product_tag":[],"class_list":{"0":"post-12408","1":"product","2":"type-product","3":"status-publish","4":"has-post-thumbnail","6":"pwb-brand-fensa","7":"product_cat-cocinas-empotrables","8":"product_cat-cocinas","10":"first","11":"instock","12":"shipping-taxable","13":"purchasable","14":"product-type-simple"},"acf":[],"brands":[{"id":386,"name":"FENSA","slug":"fensa"}],"_links":{"self":[{"href":"https:\/\/triplex.com.bo\/index.php\/wp-json\/wp\/v2\/product\/12408","targetHints":{"allow":["GET"]}}],"collection":[{"href":"https:\/\/triplex.com.bo\/index.php\/wp-json\/wp\/v2\/product"}],"about":[{"href":"https:\/\/triplex.com.bo\/index.php\/wp-json\/wp\/v2\/types\/product"}],"replies":[{"embeddable":true,"href":"https:\/\/triplex.com.bo\/index.php\/wp-json\/wp\/v2\/comments?post=12408"}],"wp:featuredmedia":[{"embeddable":true,"href":"https:\/\/triplex.com.bo\/index.php\/wp-json\/wp\/v2\/media\/13383"}],"wp:attachment":[{"href":"https:\/\/triplex.com.bo\/index.php\/wp-json\/wp\/v2\/media?parent=12408"}],"wp:term":[{"taxonomy":"pwb-brand","embeddable":true,"href":"https:\/\/triplex.com.bo\/index.php\/wp-json\/wp\/v2\/pwb-brand?post=12408"},{"taxonomy":"product_brand","embeddable":true,"href":"https:\/\/triplex.com.bo\/index.php\/wp-json\/wp\/v2\/product_brand?post=12408"},{"taxonomy":"product_cat","embeddable":true,"href":"https:\/\/triplex.com.bo\/index.php\/wp-json\/wp\/v2\/product_cat?post=12408"},{"taxonomy":"product_tag","embeddable":true,"href":"https:\/\/triplex.com.bo\/index.php\/wp-json\/wp\/v2\/product_tag?post=12408"}],"curies":[{"name":"wp","href":"https:\/\/api.w.org\/{rel}","templated":true}]}}