{"id":12406,"date":"2023-01-03T18:19:06","date_gmt":"2023-01-03T18:19:06","guid":{"rendered":"https:\/\/triplex.com.bo\/?post_type=product&#038;p=12406"},"modified":"2025-03-27T16:10:56","modified_gmt":"2025-03-27T20:10:56","slug":"aspiradora-ergorapido-21-electrolux","status":"publish","type":"product","link":"https:\/\/triplex.com.bo\/index.php\/product\/aspiradora-ergorapido-21-electrolux\/","title":{"rendered":"ASPIRADORA ERGORAPIDO 21 ELECTROLUX"},"content":{"rendered":"<p>Pr\u00e1ctica.Vers\u00e1til.<br \/>\nErgon\u00f3mica.Transforma cualquier limpieza en una tarea simple y r\u00e1pida. M\u00e1s tiempo para lo que realmente importa<br \/>\nAspiradora vertical + aspiradora manual port\u00e1til.<br \/>\nTecnolog\u00eda 180\u00ba Easy Steer\u2122 Mayor libertad de movimiento.<br \/>\nBater\u00eda Lithium Larga duraci\u00f3n y alto rendimiento para una limpieza eficiente.<br \/>\nContenido<br \/>\ndel embalaje<br \/>\n1 aspiradora vertical inal\u00e1mbrica con unidad de mano ERG21<br \/>\n1 boquilla para esquinas y ranuras<br \/>\n1 cargador con cable<br \/>\nManual de instrucciones<br \/>\nAltura: 107cm<br \/>\nAncho: 26,3cm<br \/>\nProfundidad: 15cm<br \/>\nLa aspiradora inal\u00e1mbrica Electrolux ERG21 2 en 1 con 60W de potencia, resulta pr\u00e1ctica, vers\u00e1til y ergon\u00f3mica, para transformar la limpieza en una tarea simple y r\u00e1pida.<\/p>\n","protected":false},"excerpt":{"rendered":"<p>ASPIRADORA ERGORAPIDO 21 ELECTROLUX<\/p>\n","protected":false},"featured_media":12407,"comment_status":"open","ping_status":"closed","template":"","meta":{"_acf_changed":false},"pwb-brand":[207],"product_brand":[],"product_cat":[158,157],"product_tag":[],"class_list":{"0":"post-12406","1":"product","2":"type-product","3":"status-publish","4":"has-post-thumbnail","6":"pwb-brand-electrolux","7":"product_cat-electromenor-aspiradoras","8":"product_cat-electromenor","10":"first","11":"instock","12":"shipping-taxable","13":"purchasable","14":"product-type-simple"},"acf":[],"brands":[{"id":207,"name":"Electrolux","slug":"electrolux"}],"_links":{"self":[{"href":"https:\/\/triplex.com.bo\/index.php\/wp-json\/wp\/v2\/product\/12406","targetHints":{"allow":["GET"]}}],"collection":[{"href":"https:\/\/triplex.com.bo\/index.php\/wp-json\/wp\/v2\/product"}],"about":[{"href":"https:\/\/triplex.com.bo\/index.php\/wp-json\/wp\/v2\/types\/product"}],"replies":[{"embeddable":true,"href":"https:\/\/triplex.com.bo\/index.php\/wp-json\/wp\/v2\/comments?post=12406"}],"wp:featuredmedia":[{"embeddable":true,"href":"https:\/\/triplex.com.bo\/index.php\/wp-json\/wp\/v2\/media\/12407"}],"wp:attachment":[{"href":"https:\/\/triplex.com.bo\/index.php\/wp-json\/wp\/v2\/media?parent=12406"}],"wp:term":[{"taxonomy":"pwb-brand","embeddable":true,"href":"https:\/\/triplex.com.bo\/index.php\/wp-json\/wp\/v2\/pwb-brand?post=12406"},{"taxonomy":"product_brand","embeddable":true,"href":"https:\/\/triplex.com.bo\/index.php\/wp-json\/wp\/v2\/product_brand?post=12406"},{"taxonomy":"product_cat","embeddable":true,"href":"https:\/\/triplex.com.bo\/index.php\/wp-json\/wp\/v2\/product_cat?post=12406"},{"taxonomy":"product_tag","embeddable":true,"href":"https:\/\/triplex.com.bo\/index.php\/wp-json\/wp\/v2\/product_tag?post=12406"}],"curies":[{"name":"wp","href":"https:\/\/api.w.org\/{rel}","templated":true}]}}