{"id":12150,"date":"2022-12-30T16:14:18","date_gmt":"2022-12-30T16:14:18","guid":{"rendered":"https:\/\/triplex.com.bo\/?post_type=product&#038;p=12150"},"modified":"2025-03-20T15:36:39","modified_gmt":"2025-03-20T19:36:39","slug":"cocina-encimera-a-gas-inox-5h-oster","status":"publish","type":"product","link":"https:\/\/triplex.com.bo\/index.php\/product\/cocina-encimera-a-gas-inox-5h-oster\/","title":{"rendered":"COCINA ENCIMERA A GAS INOX 5H OSTER"},"content":{"rendered":"<p>\u2705 Parrillas de hierro fundido<br \/>\n\u2705 Acero inoxidable de alta calidad<br \/>\n\u2705 Predispuesta a gas de garrafa (glp)<br \/>\n\u2705 Encendido el\u00e9ctrico s\u00faper autom\u00e1tico: pr\u00e1ctico sistema que permite encender el quemador con tan solo girar la perilla<br \/>\n\u2705 Quemador Italiano: los quemadores de superficie Oster son de origen Italiano con una tradici\u00f3n de calidad, eficiencia y seguridad<br \/>\n\u2705 Los quemadores de nuestra placa de gas semiprofesional Oster son de \u00faltima generaci\u00f3n y cuentan con caracter\u00edsticas distintivas<br \/>\n\u2705 Sistema de protecci\u00f3n Flameout Safety: dispositivo de seguridad que corta autom\u00e1ticamente el suministro de gas si la llama se apaga accidentalmente<br \/>\n\u2705 Medidas del producto: Alto 5.5 cm. Ancho 76 cm. Largo 51 cm.<br \/>\n\u2705 Dimensiones aproximadas del cuerpo que va empotrado: Alto 3,9 cm. Ancho 71,5 cm. Largo 47 cm.<br \/>\n\u2705 1 quemador ultrarr\u00e1pido de triple llama: 4000 W<br \/>\n\u2705 Potencia total de quemadores: 11400 W<br \/>\n\u2705 2 quemadores medianos de 1750 W<br \/>\n\u2705 1 quemador auxiliar especial: 900 W<br \/>\n\u2705 1 quemador r\u00e1pido: 3000 W<br \/>\n\u2705 Voltaje: 127-220V\/ 60 Hz<br \/>\n\u2705 Peso neto: 10,50 kg<\/p>\n","protected":false},"excerpt":{"rendered":"<p>COCINA ENCIMERA A GAS INOX 5H OSTER<\/p>\n","protected":false},"featured_media":12151,"comment_status":"open","ping_status":"closed","template":"","meta":{"_acf_changed":false},"pwb-brand":[235],"product_brand":[],"product_cat":[156,140],"product_tag":[],"class_list":{"0":"post-12150","1":"product","2":"type-product","3":"status-publish","4":"has-post-thumbnail","6":"pwb-brand-oster","7":"product_cat-cocinas-empotrables","8":"product_cat-cocinas","10":"first","11":"outofstock","12":"shipping-taxable","13":"purchasable","14":"product-type-simple"},"acf":[],"brands":[{"id":235,"name":"OSTER","slug":"oster"}],"_links":{"self":[{"href":"https:\/\/triplex.com.bo\/index.php\/wp-json\/wp\/v2\/product\/12150","targetHints":{"allow":["GET"]}}],"collection":[{"href":"https:\/\/triplex.com.bo\/index.php\/wp-json\/wp\/v2\/product"}],"about":[{"href":"https:\/\/triplex.com.bo\/index.php\/wp-json\/wp\/v2\/types\/product"}],"replies":[{"embeddable":true,"href":"https:\/\/triplex.com.bo\/index.php\/wp-json\/wp\/v2\/comments?post=12150"}],"wp:featuredmedia":[{"embeddable":true,"href":"https:\/\/triplex.com.bo\/index.php\/wp-json\/wp\/v2\/media\/12151"}],"wp:attachment":[{"href":"https:\/\/triplex.com.bo\/index.php\/wp-json\/wp\/v2\/media?parent=12150"}],"wp:term":[{"taxonomy":"pwb-brand","embeddable":true,"href":"https:\/\/triplex.com.bo\/index.php\/wp-json\/wp\/v2\/pwb-brand?post=12150"},{"taxonomy":"product_brand","embeddable":true,"href":"https:\/\/triplex.com.bo\/index.php\/wp-json\/wp\/v2\/product_brand?post=12150"},{"taxonomy":"product_cat","embeddable":true,"href":"https:\/\/triplex.com.bo\/index.php\/wp-json\/wp\/v2\/product_cat?post=12150"},{"taxonomy":"product_tag","embeddable":true,"href":"https:\/\/triplex.com.bo\/index.php\/wp-json\/wp\/v2\/product_tag?post=12150"}],"curies":[{"name":"wp","href":"https:\/\/api.w.org\/{rel}","templated":true}]}}