{"id":12074,"date":"2022-12-29T15:05:38","date_gmt":"2022-12-29T15:05:38","guid":{"rendered":"https:\/\/triplex.com.bo\/?post_type=product&#038;p=12074"},"modified":"2025-03-21T15:24:45","modified_gmt":"2025-03-21T19:24:45","slug":"campana-de-pared-oster-inox-touch-control-90-cm","status":"publish","type":"product","link":"https:\/\/triplex.com.bo\/index.php\/product\/campana-de-pared-oster-inox-touch-control-90-cm\/","title":{"rendered":"CAMPANA DE PARED OSTER INOX TOUCH CONTROL 90 CM"},"content":{"rendered":"<p>Modernidad para tu cocina. Comodidad para la limpieza.<br \/>\nLa nueva Campana de Pared con Control T\u00e1ctil Oster\u00ae es pr\u00e1ctica, moderna y a\u00fan deja la sensaci\u00f3n de limpieza en el aire. Y m\u00e1s: su sofisticado dise\u00f1o lo convierte en una gran decoraci\u00f3n para embellecer a\u00fan m\u00e1s tu cocina.<\/p>\n<p>Alta potencia de aspiraci\u00f3n: Alta potencia y eficiencia que garantizan una de las potencias de aspiraci\u00f3n m\u00e1s altas de la categor\u00eda: 1400m\u00b3\/hora*.<\/p>\n<p>3 velocidades: Regula la succi\u00f3n de acuerdo a la comida que est\u00e9s preparando, esto mantendr\u00e1 el ambiente libre de malos olores.<\/p>\n<p>Funci\u00f3n dual: se puede instalar y utilizar como extractor de aire o purificador de aire.<\/p>\n<p>Panel de control t\u00e1ctil: dise\u00f1o sofisticado que combina belleza y limpieza pr\u00e1ctica.<\/p>\n<p>Iluminaci\u00f3n LED : Las 4 l\u00e1mparas LED facilitan la visualizaci\u00f3n de los alimentos mientras se preparan.<\/p>\n<p>Regulable en Altura: Ajuste el conducto flexible de acuerdo a la instalaci\u00f3n de su cocina.<\/p>\n<p>Triple Filtro de Aluminio Lavable y Filtro de Carb\u00f3n Activado: Efectivo para retener humos y olores, c\u00f3modo de quitar y f\u00e1cil de lavar.<\/p>\n<p>Caracter\u00edsticas:<br \/>\nPotencia: 240 W<br \/>\nConsumo: 0,24kW\/h<br \/>\nCapacidad m\u00e1xima de aspiraci\u00f3n (m3\/h): 1400 m\u00b3\/h &#8211; sin filtro (extractor) \/ 500 ~ 550 m\u00b3\/h &#8211; con filtro (depurador)<br \/>\nVelocidad: 3 Paneles Niveles<br \/>\n: altura de control<br \/>\nt\u00e1ctil ajustable;<br \/>\nDoble funcion;<\/p>\n<p>Especificaciones t\u00e9cnicas:<br \/>\nMarca:Oster<br \/>\nModelo:Campana de Pared OCFA690<br \/>\nRef.:OCFA690-127 \/ OCFA690-220<br \/>\nDimensiones (AnxAlxPr): 900 x 495-990 x 470 mm<br \/>\nPeso:14,7 Kg<\/p>\n","protected":false},"excerpt":{"rendered":"<p>CAMPANA DE PARED OSTER INOX TOUCH CONTROL 90 CM<\/p>\n","protected":false},"featured_media":12075,"comment_status":"open","ping_status":"closed","template":"","meta":{"_acf_changed":false},"pwb-brand":[235],"product_brand":[],"product_cat":[146,186],"product_tag":[],"class_list":{"0":"post-12074","1":"product","2":"type-product","3":"status-publish","4":"has-post-thumbnail","6":"pwb-brand-oster","7":"product_cat-campanas-extractoras","8":"product_cat-campanas-extractoras-pared","10":"first","11":"outofstock","12":"shipping-taxable","13":"purchasable","14":"product-type-simple"},"acf":[],"brands":[{"id":235,"name":"OSTER","slug":"oster"}],"_links":{"self":[{"href":"https:\/\/triplex.com.bo\/index.php\/wp-json\/wp\/v2\/product\/12074","targetHints":{"allow":["GET"]}}],"collection":[{"href":"https:\/\/triplex.com.bo\/index.php\/wp-json\/wp\/v2\/product"}],"about":[{"href":"https:\/\/triplex.com.bo\/index.php\/wp-json\/wp\/v2\/types\/product"}],"replies":[{"embeddable":true,"href":"https:\/\/triplex.com.bo\/index.php\/wp-json\/wp\/v2\/comments?post=12074"}],"wp:featuredmedia":[{"embeddable":true,"href":"https:\/\/triplex.com.bo\/index.php\/wp-json\/wp\/v2\/media\/12075"}],"wp:attachment":[{"href":"https:\/\/triplex.com.bo\/index.php\/wp-json\/wp\/v2\/media?parent=12074"}],"wp:term":[{"taxonomy":"pwb-brand","embeddable":true,"href":"https:\/\/triplex.com.bo\/index.php\/wp-json\/wp\/v2\/pwb-brand?post=12074"},{"taxonomy":"product_brand","embeddable":true,"href":"https:\/\/triplex.com.bo\/index.php\/wp-json\/wp\/v2\/product_brand?post=12074"},{"taxonomy":"product_cat","embeddable":true,"href":"https:\/\/triplex.com.bo\/index.php\/wp-json\/wp\/v2\/product_cat?post=12074"},{"taxonomy":"product_tag","embeddable":true,"href":"https:\/\/triplex.com.bo\/index.php\/wp-json\/wp\/v2\/product_tag?post=12074"}],"curies":[{"name":"wp","href":"https:\/\/api.w.org\/{rel}","templated":true}]}}