{"id":11387,"date":"2022-12-18T17:02:40","date_gmt":"2022-12-18T17:02:40","guid":{"rendered":"https:\/\/triplex.com.bo\/?post_type=product&#038;p=11387"},"modified":"2025-10-30T15:25:34","modified_gmt":"2025-10-30T19:25:34","slug":"split-24000-btu-pride-inverter","status":"publish","type":"product","link":"https:\/\/triplex.com.bo\/index.php\/product\/split-24000-btu-pride-inverter\/","title":{"rendered":"SPLIT 24.000 BTU PRIDE INVERTER WIFI"},"content":{"rendered":"<p>Tipo bomba de calor<br \/>\nTipo de control remoto<br \/>\nCapacidad nominal de refrigeraci\u00f3n Btu\/h 12000(3410~13000)<br \/>\nCapacidad de calefacci\u00f3n nominal Btu\/h 12500(3480~13500)<br \/>\nEER para refrigeraci\u00f3n W\/W 3,25<br \/>\nCOP para calefacci\u00f3n W\/W 3,61<br \/>\nEliminaci\u00f3n de humedad Litros\/h 1,2<br \/>\nPresi\u00f3n Alta (DP) MPa 4.5<br \/>\nBajo (SP) MPa 1.9<br \/>\nNivel de ruido interior en refrigeraci\u00f3n Alto dB(A) 39<br \/>\nMedicina. dB(A) 32<br \/>\nBajo dB(A) 27<br \/>\nNivel de ruido exterior dB(A) 49<br \/>\nDatos el\u00e9ctricos<br \/>\nAlimentaci\u00f3n 220-240V\/50Hz\/1P<br \/>\nRango de voltaje V 165-265<br \/>\nCorriente nominal Refrigeraci\u00f3n A 5.2(1.4~9.0)<br \/>\nCalentamiento A 4.7 (1.4~9.0)<br \/>\nEntrada nominal Refrigeraci\u00f3n W 1082 (300~1980)<br \/>\nCalefacci\u00f3n W 1013(300~1980)<br \/>\nRefrigeraci\u00f3n de corriente m\u00e1xima A 9.0<br \/>\nCalefacci\u00f3n A 9.0<br \/>\nEntrada de potencia m\u00e1xima Refrigeraci\u00f3n W 1980<br \/>\nCalefacci\u00f3n W 1980<br \/>\nSistema de refrigeraci\u00f3n<br \/>\nRefrigerante R410A\/570g<br \/>\nTipo de compresor rotativo<br \/>\nModelo KSK103D33UEZC3<br \/>\nMFG GMCC<br \/>\nEvaporador<br \/>\nCondensador<br \/>\nSistema de ventilador<br \/>\nCirculaci\u00f3n de aire interior (refrigeraci\u00f3n) m3\/h 500\/550<br \/>\nTipo de ventilador interior Flujo cruzado<br \/>\nVelocidad del ventilador interior H\/M\/L Refrigeraci\u00f3n rpm 1270\/1200\/\/1000\/800\/700<br \/>\nCalefacci\u00f3n rpm 1270\/1200\/1000\/850\/800<br \/>\nSeco rpm 1270<br \/>\nDormir rpm 800\/850<br \/>\nMotor de ventilador interior 22001-000273<br \/>\nPotencia motor ventilador interior W 14<br \/>\nVentilador exterior tipo H\u00e9lice<br \/>\nMotor de ventilador exterior 22001-000552<br \/>\nVelocidad del ventilador exterior rpm 895<br \/>\nPotencia motor ventilador exterior W 25<br \/>\nConexiones<br \/>\nTuber\u00eda de conexi\u00f3n Gas Pulgadas \u03a69.52(3\/8\u00bb)<br \/>\nL\u00edquido Pulgadas \u03a66(1\/4\u00bb)<br \/>\nTama\u00f1o del cableado de conexi\u00f3n x N\u00famero de n\u00facleo 4\u00d71.0<br \/>\nTubo de drenaje OD 16 mm<br \/>\nOtros<br \/>\n\u00c1rea adecuada m2 15~23<br \/>\nDimensiones netas (An. x Pr. x Al.) Interior mm 777\u00d7250\u00d7201<br \/>\nExterior mm 712\u00d7276\u00d7459<br \/>\nPeso neto Interior kg 7,5<br \/>\nExterior kg 21<br \/>\nDimensiones del embalaje (An. x Pr. x Al.) Interior mm 850\u00d7320\u00d7275<br \/>\nExterior mm 765\u00d7310\u00d7481<br \/>\nPeso bruto con tubo Interior kg 9,5<br \/>\nExterior kg 24<br \/>\nCapacidad de carga 40HQ con tuber\u00eda PCS 350<\/p>\n","protected":false},"excerpt":{"rendered":"<p>Tipo bomba de calor Tipo de control remoto Capacidad nominal de refrigeraci\u00f3n Btu\/h 12000(3410~13000) Capacidad de calefacci\u00f3n nominal Btu\/h 12500(3480~13500) EER para refrigeraci\u00f3n W\/W 3,25 COP para calefacci\u00f3n W\/W 3,61 Eliminaci\u00f3n de humedad Litros\/h 1,2 Presi\u00f3n Alta (DP) MPa 4.5 Bajo (SP) MPa 1.9 Nivel de ruido interior en refrigeraci\u00f3n Alto dB(A) 39 Medicina. dB(A) [&hellip;]<\/p>\n","protected":false},"featured_media":11382,"comment_status":"open","ping_status":"closed","template":"","meta":{"_acf_changed":false},"pwb-brand":[228],"product_brand":[],"product_cat":[152,139],"product_tag":[],"class_list":{"0":"post-11387","1":"product","2":"type-product","3":"status-publish","4":"has-post-thumbnail","6":"pwb-brand-pride","7":"product_cat-climatizacion-split","8":"product_cat-climatizacion","10":"first","11":"outofstock","12":"shipping-taxable","13":"purchasable","14":"product-type-simple"},"acf":[],"brands":[{"id":228,"name":"PRIDE","slug":"pride"}],"_links":{"self":[{"href":"https:\/\/triplex.com.bo\/index.php\/wp-json\/wp\/v2\/product\/11387","targetHints":{"allow":["GET"]}}],"collection":[{"href":"https:\/\/triplex.com.bo\/index.php\/wp-json\/wp\/v2\/product"}],"about":[{"href":"https:\/\/triplex.com.bo\/index.php\/wp-json\/wp\/v2\/types\/product"}],"replies":[{"embeddable":true,"href":"https:\/\/triplex.com.bo\/index.php\/wp-json\/wp\/v2\/comments?post=11387"}],"wp:featuredmedia":[{"embeddable":true,"href":"https:\/\/triplex.com.bo\/index.php\/wp-json\/wp\/v2\/media\/11382"}],"wp:attachment":[{"href":"https:\/\/triplex.com.bo\/index.php\/wp-json\/wp\/v2\/media?parent=11387"}],"wp:term":[{"taxonomy":"pwb-brand","embeddable":true,"href":"https:\/\/triplex.com.bo\/index.php\/wp-json\/wp\/v2\/pwb-brand?post=11387"},{"taxonomy":"product_brand","embeddable":true,"href":"https:\/\/triplex.com.bo\/index.php\/wp-json\/wp\/v2\/product_brand?post=11387"},{"taxonomy":"product_cat","embeddable":true,"href":"https:\/\/triplex.com.bo\/index.php\/wp-json\/wp\/v2\/product_cat?post=11387"},{"taxonomy":"product_tag","embeddable":true,"href":"https:\/\/triplex.com.bo\/index.php\/wp-json\/wp\/v2\/product_tag?post=11387"}],"curies":[{"name":"wp","href":"https:\/\/api.w.org\/{rel}","templated":true}]}}