{"id":11203,"date":"2022-12-16T12:43:42","date_gmt":"2022-12-16T12:43:42","guid":{"rendered":"https:\/\/triplex.com.bo\/index.php\/product\/respaldo-venecia-new-140x130x5cm\/"},"modified":"2026-01-09T09:59:21","modified_gmt":"2026-01-09T13:59:21","slug":"respaldo-venecia-new-140x130x5cm","status":"publish","type":"product","link":"https:\/\/triplex.com.bo\/index.php\/product\/respaldo-venecia-new-140x130x5cm\/","title":{"rendered":"RESPALDO VENECIA NEW 140X130X5CM"},"content":{"rendered":"<p>\u2022 Un detalle sofisticado con dise\u00f1o capiton\u00e9, Confeccionado en la variedad de tonos en cuero ecol\u00f3gico o tapizado en tela de calidad superior. \u2022 Madera tratada de alta calidad \u2022 Relleno -Lamina de espuma poliuretano de alta densidad \u2022 No coloque objetos calientes sobre la superficie del mueble. -Uso Hogar\/Interior<\/p>\n","protected":false},"excerpt":{"rendered":"<p>RESPALDO VENECIA NEW 140X130X5CM<\/p>\n","protected":false},"featured_media":11790,"comment_status":"open","ping_status":"closed","template":"","meta":{"_acf_changed":false},"pwb-brand":[366],"product_brand":[],"product_cat":[378,147],"product_tag":[],"class_list":{"0":"post-11203","1":"product","2":"type-product","3":"status-publish","4":"has-post-thumbnail","6":"pwb-brand-maxiking","7":"product_cat-dormitorio","8":"product_cat-muebles","10":"first","11":"instock","12":"shipping-taxable","13":"purchasable","14":"product-type-simple"},"acf":[],"brands":[{"id":366,"name":"MAXIKING","slug":"maxiking"}],"_links":{"self":[{"href":"https:\/\/triplex.com.bo\/index.php\/wp-json\/wp\/v2\/product\/11203","targetHints":{"allow":["GET"]}}],"collection":[{"href":"https:\/\/triplex.com.bo\/index.php\/wp-json\/wp\/v2\/product"}],"about":[{"href":"https:\/\/triplex.com.bo\/index.php\/wp-json\/wp\/v2\/types\/product"}],"replies":[{"embeddable":true,"href":"https:\/\/triplex.com.bo\/index.php\/wp-json\/wp\/v2\/comments?post=11203"}],"wp:featuredmedia":[{"embeddable":true,"href":"https:\/\/triplex.com.bo\/index.php\/wp-json\/wp\/v2\/media\/11790"}],"wp:attachment":[{"href":"https:\/\/triplex.com.bo\/index.php\/wp-json\/wp\/v2\/media?parent=11203"}],"wp:term":[{"taxonomy":"pwb-brand","embeddable":true,"href":"https:\/\/triplex.com.bo\/index.php\/wp-json\/wp\/v2\/pwb-brand?post=11203"},{"taxonomy":"product_brand","embeddable":true,"href":"https:\/\/triplex.com.bo\/index.php\/wp-json\/wp\/v2\/product_brand?post=11203"},{"taxonomy":"product_cat","embeddable":true,"href":"https:\/\/triplex.com.bo\/index.php\/wp-json\/wp\/v2\/product_cat?post=11203"},{"taxonomy":"product_tag","embeddable":true,"href":"https:\/\/triplex.com.bo\/index.php\/wp-json\/wp\/v2\/product_tag?post=11203"}],"curies":[{"name":"wp","href":"https:\/\/api.w.org\/{rel}","templated":true}]}}