{"id":11154,"date":"2022-12-16T12:41:18","date_gmt":"2022-12-16T12:41:18","guid":{"rendered":"https:\/\/triplex.com.bo\/index.php\/product\/parlante-lg-xboom-rn9\/"},"modified":"2025-03-24T15:03:52","modified_gmt":"2025-03-24T19:03:52","slug":"parlante-lg-xboom-rn9","status":"publish","type":"product","link":"https:\/\/triplex.com.bo\/index.php\/product\/parlante-lg-xboom-rn9\/","title":{"rendered":"PARLANTE LG XBOOM RN9"},"content":{"rendered":"<p>CARACTER\u00cdSTICAS GENERALES<br \/>\nColor NEGROCanales de audio 2<br \/>\nN\u00famero de parlantes 1Formatos de Reproducci\u00f3n de Audio MP3,WMA<br \/>\nControl remoto S\u00edPotencia 600W<br \/>\nGarant\u00eda 1 a\u00f1o<br \/>\nCONECTIVIDAD<br \/>\nBluetooth S\u00edPuertos USB 2<br \/>\nEntrada \u00d3ptico digital S\u00edRadio FM S\u00ed<br \/>\nDIMENSIONES Y PESO<br \/>\nAncho (cm) 33Alto (cm) 105.6<br \/>\nProfundidad (cm) 36.8Peso (Kg) 22.5<br \/>\nuper Bass Boost y otras divertidas caracter\u00edsticas proporcionan potentes ritmos que suben el nivel de la fiesta.<br \/>\nUn potente sonido que todos escuchar\u00e1n<\/p>\n<p>LG XBOOM RN9 genera un flujo de aire extra detr\u00e1s de la unidad del parlante para producir bajos potentes que dan vida a todas las reuniones.<br \/>\nIlumina la pista de baile con las luces multicolor<\/p>\n<p>Las luces LED de colores cambian con el ritmo de la m\u00fasica para aumentar la emoci\u00f3n de tus fiestas.<br \/>\nSincroniza tu Smartphone con el ritmo<\/p>\n<p>Agrega m\u00e1s brillo a tu fiesta. Conecta hasta 3 dispositivos m\u00f3viles y mantenlos en alto mientras la luz de la linterna se mueve al ritmo de la m\u00fasica.<br \/>\nControlalo desde la pista de baile<\/p>\n<p>Haz que cada fiesta sea \u00fanica. Activa los efectos de sonido desde la aplicaci\u00f3n de DJ en Android o iOS, o controla el DJ Pad en la torre de sonido.<br \/>\nCanta fuerte y claro<\/p>\n<p>Ajusta el volumen de la m\u00fasica y del micr\u00f3fono por separado, reduce las voces de las canciones con el Voice Canceller y ajusta la tonalidad de tu voz para que se sincronice con la m\u00fasica activando el Key Changer. Ahora que todo est\u00e1 listo, canta con el coraz\u00f3n.<br \/>\nDoble diversi\u00f3n<\/p>\n<p>Enlaza inal\u00e1mbricamente dos LG XBOOM RN9 para duplicar la potencia de audio. Un sonido m\u00e1s potente s\u00f3lo significa: mejores reuniones y m\u00e1s diversi\u00f3n.<br \/>\nRevive cada reuni\u00f3n con tus amigos<\/p>\n<p>Graba tus playlist y mezclas de DJ en USB para que puedas escucharlas en cualquier momento. C\u00f3pialas en otra USB, o incluso env\u00edalas a tus amigos por Bluetooth\u00ae.<br \/>\nComparte el control de la playlist desde una App<\/p>\n<p>Vincula tres dispositivos al mismo tiempo a trav\u00e9s de la aplicaci\u00f3n XBOOM. Utiliza alguno de los dispositivos conectados para controlar una playlist sin interrumpir la m\u00fasica. Descargala en Google Play Store o en App Store.<\/p>\n","protected":false},"excerpt":{"rendered":"<p>PARLANTE LG XBOOM RN9<\/p>\n","protected":false},"featured_media":11867,"comment_status":"open","ping_status":"closed","template":"","meta":{"_acf_changed":false},"pwb-brand":[370],"product_brand":[],"product_cat":[148],"product_tag":[],"class_list":{"0":"post-11154","1":"product","2":"type-product","3":"status-publish","4":"has-post-thumbnail","6":"pwb-brand-lg","7":"product_cat-parlantes","9":"first","10":"outofstock","11":"shipping-taxable","12":"purchasable","13":"product-type-simple"},"acf":[],"brands":[{"id":370,"name":"LG","slug":"lg"}],"_links":{"self":[{"href":"https:\/\/triplex.com.bo\/index.php\/wp-json\/wp\/v2\/product\/11154","targetHints":{"allow":["GET"]}}],"collection":[{"href":"https:\/\/triplex.com.bo\/index.php\/wp-json\/wp\/v2\/product"}],"about":[{"href":"https:\/\/triplex.com.bo\/index.php\/wp-json\/wp\/v2\/types\/product"}],"replies":[{"embeddable":true,"href":"https:\/\/triplex.com.bo\/index.php\/wp-json\/wp\/v2\/comments?post=11154"}],"wp:featuredmedia":[{"embeddable":true,"href":"https:\/\/triplex.com.bo\/index.php\/wp-json\/wp\/v2\/media\/11867"}],"wp:attachment":[{"href":"https:\/\/triplex.com.bo\/index.php\/wp-json\/wp\/v2\/media?parent=11154"}],"wp:term":[{"taxonomy":"pwb-brand","embeddable":true,"href":"https:\/\/triplex.com.bo\/index.php\/wp-json\/wp\/v2\/pwb-brand?post=11154"},{"taxonomy":"product_brand","embeddable":true,"href":"https:\/\/triplex.com.bo\/index.php\/wp-json\/wp\/v2\/product_brand?post=11154"},{"taxonomy":"product_cat","embeddable":true,"href":"https:\/\/triplex.com.bo\/index.php\/wp-json\/wp\/v2\/product_cat?post=11154"},{"taxonomy":"product_tag","embeddable":true,"href":"https:\/\/triplex.com.bo\/index.php\/wp-json\/wp\/v2\/product_tag?post=11154"}],"curies":[{"name":"wp","href":"https:\/\/api.w.org\/{rel}","templated":true}]}}