{"id":11088,"date":"2022-12-16T12:38:24","date_gmt":"2022-12-16T12:38:24","guid":{"rendered":"https:\/\/triplex.com.bo\/index.php\/product\/karcher-k2-universal-edition-car-pe\/"},"modified":"2025-03-05T11:47:33","modified_gmt":"2025-03-05T15:47:33","slug":"karcher-k2-universal-edition-car-pe","status":"publish","type":"product","link":"https:\/\/triplex.com.bo\/index.php\/product\/karcher-k2-universal-edition-car-pe\/","title":{"rendered":"KARCHER K2 UNIVERSAL EDITION CAR PE"},"content":{"rendered":"<p>Filtro de espuma para aplicaciones en h\u00famedo Filtro textil y filtro de papel para aplicaciones en seco Tobera universal para pisos Funci\u00f3n de soplado Almacenaje de accesorios, gancho para el cable y manubrio ergon\u00f3mico. Potencia de aspiraci\u00f3n real* (Air Watt): 150 Consumo de energ\u00eda (W): 1200 Ancho nominal del accesorio: 35 mm Tipo de corriente: 120 \/ 127 \/ 60 (V\/Hz) Peso sin accesorios: 3.8 kg. Dimensiones (l \u00d7 a \u00d7 h) (mm): 331 x 352 x 461]<\/p>\n","protected":false},"excerpt":{"rendered":"<p>KARCHER K2 UNIVERSAL EDITION CAR PE<\/p>\n","protected":false},"featured_media":11939,"comment_status":"open","ping_status":"closed","template":"","meta":{"_acf_changed":false},"pwb-brand":[],"product_brand":[],"product_cat":[157,164],"product_tag":[],"class_list":{"0":"post-11088","1":"product","2":"type-product","3":"status-publish","4":"has-post-thumbnail","6":"product_cat-electromenor","7":"product_cat-electromenor-hidrolavadoras","9":"first","10":"instock","11":"shipping-taxable","12":"purchasable","13":"product-type-simple"},"acf":[],"brands":[],"_links":{"self":[{"href":"https:\/\/triplex.com.bo\/index.php\/wp-json\/wp\/v2\/product\/11088","targetHints":{"allow":["GET"]}}],"collection":[{"href":"https:\/\/triplex.com.bo\/index.php\/wp-json\/wp\/v2\/product"}],"about":[{"href":"https:\/\/triplex.com.bo\/index.php\/wp-json\/wp\/v2\/types\/product"}],"replies":[{"embeddable":true,"href":"https:\/\/triplex.com.bo\/index.php\/wp-json\/wp\/v2\/comments?post=11088"}],"wp:featuredmedia":[{"embeddable":true,"href":"https:\/\/triplex.com.bo\/index.php\/wp-json\/wp\/v2\/media\/11939"}],"wp:attachment":[{"href":"https:\/\/triplex.com.bo\/index.php\/wp-json\/wp\/v2\/media?parent=11088"}],"wp:term":[{"taxonomy":"pwb-brand","embeddable":true,"href":"https:\/\/triplex.com.bo\/index.php\/wp-json\/wp\/v2\/pwb-brand?post=11088"},{"taxonomy":"product_brand","embeddable":true,"href":"https:\/\/triplex.com.bo\/index.php\/wp-json\/wp\/v2\/product_brand?post=11088"},{"taxonomy":"product_cat","embeddable":true,"href":"https:\/\/triplex.com.bo\/index.php\/wp-json\/wp\/v2\/product_cat?post=11088"},{"taxonomy":"product_tag","embeddable":true,"href":"https:\/\/triplex.com.bo\/index.php\/wp-json\/wp\/v2\/product_tag?post=11088"}],"curies":[{"name":"wp","href":"https:\/\/api.w.org\/{rel}","templated":true}]}}