{"id":11087,"date":"2022-12-16T12:38:20","date_gmt":"2022-12-16T12:38:20","guid":{"rendered":"https:\/\/triplex.com.bo\/index.php\/product\/karcher-vw-2-plus-multi-edition-eu\/"},"modified":"2025-04-03T10:23:37","modified_gmt":"2025-04-03T14:23:37","slug":"karcher-vw-2-plus-multi-edition-eu","status":"publish","type":"product","link":"https:\/\/triplex.com.bo\/index.php\/product\/karcher-vw-2-plus-multi-edition-eu\/","title":{"rendered":"KARCHER  VW 2 PLUS MULTI EDITION EU"},"content":{"rendered":"<p>K\u00e4rcher ha revolucionado la limpieza de ventanas con su innovador aspirador de ventanas. El limpiacristales inal\u00e1mbrico original de K\u00e4rcher hace que la limpieza sea un juego de ni\u00f1os y ahorra mucho tiempo y esfuerzo. Gracias a la aspiraci\u00f3n el\u00e9ctrica, los molestos goteos son cosa del pasado de una vez por todas. La inteligente combinaci\u00f3n de botella rociadora, limpiaparabrisas de microfibra y la funci\u00f3n de succi\u00f3n del aspirador de ventanas garantizan una limpieza muy eficaz y una limpieza reluciente de las ventanas, sin rayas ni residuos. Adem\u00e1s, el pr\u00e1ctico y ergon\u00f3mico aspirador de ventanas inal\u00e1mbrico K\u00e4rcher WV2 Plus Multi Edition permite una limpieza de ventanas especialmente higi\u00e9nica, ya que no hay contacto directo con el agua sucia. Gracias a la boquilla de succi\u00f3n estrecha adicional, incluso las \u00e1reas m\u00e1s peque\u00f1as o de dif\u00edcil acceso, como las que se encuentran en las ventanas montadas o en las vitrinas, se puede alcanzar sin esfuerzo. Esto significa que ya no hay l\u00edmites para la limpieza. Se suministra con tres labios de colores adicionales.<\/p>\n","protected":false},"excerpt":{"rendered":"<p>KARCHER VW 2 PLUS MULTI EDITION EU<\/p>\n","protected":false},"featured_media":11940,"comment_status":"open","ping_status":"closed","template":"","meta":{"_acf_changed":false},"pwb-brand":[364],"product_brand":[],"product_cat":[157,164],"product_tag":[],"class_list":{"0":"post-11087","1":"product","2":"type-product","3":"status-publish","4":"has-post-thumbnail","6":"pwb-brand-karcher","7":"product_cat-electromenor","8":"product_cat-electromenor-hidrolavadoras","10":"first","11":"instock","12":"shipping-taxable","13":"purchasable","14":"product-type-simple"},"acf":[],"brands":[{"id":364,"name":"KARCHER","slug":"karcher"}],"_links":{"self":[{"href":"https:\/\/triplex.com.bo\/index.php\/wp-json\/wp\/v2\/product\/11087","targetHints":{"allow":["GET"]}}],"collection":[{"href":"https:\/\/triplex.com.bo\/index.php\/wp-json\/wp\/v2\/product"}],"about":[{"href":"https:\/\/triplex.com.bo\/index.php\/wp-json\/wp\/v2\/types\/product"}],"replies":[{"embeddable":true,"href":"https:\/\/triplex.com.bo\/index.php\/wp-json\/wp\/v2\/comments?post=11087"}],"wp:featuredmedia":[{"embeddable":true,"href":"https:\/\/triplex.com.bo\/index.php\/wp-json\/wp\/v2\/media\/11940"}],"wp:attachment":[{"href":"https:\/\/triplex.com.bo\/index.php\/wp-json\/wp\/v2\/media?parent=11087"}],"wp:term":[{"taxonomy":"pwb-brand","embeddable":true,"href":"https:\/\/triplex.com.bo\/index.php\/wp-json\/wp\/v2\/pwb-brand?post=11087"},{"taxonomy":"product_brand","embeddable":true,"href":"https:\/\/triplex.com.bo\/index.php\/wp-json\/wp\/v2\/product_brand?post=11087"},{"taxonomy":"product_cat","embeddable":true,"href":"https:\/\/triplex.com.bo\/index.php\/wp-json\/wp\/v2\/product_cat?post=11087"},{"taxonomy":"product_tag","embeddable":true,"href":"https:\/\/triplex.com.bo\/index.php\/wp-json\/wp\/v2\/product_tag?post=11087"}],"curies":[{"name":"wp","href":"https:\/\/api.w.org\/{rel}","templated":true}]}}