{"id":11077,"date":"2022-12-16T12:37:55","date_gmt":"2022-12-16T12:37:55","guid":{"rendered":"https:\/\/triplex.com.bo\/index.php\/product\/celular-huawei-y9a\/"},"modified":"2026-02-09T04:34:42","modified_gmt":"2026-02-09T08:34:42","slug":"celular-huawei-y9a","status":"publish","type":"product","link":"https:\/\/triplex.com.bo\/index.php\/product\/celular-huawei-y9a\/","title":{"rendered":"CELULAR HUAWEI Y9A"},"content":{"rendered":"<p>CELULAR HUAWEI Y9A<\/p>\n<p>HUAWEI Y9a est\u00e1 dise\u00f1ado para una velocidad de carga r\u00e1pida y una bater\u00eda de larga duraci\u00f3n. Con HUAWEI SuperCharge de 22.5 W, puede cargar su bater\u00eda de manera eficiente, d\u00e1ndote casi el 70% de energ\u00eda en 30 minutos3. Y su gran bater\u00eda de 4,200 mAh y la tecnolog\u00eda de ahorro de energ\u00eda de IA le permiten disfrutar de su viaje sin recargas frecuentes4.<br \/>\nCon 6 GB de memoria RAM y 128 GB de memoria ROM puedes almacenar todos tus recuerdos importantes localmente, manteniendo m\u00e1s fotos, videos, archivos y mensajes.<\/p>\n","protected":false},"excerpt":{"rendered":"<p>CELULAR HUAWEI Y9A<br \/>\nHUAWEI SuperCharge1 de 22.5 W<br \/>\n| C\u00e1mara cu\u00e1druple2<br \/>\nde 64 MP<\/p>\n","protected":false},"featured_media":12047,"comment_status":"open","ping_status":"closed","template":"","meta":{"_acf_changed":false},"pwb-brand":[363],"product_brand":[],"product_cat":[339,195],"product_tag":[],"class_list":{"0":"post-11077","1":"product","2":"type-product","3":"status-publish","4":"has-post-thumbnail","6":"pwb-brand-huawei","7":"product_cat-tecnologia-celulares","8":"product_cat-tecnologia","10":"first","11":"outofstock","12":"shipping-taxable","13":"purchasable","14":"product-type-simple"},"acf":[],"brands":[{"id":363,"name":"HUAWEI","slug":"huawei"}],"_links":{"self":[{"href":"https:\/\/triplex.com.bo\/index.php\/wp-json\/wp\/v2\/product\/11077","targetHints":{"allow":["GET"]}}],"collection":[{"href":"https:\/\/triplex.com.bo\/index.php\/wp-json\/wp\/v2\/product"}],"about":[{"href":"https:\/\/triplex.com.bo\/index.php\/wp-json\/wp\/v2\/types\/product"}],"replies":[{"embeddable":true,"href":"https:\/\/triplex.com.bo\/index.php\/wp-json\/wp\/v2\/comments?post=11077"}],"wp:featuredmedia":[{"embeddable":true,"href":"https:\/\/triplex.com.bo\/index.php\/wp-json\/wp\/v2\/media\/12047"}],"wp:attachment":[{"href":"https:\/\/triplex.com.bo\/index.php\/wp-json\/wp\/v2\/media?parent=11077"}],"wp:term":[{"taxonomy":"pwb-brand","embeddable":true,"href":"https:\/\/triplex.com.bo\/index.php\/wp-json\/wp\/v2\/pwb-brand?post=11077"},{"taxonomy":"product_brand","embeddable":true,"href":"https:\/\/triplex.com.bo\/index.php\/wp-json\/wp\/v2\/product_brand?post=11077"},{"taxonomy":"product_cat","embeddable":true,"href":"https:\/\/triplex.com.bo\/index.php\/wp-json\/wp\/v2\/product_cat?post=11077"},{"taxonomy":"product_tag","embeddable":true,"href":"https:\/\/triplex.com.bo\/index.php\/wp-json\/wp\/v2\/product_tag?post=11077"}],"curies":[{"name":"wp","href":"https:\/\/api.w.org\/{rel}","templated":true}]}}