{"id":10929,"date":"2022-12-16T12:31:19","date_gmt":"2022-12-16T12:31:19","guid":{"rendered":"https:\/\/triplex.com.bo\/index.php\/product\/horno-electrico-10ltrs-oster\/"},"modified":"2025-03-21T12:18:02","modified_gmt":"2025-03-21T16:18:02","slug":"horno-electrico-10ltrs-oster","status":"publish","type":"product","link":"https:\/\/triplex.com.bo\/index.php\/product\/horno-electrico-10ltrs-oster\/","title":{"rendered":"HORNO ELECTRICO 10LTRS OSTER"},"content":{"rendered":"<ul>\n<li>Capacidad para 4 rebanadas\/10 litros<\/li>\n<li>Control de temperatura completamente ajustable de 90\u00b0C a 230\u00b0C (194\u00b0F a 450\u00b0F) para una amplia variedad de usos<\/li>\n<li>Rejilla ajustable a dos posiciones con una bandeja para hornear<\/li>\n<li>Funciones para hornear, asar, tostar y recalentar que le permiten crear comidas y refrigerios con facilidad<\/li>\n<li>\u00datil cron\u00f3metro de 30 minutos que apaga el horno autom\u00e1ticamente para mayor seguridad<\/li>\n<\/ul>\n","protected":false},"excerpt":{"rendered":"<p>HORNO ELECTRICO 10LTRS OSTER<\/p>\n","protected":false},"featured_media":12161,"comment_status":"open","ping_status":"closed","template":"","meta":{"_acf_changed":false},"pwb-brand":[235],"product_brand":[],"product_cat":[179,144],"product_tag":[],"class_list":{"0":"post-10929","1":"product","2":"type-product","3":"status-publish","4":"has-post-thumbnail","6":"pwb-brand-oster","7":"product_cat-hornos-microondas-mesa","8":"product_cat-hornos-microondas","10":"first","11":"outofstock","12":"shipping-taxable","13":"purchasable","14":"product-type-simple"},"acf":[],"brands":[{"id":235,"name":"OSTER","slug":"oster"}],"_links":{"self":[{"href":"https:\/\/triplex.com.bo\/index.php\/wp-json\/wp\/v2\/product\/10929","targetHints":{"allow":["GET"]}}],"collection":[{"href":"https:\/\/triplex.com.bo\/index.php\/wp-json\/wp\/v2\/product"}],"about":[{"href":"https:\/\/triplex.com.bo\/index.php\/wp-json\/wp\/v2\/types\/product"}],"replies":[{"embeddable":true,"href":"https:\/\/triplex.com.bo\/index.php\/wp-json\/wp\/v2\/comments?post=10929"}],"wp:featuredmedia":[{"embeddable":true,"href":"https:\/\/triplex.com.bo\/index.php\/wp-json\/wp\/v2\/media\/12161"}],"wp:attachment":[{"href":"https:\/\/triplex.com.bo\/index.php\/wp-json\/wp\/v2\/media?parent=10929"}],"wp:term":[{"taxonomy":"pwb-brand","embeddable":true,"href":"https:\/\/triplex.com.bo\/index.php\/wp-json\/wp\/v2\/pwb-brand?post=10929"},{"taxonomy":"product_brand","embeddable":true,"href":"https:\/\/triplex.com.bo\/index.php\/wp-json\/wp\/v2\/product_brand?post=10929"},{"taxonomy":"product_cat","embeddable":true,"href":"https:\/\/triplex.com.bo\/index.php\/wp-json\/wp\/v2\/product_cat?post=10929"},{"taxonomy":"product_tag","embeddable":true,"href":"https:\/\/triplex.com.bo\/index.php\/wp-json\/wp\/v2\/product_tag?post=10929"}],"curies":[{"name":"wp","href":"https:\/\/api.w.org\/{rel}","templated":true}]}}