{"id":10882,"date":"2022-12-16T12:29:15","date_gmt":"2022-12-16T12:29:15","guid":{"rendered":"https:\/\/triplex.com.bo\/index.php\/product\/batidora-y-cuchillo-electrico-2619\/"},"modified":"2025-04-15T14:48:15","modified_gmt":"2025-04-15T18:48:15","slug":"batidora-y-cuchillo-electrico-2619","status":"publish","type":"product","link":"https:\/\/triplex.com.bo\/index.php\/product\/batidora-y-cuchillo-electrico-2619\/","title":{"rendered":"BATIDORA Y CUCHILLO ELECTRICO 2619"},"content":{"rendered":"<p>BATIDORA Y CUCHILLO ELECTRICO 2619<\/p>\n<p>La batidora de inmersi\u00f3n 4 en 1 Oster\u00ae te permite preparar una variedad de bebidas y recetas deliciosas, tales como sopas, pur\u00e9 de tomate, malteadas y mucho m\u00e1s.<\/p>\n<p>Vers\u00e1til batidora de inmersi\u00f3n 4 en 1, ideal para m\u00faltiples usos<br \/>\nPr\u00e1ctica y f\u00e1cil de usar de limpiar y almacenar<br \/>\nBatidor de acero inoxidable para hacer pur\u00e9s, papillas para el beb\u00e9, sopas y jugos<br \/>\nIncluye accesorio para batir claras, crema chantill\u00ed y mucho m\u00e1s<br \/>\nFuncional accesorio procesador para picar y moler con comodidad cebollas, ajos y nueces<br \/>\nPr\u00e1ctico cuchillo el\u00e9ctrico para cortar una gran variedad de carnes y otros alimentos<br \/>\nIncluye conveniente vaso medidor para batir jugos, batidos y aderezos<br \/>\nMotor poderoso y dise\u00f1o elegante y ergon\u00f3mico<\/p>\n","protected":false},"excerpt":{"rendered":"<p>BATIDORA Y CUCHILLO ELECTRICO 2619<\/p>\n","protected":false},"featured_media":11455,"comment_status":"open","ping_status":"closed","template":"","meta":{"_acf_changed":false},"pwb-brand":[235],"product_brand":[],"product_cat":[160,157],"product_tag":[],"class_list":{"0":"post-10882","1":"product","2":"type-product","3":"status-publish","4":"has-post-thumbnail","6":"pwb-brand-oster","7":"product_cat-electromenor-batidoras","8":"product_cat-electromenor","10":"first","11":"instock","12":"shipping-taxable","13":"purchasable","14":"product-type-simple"},"acf":[],"brands":[{"id":235,"name":"OSTER","slug":"oster"}],"_links":{"self":[{"href":"https:\/\/triplex.com.bo\/index.php\/wp-json\/wp\/v2\/product\/10882","targetHints":{"allow":["GET"]}}],"collection":[{"href":"https:\/\/triplex.com.bo\/index.php\/wp-json\/wp\/v2\/product"}],"about":[{"href":"https:\/\/triplex.com.bo\/index.php\/wp-json\/wp\/v2\/types\/product"}],"replies":[{"embeddable":true,"href":"https:\/\/triplex.com.bo\/index.php\/wp-json\/wp\/v2\/comments?post=10882"}],"wp:featuredmedia":[{"embeddable":true,"href":"https:\/\/triplex.com.bo\/index.php\/wp-json\/wp\/v2\/media\/11455"}],"wp:attachment":[{"href":"https:\/\/triplex.com.bo\/index.php\/wp-json\/wp\/v2\/media?parent=10882"}],"wp:term":[{"taxonomy":"pwb-brand","embeddable":true,"href":"https:\/\/triplex.com.bo\/index.php\/wp-json\/wp\/v2\/pwb-brand?post=10882"},{"taxonomy":"product_brand","embeddable":true,"href":"https:\/\/triplex.com.bo\/index.php\/wp-json\/wp\/v2\/product_brand?post=10882"},{"taxonomy":"product_cat","embeddable":true,"href":"https:\/\/triplex.com.bo\/index.php\/wp-json\/wp\/v2\/product_cat?post=10882"},{"taxonomy":"product_tag","embeddable":true,"href":"https:\/\/triplex.com.bo\/index.php\/wp-json\/wp\/v2\/product_tag?post=10882"}],"curies":[{"name":"wp","href":"https:\/\/api.w.org\/{rel}","templated":true}]}}