{"id":10846,"date":"2022-12-16T12:27:37","date_gmt":"2022-12-16T12:27:37","guid":{"rendered":"https:\/\/triplex.com.bo\/index.php\/product\/batidora-de-mano-5-velocidades-oster\/"},"modified":"2024-11-08T22:19:19","modified_gmt":"2024-11-09T02:19:19","slug":"batidora-de-mano-5-velocidades-oster","status":"publish","type":"product","link":"https:\/\/triplex.com.bo\/index.php\/product\/batidora-de-mano-5-velocidades-oster\/","title":{"rendered":"BATIDORA DE MANO 5 VELOCIDADES OSTER"},"content":{"rendered":"<p>Funci\u00f3n de potencia adicional aumenta la velocidad de los batidores con s\u00f3lo tocar un bot\u00f3n<br \/>\nM\u00e1xima versatilidad con los batidores y ganchos amasadores<br \/>\nBot\u00f3n de un solo toque que expulsa f\u00e1cilmente los batidores<br \/>\nDise\u00f1o moderno y elegante le brinda un toque especial a la cocina<br \/>\n5 velocidades para mayor control<br \/>\nMango ergon\u00f3mico para un mejor equilibrio y control de la batidora<br \/>\nConveniente base inclinada para mayor estabilidad<\/p>\n","protected":false},"excerpt":{"rendered":"<p>BATIDORA DE MANO 5 VELOCIDADES OSTER<\/p>\n","protected":false},"featured_media":12424,"comment_status":"open","ping_status":"closed","template":"","meta":{"_acf_changed":false},"pwb-brand":[235],"product_brand":[],"product_cat":[160,157],"product_tag":[],"class_list":{"0":"post-10846","1":"product","2":"type-product","3":"status-publish","4":"has-post-thumbnail","6":"pwb-brand-oster","7":"product_cat-electromenor-batidoras","8":"product_cat-electromenor","10":"first","11":"outofstock","12":"sold-individually","13":"shipping-taxable","14":"purchasable","15":"product-type-simple"},"acf":[],"brands":[{"id":235,"name":"OSTER","slug":"oster"}],"_links":{"self":[{"href":"https:\/\/triplex.com.bo\/index.php\/wp-json\/wp\/v2\/product\/10846","targetHints":{"allow":["GET"]}}],"collection":[{"href":"https:\/\/triplex.com.bo\/index.php\/wp-json\/wp\/v2\/product"}],"about":[{"href":"https:\/\/triplex.com.bo\/index.php\/wp-json\/wp\/v2\/types\/product"}],"replies":[{"embeddable":true,"href":"https:\/\/triplex.com.bo\/index.php\/wp-json\/wp\/v2\/comments?post=10846"}],"wp:featuredmedia":[{"embeddable":true,"href":"https:\/\/triplex.com.bo\/index.php\/wp-json\/wp\/v2\/media\/12424"}],"wp:attachment":[{"href":"https:\/\/triplex.com.bo\/index.php\/wp-json\/wp\/v2\/media?parent=10846"}],"wp:term":[{"taxonomy":"pwb-brand","embeddable":true,"href":"https:\/\/triplex.com.bo\/index.php\/wp-json\/wp\/v2\/pwb-brand?post=10846"},{"taxonomy":"product_brand","embeddable":true,"href":"https:\/\/triplex.com.bo\/index.php\/wp-json\/wp\/v2\/product_brand?post=10846"},{"taxonomy":"product_cat","embeddable":true,"href":"https:\/\/triplex.com.bo\/index.php\/wp-json\/wp\/v2\/product_cat?post=10846"},{"taxonomy":"product_tag","embeddable":true,"href":"https:\/\/triplex.com.bo\/index.php\/wp-json\/wp\/v2\/product_tag?post=10846"}],"curies":[{"name":"wp","href":"https:\/\/api.w.org\/{rel}","templated":true}]}}