{"id":10840,"date":"2022-12-16T12:27:24","date_gmt":"2022-12-16T12:27:24","guid":{"rendered":"https:\/\/triplex.com.bo\/index.php\/product\/batidora-c-plato-blanca-oster-02610\/"},"modified":"2025-04-15T14:35:33","modified_gmt":"2025-04-15T18:35:33","slug":"batidora-c-plato-blanca-oster-02610","status":"publish","type":"product","link":"https:\/\/triplex.com.bo\/index.php\/product\/batidora-c-plato-blanca-oster-02610\/","title":{"rendered":"BATIDORA C PLATO BLANCA OSTER 02610"},"content":{"rendered":"<p>Batidora de mano y pedestal Oster\u00ae<br \/>\nblanca con taz\u00f3n de pl\u00e1stico<br \/>\nModelo: 002610<br \/>\nMango ergon\u00f3mico para un mejor equilibrio y control de su batidora<br \/>\nFunci\u00f3n de mezclado que aumenta autom\u00e1ticamente la velocidad para una mejor consistencia de<br \/>\nla mezcla<br \/>\nPr\u00e1ctico bot\u00f3n de un solo toque que expulsa f\u00e1cilmente los batidores<br \/>\nLa cabeza de la Batidora se separa de la base para usarse como batidora de mano<br \/>\nExcelente rendimiento y potencia gracias a su motor de 250 watts<br \/>\n6 velocidades<br \/>\nIncluye batidores resistentes de tama\u00f1o normal y ganchos para masa, para una mayor<br \/>\nversatilidad<br \/>\nTaz\u00f3n de pl\u00e1stico giratorio de 2,5 litros de capacidad<\/p>\n","protected":false},"excerpt":{"rendered":"<p>Batidora de mano y pedestal Oster\u00ae blanca con taz\u00f3n de pl\u00e1stico<\/p>\n","protected":false},"featured_media":12426,"comment_status":"open","ping_status":"closed","template":"","meta":{"_acf_changed":false},"pwb-brand":[235],"product_brand":[],"product_cat":[160,157],"product_tag":[],"class_list":{"0":"post-10840","1":"product","2":"type-product","3":"status-publish","4":"has-post-thumbnail","6":"pwb-brand-oster","7":"product_cat-electromenor-batidoras","8":"product_cat-electromenor","10":"first","11":"instock","12":"shipping-taxable","13":"purchasable","14":"product-type-simple"},"acf":[],"brands":[{"id":235,"name":"OSTER","slug":"oster"}],"_links":{"self":[{"href":"https:\/\/triplex.com.bo\/index.php\/wp-json\/wp\/v2\/product\/10840","targetHints":{"allow":["GET"]}}],"collection":[{"href":"https:\/\/triplex.com.bo\/index.php\/wp-json\/wp\/v2\/product"}],"about":[{"href":"https:\/\/triplex.com.bo\/index.php\/wp-json\/wp\/v2\/types\/product"}],"replies":[{"embeddable":true,"href":"https:\/\/triplex.com.bo\/index.php\/wp-json\/wp\/v2\/comments?post=10840"}],"wp:featuredmedia":[{"embeddable":true,"href":"https:\/\/triplex.com.bo\/index.php\/wp-json\/wp\/v2\/media\/12426"}],"wp:attachment":[{"href":"https:\/\/triplex.com.bo\/index.php\/wp-json\/wp\/v2\/media?parent=10840"}],"wp:term":[{"taxonomy":"pwb-brand","embeddable":true,"href":"https:\/\/triplex.com.bo\/index.php\/wp-json\/wp\/v2\/pwb-brand?post=10840"},{"taxonomy":"product_brand","embeddable":true,"href":"https:\/\/triplex.com.bo\/index.php\/wp-json\/wp\/v2\/product_brand?post=10840"},{"taxonomy":"product_cat","embeddable":true,"href":"https:\/\/triplex.com.bo\/index.php\/wp-json\/wp\/v2\/product_cat?post=10840"},{"taxonomy":"product_tag","embeddable":true,"href":"https:\/\/triplex.com.bo\/index.php\/wp-json\/wp\/v2\/product_tag?post=10840"}],"curies":[{"name":"wp","href":"https:\/\/api.w.org\/{rel}","templated":true}]}}