{"id":10745,"date":"2022-12-16T12:22:19","date_gmt":"2022-12-16T12:22:19","guid":{"rendered":"https:\/\/triplex.com.bo\/index.php\/product\/set-panquequeras-3-pzs-azul-os-3316-b\/"},"modified":"2025-03-05T10:26:36","modified_gmt":"2025-03-05T14:26:36","slug":"set-panquequeras-3-pzs-azul-os-3316-b","status":"publish","type":"product","link":"https:\/\/triplex.com.bo\/index.php\/product\/set-panquequeras-3-pzs-azul-os-3316-b\/","title":{"rendered":"SET PANQUEQUERAS 3 PZS AZUL OS-3316-B"},"content":{"rendered":"<p>Set De 3 Piezas Panquequera Oster Inducci\u00f3n Azul<br \/>\nModelo OS-3316B<br \/>\nInterior de cer\u00e1mica no contamina los alimentos.<br \/>\n2 capas de antiadherente de cer\u00e1mica para calentar m\u00e1s r\u00e1pido.<br \/>\nAluminio de 2,5 mm para distribuci\u00f3n \u00f3ptima del calor.<\/p>\n","protected":false},"excerpt":{"rendered":"<p>SET PANQUEQUERAS 3 PZS AZUL OS-3316-B<\/p>\n","protected":false},"featured_media":11571,"comment_status":"open","ping_status":"closed","template":"","meta":{"_acf_changed":false},"pwb-brand":[235],"product_brand":[],"product_cat":[204],"product_tag":[],"class_list":{"0":"post-10745","1":"product","2":"type-product","3":"status-publish","4":"has-post-thumbnail","6":"pwb-brand-oster","7":"product_cat-ollas-y-sartenes","9":"first","10":"instock","11":"shipping-taxable","12":"purchasable","13":"product-type-simple"},"acf":[],"brands":[{"id":235,"name":"OSTER","slug":"oster"}],"_links":{"self":[{"href":"https:\/\/triplex.com.bo\/index.php\/wp-json\/wp\/v2\/product\/10745","targetHints":{"allow":["GET"]}}],"collection":[{"href":"https:\/\/triplex.com.bo\/index.php\/wp-json\/wp\/v2\/product"}],"about":[{"href":"https:\/\/triplex.com.bo\/index.php\/wp-json\/wp\/v2\/types\/product"}],"replies":[{"embeddable":true,"href":"https:\/\/triplex.com.bo\/index.php\/wp-json\/wp\/v2\/comments?post=10745"}],"wp:featuredmedia":[{"embeddable":true,"href":"https:\/\/triplex.com.bo\/index.php\/wp-json\/wp\/v2\/media\/11571"}],"wp:attachment":[{"href":"https:\/\/triplex.com.bo\/index.php\/wp-json\/wp\/v2\/media?parent=10745"}],"wp:term":[{"taxonomy":"pwb-brand","embeddable":true,"href":"https:\/\/triplex.com.bo\/index.php\/wp-json\/wp\/v2\/pwb-brand?post=10745"},{"taxonomy":"product_brand","embeddable":true,"href":"https:\/\/triplex.com.bo\/index.php\/wp-json\/wp\/v2\/product_brand?post=10745"},{"taxonomy":"product_cat","embeddable":true,"href":"https:\/\/triplex.com.bo\/index.php\/wp-json\/wp\/v2\/product_cat?post=10745"},{"taxonomy":"product_tag","embeddable":true,"href":"https:\/\/triplex.com.bo\/index.php\/wp-json\/wp\/v2\/product_tag?post=10745"}],"curies":[{"name":"wp","href":"https:\/\/api.w.org\/{rel}","templated":true}]}}