{"id":10587,"date":"2022-12-16T11:52:57","date_gmt":"2022-12-16T11:52:57","guid":{"rendered":"https:\/\/triplex.com.bo\/index.php\/product\/barra-de-sonido-skyworth-live2\/"},"modified":"2025-03-24T14:58:22","modified_gmt":"2025-03-24T18:58:22","slug":"barra-de-sonido-skyworth-live2","status":"publish","type":"product","link":"https:\/\/triplex.com.bo\/index.php\/product\/barra-de-sonido-skyworth-live2\/","title":{"rendered":"BARRA DE SONIDO SKYWORTH LIVE2"},"content":{"rendered":"<p>Sobre este art\u00edculo<br \/>\nDise\u00f1o compacto y elegante: 16.54 x 2.41 x 2.54 pulgadas. Los mini altavoces rectangulares de escritorio alimentados por USB con elevaci\u00f3n de 8 grados est\u00e1n dise\u00f1ados para caber debajo de tu computadora y los coloridos efectos de iluminaci\u00f3n a\u00f1adir\u00e1n algunas vibraciones a tu reuni\u00f3n.<br \/>\nCompatible con muchos dispositivos: Plug and Play. Nuestros altavoces de computadora con un conector de 0.138 in y entrada Bluetooth 5.0 son compatibles con computadoras de escritorio, computadoras, PC, port\u00e1tiles, Macs, tabletas, tel\u00e9fonos, reproductores de CD, MP3, TV y otros dispositivos de audio.<br \/>\nSistema ac\u00fastico din\u00e1mico: los altavoces de PC adoptan 2 controladores de rango completo y radiadores pasivos duales, que te proporcionan una experiencia de sonido de alta fidelidad y amplian el rango de transmisi\u00f3n de voz.<br \/>\nLa barra de sonido tiene una entrada de micr\u00f3fono de 0.138 in para escuchar en privado y una salida de auriculares de 0.138 in para una comunicaci\u00f3n instant\u00e1nea. La perilla de volumen tipo puntero frontal suave del altavoz Bluetooth facilita el acceso a tu fiesta musical.<br \/>\nSonido de cristal para cada escena: con sonido est\u00e9reo mejorado de 360\u00b0, el altavoz para la computadora proporciona un sonido de nivel de cine y de alta calidad cuando disfrutas de la m\u00fasica, la pel\u00edcula y el juego en tu oficina, en tu casa, en tu fiesta y en el viaje.<br \/>\nEnerg\u00eda: 100V ~240V 50\/60Hz<br \/>\nCapacidad: 30w<br \/>\nCSonido: Digital DSP<br \/>\nResoluci\u00f3n: &gt;45db<br \/>\nRango de respuesta de frecuencia: 60Hz \u2013 18KHz<br \/>\nFunciones<br \/>\nInterface: Bluetooth 5.0, Coaxial, Optico, USB, HDMI, ARC<br \/>\nPantalla: T\u00e1ctil<br \/>\nDimensiones<br \/>\nBarra: 98 x 100 x 3.9 cm<br \/>\nSubwofer: 24 x24 x 29 cm<br \/>\nPeso: 3.3<br \/>\nAccesorios:<br \/>\nControl remoto S\u00ed<\/p>\n","protected":false},"excerpt":{"rendered":"<p>BARRA DE SONIDO SKYWORTH LIVE2<\/p>\n","protected":false},"featured_media":10586,"comment_status":"open","ping_status":"closed","template":"","meta":{"_acf_changed":false},"pwb-brand":[355],"product_brand":[],"product_cat":[402,137],"product_tag":[],"class_list":{"0":"post-10587","1":"product","2":"type-product","3":"status-publish","4":"has-post-thumbnail","6":"pwb-brand-skyworth","7":"product_cat-barras-de-sonido","8":"product_cat-audio","10":"first","11":"instock","12":"shipping-taxable","13":"purchasable","14":"product-type-simple"},"acf":[],"brands":[{"id":355,"name":"SKYWORTH","slug":"skyworth"}],"_links":{"self":[{"href":"https:\/\/triplex.com.bo\/index.php\/wp-json\/wp\/v2\/product\/10587","targetHints":{"allow":["GET"]}}],"collection":[{"href":"https:\/\/triplex.com.bo\/index.php\/wp-json\/wp\/v2\/product"}],"about":[{"href":"https:\/\/triplex.com.bo\/index.php\/wp-json\/wp\/v2\/types\/product"}],"replies":[{"embeddable":true,"href":"https:\/\/triplex.com.bo\/index.php\/wp-json\/wp\/v2\/comments?post=10587"}],"wp:featuredmedia":[{"embeddable":true,"href":"https:\/\/triplex.com.bo\/index.php\/wp-json\/wp\/v2\/media\/10586"}],"wp:attachment":[{"href":"https:\/\/triplex.com.bo\/index.php\/wp-json\/wp\/v2\/media?parent=10587"}],"wp:term":[{"taxonomy":"pwb-brand","embeddable":true,"href":"https:\/\/triplex.com.bo\/index.php\/wp-json\/wp\/v2\/pwb-brand?post=10587"},{"taxonomy":"product_brand","embeddable":true,"href":"https:\/\/triplex.com.bo\/index.php\/wp-json\/wp\/v2\/product_brand?post=10587"},{"taxonomy":"product_cat","embeddable":true,"href":"https:\/\/triplex.com.bo\/index.php\/wp-json\/wp\/v2\/product_cat?post=10587"},{"taxonomy":"product_tag","embeddable":true,"href":"https:\/\/triplex.com.bo\/index.php\/wp-json\/wp\/v2\/product_tag?post=10587"}],"curies":[{"name":"wp","href":"https:\/\/api.w.org\/{rel}","templated":true}]}}