{"id":10561,"date":"2022-12-16T11:51:35","date_gmt":"2022-12-16T11:51:35","guid":{"rendered":"https:\/\/triplex.com.bo\/index.php\/product\/cocina-encimera-4h-asiatico-junior-braslar\/"},"modified":"2025-03-20T15:33:21","modified_gmt":"2025-03-20T19:33:21","slug":"cocina-encimera-4h-asiatico-junior-braslar","status":"publish","type":"product","link":"https:\/\/triplex.com.bo\/index.php\/product\/cocina-encimera-4h-asiatico-junior-braslar\/","title":{"rendered":"COCINA ENCIMERA 4H ASIATICO JUNIOR BRASLAR"},"content":{"rendered":"<p>Estufa Portatil 4 Quemadores Asiatico Junior Braslar<br \/>\nCocinar no es solo una necesidad sino tambi\u00e9n un placer. Independientemente de tu vocaci\u00f3n, en este momento, la practicidad y el estilo marcan la diferencia Practicidad Las estufas de gas asi\u00e1ticas son muy pr\u00e1cticas y port\u00e1tiles, principalmente porque aceptan cualquier tipo de sart\u00e9n. La movilidad permite conectarlo a cualquier toma de gas<br \/>\nHorno No<br \/>\nFabricante Braslar<br \/>\nDimensiones del producto \u2013 cm (HxWxD) 20 x 48,5 x 56,5<br \/>\nMaterial\/Composici\u00f3n acero y acero inoxidable<br \/>\nPotencia (W) 8,91 kw<br \/>\nEncendido autom\u00e1tico No<br \/>\nPresi\u00f3n 2,75 kpa<br \/>\nMarca Braslar<br \/>\nN\u00famero de quemadores 4<br \/>\nBandeja de residuos No<br \/>\nTipo de Funcionamiento gas GLP (cilindro de cocina tradicional)<\/p>\n","protected":false},"excerpt":{"rendered":"<p>Braslar Eletros tiene la soluci\u00f3n ideal para su cocina a trav\u00e9s de nuestra l\u00ednea asi\u00e1tica, ya que optimiza el espacio, genera comodidad y embellece su cocina.<\/p>\n","protected":false},"featured_media":13349,"comment_status":"open","ping_status":"closed","template":"","meta":{"_acf_changed":false},"pwb-brand":[353],"product_brand":[],"product_cat":[156],"product_tag":[],"class_list":{"0":"post-10561","1":"product","2":"type-product","3":"status-publish","4":"has-post-thumbnail","6":"pwb-brand-brasla","7":"product_cat-cocinas-empotrables","9":"first","10":"outofstock","11":"shipping-taxable","12":"purchasable","13":"product-type-simple"},"acf":[],"brands":[{"id":353,"name":"BRASLA","slug":"brasla"}],"_links":{"self":[{"href":"https:\/\/triplex.com.bo\/index.php\/wp-json\/wp\/v2\/product\/10561","targetHints":{"allow":["GET"]}}],"collection":[{"href":"https:\/\/triplex.com.bo\/index.php\/wp-json\/wp\/v2\/product"}],"about":[{"href":"https:\/\/triplex.com.bo\/index.php\/wp-json\/wp\/v2\/types\/product"}],"replies":[{"embeddable":true,"href":"https:\/\/triplex.com.bo\/index.php\/wp-json\/wp\/v2\/comments?post=10561"}],"wp:featuredmedia":[{"embeddable":true,"href":"https:\/\/triplex.com.bo\/index.php\/wp-json\/wp\/v2\/media\/13349"}],"wp:attachment":[{"href":"https:\/\/triplex.com.bo\/index.php\/wp-json\/wp\/v2\/media?parent=10561"}],"wp:term":[{"taxonomy":"pwb-brand","embeddable":true,"href":"https:\/\/triplex.com.bo\/index.php\/wp-json\/wp\/v2\/pwb-brand?post=10561"},{"taxonomy":"product_brand","embeddable":true,"href":"https:\/\/triplex.com.bo\/index.php\/wp-json\/wp\/v2\/product_brand?post=10561"},{"taxonomy":"product_cat","embeddable":true,"href":"https:\/\/triplex.com.bo\/index.php\/wp-json\/wp\/v2\/product_cat?post=10561"},{"taxonomy":"product_tag","embeddable":true,"href":"https:\/\/triplex.com.bo\/index.php\/wp-json\/wp\/v2\/product_tag?post=10561"}],"curies":[{"name":"wp","href":"https:\/\/api.w.org\/{rel}","templated":true}]}}