{"id":10465,"date":"2022-12-16T11:43:55","date_gmt":"2022-12-16T11:43:55","guid":{"rendered":"https:\/\/triplex.com.bo\/index.php\/product\/bolsas-para-selladora-al-vacio\/"},"modified":"2025-06-30T16:24:23","modified_gmt":"2025-06-30T20:24:23","slug":"bolsas-para-selladora-al-vacio","status":"publish","type":"product","link":"https:\/\/triplex.com.bo\/index.php\/product\/bolsas-para-selladora-al-vacio\/","title":{"rendered":"BOLSAS PARA SELLADORA AL VACIO"},"content":{"rendered":"<p>Comida Fresca y Crujiente<br \/>\nDise\u00f1ada con 7 capas y doble sellado, eliminando as\u00ed r\u00e1pidamente el aire interior con m\u00ednima compresi\u00f3n de la comida, bloqueando el ox\u00edgeno y la humedad para mantener la m\u00e1xima frescura.<\/p>\n<p>Versatilidad<br \/>\nCrea bolsas con cumplimiento personalizado para diferentes porciones de comida y a\u00fan menos desperdicio.<\/p>\n<p>Seguridad<br \/>\nFabricado con materiales no t\u00f3xicos y seguros para su uso en alimentos. Sin el uso de pegamento qu\u00edmico en su fabricaci\u00f3n. Sin BPA y aprobado por la FDA.<\/p>\n<p>Caja fuerte multiusos para usar en congelador, refrigerador, cocinar en un ba\u00f1o de agua.<\/p>\n<p>Contiene 20 sobres precortados (22x30cm). Compatibilidad:<br \/>\nTodos los selladores al vac\u00edo<br \/>\nTemperatura de uso: -30 \u00b0 C a 110 \u00b0 C<\/p>\n","protected":false},"excerpt":{"rendered":"<p>BOLSAS PARA SELLADORA AL VACIO<\/p>\n","protected":false},"featured_media":10464,"comment_status":"open","ping_status":"closed","template":"","meta":{"_acf_changed":false},"pwb-brand":[207],"product_brand":[],"product_cat":[277],"product_tag":[],"class_list":{"0":"post-10465","1":"product","2":"type-product","3":"status-publish","4":"has-post-thumbnail","6":"pwb-brand-electrolux","7":"product_cat-accesorios","9":"first","10":"outofstock","11":"shipping-taxable","12":"purchasable","13":"product-type-simple"},"acf":[],"brands":[{"id":207,"name":"Electrolux","slug":"electrolux"}],"_links":{"self":[{"href":"https:\/\/triplex.com.bo\/index.php\/wp-json\/wp\/v2\/product\/10465","targetHints":{"allow":["GET"]}}],"collection":[{"href":"https:\/\/triplex.com.bo\/index.php\/wp-json\/wp\/v2\/product"}],"about":[{"href":"https:\/\/triplex.com.bo\/index.php\/wp-json\/wp\/v2\/types\/product"}],"replies":[{"embeddable":true,"href":"https:\/\/triplex.com.bo\/index.php\/wp-json\/wp\/v2\/comments?post=10465"}],"wp:featuredmedia":[{"embeddable":true,"href":"https:\/\/triplex.com.bo\/index.php\/wp-json\/wp\/v2\/media\/10464"}],"wp:attachment":[{"href":"https:\/\/triplex.com.bo\/index.php\/wp-json\/wp\/v2\/media?parent=10465"}],"wp:term":[{"taxonomy":"pwb-brand","embeddable":true,"href":"https:\/\/triplex.com.bo\/index.php\/wp-json\/wp\/v2\/pwb-brand?post=10465"},{"taxonomy":"product_brand","embeddable":true,"href":"https:\/\/triplex.com.bo\/index.php\/wp-json\/wp\/v2\/product_brand?post=10465"},{"taxonomy":"product_cat","embeddable":true,"href":"https:\/\/triplex.com.bo\/index.php\/wp-json\/wp\/v2\/product_cat?post=10465"},{"taxonomy":"product_tag","embeddable":true,"href":"https:\/\/triplex.com.bo\/index.php\/wp-json\/wp\/v2\/product_tag?post=10465"}],"curies":[{"name":"wp","href":"https:\/\/api.w.org\/{rel}","templated":true}]}}