{"id":10439,"date":"2022-12-16T11:42:45","date_gmt":"2022-12-16T11:42:45","guid":{"rendered":"https:\/\/triplex.com.bo\/index.php\/product\/aspiradora-ergorapido-erg27-electrolux\/"},"modified":"2025-12-02T23:10:55","modified_gmt":"2025-12-03T03:10:55","slug":"aspiradora-ergorapido-erg27-electrolux","status":"publish","type":"product","link":"https:\/\/triplex.com.bo\/index.php\/product\/aspiradora-ergorapido-erg27-electrolux\/","title":{"rendered":"ASPIRADORA ERGORAPIDO ERG27 ELECTROLUX"},"content":{"rendered":"<p>1 aspiradora vertical inal\u00e1mbrica con unidad de mano ERG27<br \/>\n1 boquilla para rincones y grietas<br \/>\n1 boquilla telesc\u00f3pica extra larga<br \/>\n1 boquilla articulada<br \/>\n1 base de carga<\/p>\n<p>Altura:\u00a0114,5cm<br \/>\nAncho:\u00a026,5cm<br \/>\nProfundidad:\u00a014,5cm<br \/>\nPeso: 3,6kg<br \/>\nBIVOLT<br \/>\n\u00a1El\u00a0aspirador 2 en 1 Ergorapido Electrolux proporciona\u00a0una limpieza instant\u00e1nea para suelos fr\u00edos!\u00a0La aspiradora ERG27 ofrece una gran potencia de succi\u00f3n, generada por su boquilla PowerPro que limpia desde las part\u00edculas de suciedad m\u00e1s peque\u00f1as hasta las m\u00e1s grandes, sin dejar nada atr\u00e1s.<\/p>\n<p>Con un gran rendimiento de filtraci\u00f3n,\u00a0la aspiradora vertical\u00a0elimina hasta el 99,9% de los \u00e1caros del polvo y las impurezas del medio ambiente, lo que mejora la calidad del aire.<\/p>\n<p>Autonom\u00eda de funcionamiento de hasta 45 minutos, gracias a su bater\u00eda de litio, el\u00a0aspirador\u00a0inal\u00e1mbrico\u00a0Ergorapido garantiza un alto rendimiento para una limpieza eficiente.\u00a0Limpia tu hogar con solo una carga de bater\u00eda.<\/p>\n<p>Adem\u00e1s, ofrece una mejor limpieza de esquinas y hendiduras: su boquilla sellada est\u00e1 m\u00e1s cerca del suelo y crea un mayor flujo de aire y succi\u00f3n, para aspirar 6 veces m\u00e1s polvo de las esquinas y hendiduras.\u00a0Con la tecnolog\u00eda EasySteer de 180 \u00b0, Ergorapido gira completamente hacia los lados, lo que facilita la limpieza de todas las esquinas.<\/p>\n<p>El modelo\u00a0Ergorapido ERG27\u00a0tiene varias caracter\u00edsticas especiales como la unidad de mano, para la limpieza de mesas, sof\u00e1s y sillas de coche, as\u00ed como accesorios para la limpieza de lugares altos de dif\u00edcil acceso.<\/p>\n<p>El Aspirador Electrolux ERG27 es la mejor compra para aquellos que no renuncian a la practicidad a la hora de limpiar.<\/p>\n","protected":false},"excerpt":{"rendered":"<p>ASPIRADORA ERGORAPIDO ERG27 ELECTROLUX<\/p>\n","protected":false},"featured_media":10438,"comment_status":"open","ping_status":"closed","template":"","meta":{"_acf_changed":false},"pwb-brand":[207],"product_brand":[],"product_cat":[158,157],"product_tag":[],"class_list":{"0":"post-10439","1":"product","2":"type-product","3":"status-publish","4":"has-post-thumbnail","6":"pwb-brand-electrolux","7":"product_cat-electromenor-aspiradoras","8":"product_cat-electromenor","10":"first","11":"instock","12":"shipping-taxable","13":"purchasable","14":"product-type-simple"},"acf":[],"brands":[{"id":207,"name":"Electrolux","slug":"electrolux"}],"_links":{"self":[{"href":"https:\/\/triplex.com.bo\/index.php\/wp-json\/wp\/v2\/product\/10439","targetHints":{"allow":["GET"]}}],"collection":[{"href":"https:\/\/triplex.com.bo\/index.php\/wp-json\/wp\/v2\/product"}],"about":[{"href":"https:\/\/triplex.com.bo\/index.php\/wp-json\/wp\/v2\/types\/product"}],"replies":[{"embeddable":true,"href":"https:\/\/triplex.com.bo\/index.php\/wp-json\/wp\/v2\/comments?post=10439"}],"wp:featuredmedia":[{"embeddable":true,"href":"https:\/\/triplex.com.bo\/index.php\/wp-json\/wp\/v2\/media\/10438"}],"wp:attachment":[{"href":"https:\/\/triplex.com.bo\/index.php\/wp-json\/wp\/v2\/media?parent=10439"}],"wp:term":[{"taxonomy":"pwb-brand","embeddable":true,"href":"https:\/\/triplex.com.bo\/index.php\/wp-json\/wp\/v2\/pwb-brand?post=10439"},{"taxonomy":"product_brand","embeddable":true,"href":"https:\/\/triplex.com.bo\/index.php\/wp-json\/wp\/v2\/product_brand?post=10439"},{"taxonomy":"product_cat","embeddable":true,"href":"https:\/\/triplex.com.bo\/index.php\/wp-json\/wp\/v2\/product_cat?post=10439"},{"taxonomy":"product_tag","embeddable":true,"href":"https:\/\/triplex.com.bo\/index.php\/wp-json\/wp\/v2\/product_tag?post=10439"}],"curies":[{"name":"wp","href":"https:\/\/api.w.org\/{rel}","templated":true}]}}