{"id":10310,"date":"2022-12-16T06:05:04","date_gmt":"2022-12-16T06:05:04","guid":{"rendered":"https:\/\/triplex.com.bo\/index.php\/product\/parlantes-sony-ct290\/"},"modified":"2024-05-18T15:55:21","modified_gmt":"2024-05-18T19:55:21","slug":"parlantes-sony-ct290","status":"publish","type":"product","link":"https:\/\/triplex.com.bo\/index.php\/product\/parlantes-sony-ct290\/","title":{"rendered":"PARLANTES SONY CT290"},"content":{"rendered":"<p>S\u00e9 el centro de tu propio universo de entretenimiento con este sistema de sonido de 2.1 canales. Con una potente salida total de 300 W, una fina barra de sonido y un vers\u00e1til subwoofer de 2 configuraciones, podr\u00e1s sentir c\u00f3mo te rodea el sonido de cine.2<br \/>\nS-Force PRO Front Surround crea un sonido cinematogr\u00e1fico<br \/>\nEl subwoofer inal\u00e1mbrico funciona de forma vertical u horizontal para una configuraci\u00f3n flexible<br \/>\nInstala tu barra de sonido en la pared para ahorrar espacio<br \/>\nConecta el televisor con un \u00fanico cable gracias a HDMI ARC<br \/>\nConectividad Bluetooth\u00ae para la transmisi\u00f3n inal\u00e1mbrica de audio<\/p>\n","protected":false},"excerpt":{"rendered":"<p>PARLANTES SONY CT290<\/p>\n","protected":false},"featured_media":11856,"comment_status":"open","ping_status":"closed","template":"","meta":{"_acf_changed":false},"pwb-brand":[224],"product_brand":[],"product_cat":[402,137],"product_tag":[],"class_list":{"0":"post-10310","1":"product","2":"type-product","3":"status-publish","4":"has-post-thumbnail","6":"pwb-brand-sony","7":"product_cat-barras-de-sonido","8":"product_cat-audio","10":"first","11":"outofstock","12":"shipping-taxable","13":"purchasable","14":"product-type-simple"},"acf":[],"brands":[{"id":224,"name":"SONY","slug":"sony"}],"_links":{"self":[{"href":"https:\/\/triplex.com.bo\/index.php\/wp-json\/wp\/v2\/product\/10310","targetHints":{"allow":["GET"]}}],"collection":[{"href":"https:\/\/triplex.com.bo\/index.php\/wp-json\/wp\/v2\/product"}],"about":[{"href":"https:\/\/triplex.com.bo\/index.php\/wp-json\/wp\/v2\/types\/product"}],"replies":[{"embeddable":true,"href":"https:\/\/triplex.com.bo\/index.php\/wp-json\/wp\/v2\/comments?post=10310"}],"wp:featuredmedia":[{"embeddable":true,"href":"https:\/\/triplex.com.bo\/index.php\/wp-json\/wp\/v2\/media\/11856"}],"wp:attachment":[{"href":"https:\/\/triplex.com.bo\/index.php\/wp-json\/wp\/v2\/media?parent=10310"}],"wp:term":[{"taxonomy":"pwb-brand","embeddable":true,"href":"https:\/\/triplex.com.bo\/index.php\/wp-json\/wp\/v2\/pwb-brand?post=10310"},{"taxonomy":"product_brand","embeddable":true,"href":"https:\/\/triplex.com.bo\/index.php\/wp-json\/wp\/v2\/product_brand?post=10310"},{"taxonomy":"product_cat","embeddable":true,"href":"https:\/\/triplex.com.bo\/index.php\/wp-json\/wp\/v2\/product_cat?post=10310"},{"taxonomy":"product_tag","embeddable":true,"href":"https:\/\/triplex.com.bo\/index.php\/wp-json\/wp\/v2\/product_tag?post=10310"}],"curies":[{"name":"wp","href":"https:\/\/api.w.org\/{rel}","templated":true}]}}