{"id":10308,"date":"2022-12-16T06:04:57","date_gmt":"2022-12-16T06:04:57","guid":{"rendered":"https:\/\/triplex.com.bo\/index.php\/product\/parlantes-sony-rt3\/"},"modified":"2025-03-20T15:14:37","modified_gmt":"2025-03-20T19:14:37","slug":"parlantes-sony-rt3","status":"publish","type":"product","link":"https:\/\/triplex.com.bo\/index.php\/product\/parlantes-sony-rt3\/","title":{"rendered":"PARLANTES SONY RT3"},"content":{"rendered":"<p>La Sony HTRT3 no es solo una barra de sonido, sino que se trata de un completo sistema de sonido envolvente 5.1 que tambi\u00e9n incluye dos altavoces posteriores y un subwoofer dedicado a sonidos graves. Desde nuestro punto de vista, esta configuraci\u00f3n proporciona un sonido perfecto para aquellos que quieran disfrutar al m\u00e1ximo todas las pel\u00edculas, m\u00fasica, videojuegos o deportes sin tener que hacer un gran desembolso. Antes de entrar en detalles con este an\u00e1lisis, vamos a ver los elementos que se incluyen en el embalaje:<br \/>\nBarra de sonido Sony HTRT3<br \/>\nSubwoofer externo<br \/>\n2 Altavoces externos<br \/>\nCable de alimentaci\u00f3n<br \/>\nCable \u00f3ptico<br \/>\nMando a distancia<br \/>\nSoporte para anclar la barra en la pared en caso de ser necesario<br \/>\nDise\u00f1o exterior de la Sony HTRT3<br \/>\nEsta soundbar de la marca japonesa Sony, cuenta con un dise\u00f1o moderno y muy elegante que se integra f\u00e1cilmente con casi cualquier televisor y decoraci\u00f3n actual. Todos los elementos son de color negro y combinan muy bien tanto con colores blancos como con tonos estilo madera o incluso oscuros.<\/p>\n","protected":false},"excerpt":{"rendered":"<p>PARLANTES SONY RT3<\/p>\n","protected":false},"featured_media":11859,"comment_status":"open","ping_status":"closed","template":"","meta":{"_acf_changed":false},"pwb-brand":[224],"product_brand":[],"product_cat":[148,137],"product_tag":[],"class_list":{"0":"post-10308","1":"product","2":"type-product","3":"status-publish","4":"has-post-thumbnail","6":"pwb-brand-sony","7":"product_cat-parlantes","8":"product_cat-audio","10":"first","11":"outofstock","12":"shipping-taxable","13":"purchasable","14":"product-type-simple"},"acf":[],"brands":[{"id":224,"name":"SONY","slug":"sony"}],"_links":{"self":[{"href":"https:\/\/triplex.com.bo\/index.php\/wp-json\/wp\/v2\/product\/10308","targetHints":{"allow":["GET"]}}],"collection":[{"href":"https:\/\/triplex.com.bo\/index.php\/wp-json\/wp\/v2\/product"}],"about":[{"href":"https:\/\/triplex.com.bo\/index.php\/wp-json\/wp\/v2\/types\/product"}],"replies":[{"embeddable":true,"href":"https:\/\/triplex.com.bo\/index.php\/wp-json\/wp\/v2\/comments?post=10308"}],"wp:featuredmedia":[{"embeddable":true,"href":"https:\/\/triplex.com.bo\/index.php\/wp-json\/wp\/v2\/media\/11859"}],"wp:attachment":[{"href":"https:\/\/triplex.com.bo\/index.php\/wp-json\/wp\/v2\/media?parent=10308"}],"wp:term":[{"taxonomy":"pwb-brand","embeddable":true,"href":"https:\/\/triplex.com.bo\/index.php\/wp-json\/wp\/v2\/pwb-brand?post=10308"},{"taxonomy":"product_brand","embeddable":true,"href":"https:\/\/triplex.com.bo\/index.php\/wp-json\/wp\/v2\/product_brand?post=10308"},{"taxonomy":"product_cat","embeddable":true,"href":"https:\/\/triplex.com.bo\/index.php\/wp-json\/wp\/v2\/product_cat?post=10308"},{"taxonomy":"product_tag","embeddable":true,"href":"https:\/\/triplex.com.bo\/index.php\/wp-json\/wp\/v2\/product_tag?post=10308"}],"curies":[{"name":"wp","href":"https:\/\/api.w.org\/{rel}","templated":true}]}}